000
CXUS56 KFGZ 010900
CF6RQE
PRELIMINARY LOCAL CLIMATOLOGICAL DATA (WS FORM: F-6)
STATION: WINDOW ROCK AZ AIRPORT
MONTH: OCTOBER
YEAR: 2020
LATITUDE: 35 39 N
LONGITUDE: 109 4 W
TEMPERATURE IN F: :PCPN: SNOW: WIND :SUNSHINE: SKY :PK WND
================================================================================
1 2 3 4 5 6A 6B 7 8 9 10 11 12 13 14 15 16 17 18
12Z AVG MX 2MIN
DY MAX MIN AVG DEP HDD CDD WTR SNW DPTH SPD SPD DIR MIN PSBL S-S WX SPD DR
================================================================================
1 85 29 57 4 8 0 0.00 M M 2.1 14 70 M M 0 20 50
2 84 29 57 4 8 0 0.00 M M 2.5 14 60 M M 0 20 60
3 84 30 57 4 8 0 0.00 M M 3.3 15 310 M M 0 20 310
4 84 31 58 6 7 0 0.00 M M 2.6 17 270 M M 0 24 260
5 83 30 57 5 8 0 0.00 M M 3.2 18 290 M M 0 28 300
6 84 28 56 4 9 0 0.00 M M 1.5 10 150 M M 0 15 150
7 84 28 56 5 9 0 0.00 M M 2.4 15 230 M M 0 23 200
8 82 29 56 5 9 0 0.00 M M 4.0 20 240 M M 0 27 230
9 80 35 58 7 7 0 0.00 M M 3.5 17 230 M M 0 23 240
10 77 32 55 5 10 0 0.00 M M 5.7 21 230 M M 0 27 220
11 74 37 56 6 9 0 0.00 M M 9.0 26 260 M M 0 36 260
12 77 26 52 2 13 0 0.00 M M 3.1 15 270 M M 0 19 240
13 81 26 54 5 11 0 0.00 M M 2.6 18 250 M M 0 24 230
14 83 27 55 6 10 0 0.00 M M 5.2 20 260 M M 0 25 270
15 80 32 56 7 9 0 0.00 M M 5.2 21 340 M M 0 27 350
16 79 25 52 4 13 0 0.00 M M 1.9 13 260 M M 0 17 270
17 78 25 52 4 13 0 0.00 M M 4.6 21 270 M M 0 28 260
18 78 27 53 5 12 0 0.00 M M 4.9 20 270 M M 0 30 250
19 79 30 55 8 10 0 0.00 M M 3.3 15 270 M M 0 20 250
20 80 28 54 7 11 0 0.00 M M 2.4 13 200 M M 0 18 260
21 77 25 51 4 14 0 0.00 M M 4.0 20 240 M M 0 24 250
22 73 31 52 6 13 0 0.00 M M 5.4 22 240 M M 0 30 310
23 73 34 54 8 11 0 0.00 M M 4.4 20 230 M M 0 26 230
24 73 41 57 11 8 0 0.00 M M 9.6 25 230 M M 0 32 240
25 70 44 57 12 8 0 0.09 M M 16.8 41 220 M M 2 8 54 220
26 45 21 33 -12 32 0 0.23 M M 9.4 23 250 M M 9 128 29 260
27 32 15 24 -21 41 0 0.08 M M 2.0 12 50 M M 7 18 15 40
28 57 16 37 -8 28 0 0.00 0.0 M 2.7 15 360 M M 0 17 10
29 64 23 44 0 21 0 0.00 0.0 0 2.8 12 100 M M 0 14 100
30 68 25 47 3 18 0 0.00 0.0 0 1.9 13 100 M M 0 21 280
31 71 25 48 4 17 0 0.00 0.0 0 2.1 13 60 M M 0 8 19 60
================================================================================
SM 2319 884 405 0 0.40 0.0 134.1 M 18
================================================================================
AV 74.8 28.5 4.3 FASTST M M 1 MAX(MPH)
MISC ----> # 41 220 # 54 220
================================================================================
NOTES:
# LAST OF SEVERAL OCCURRENCES
COLUMN 17 PEAK WIND IN M.P.H.
PRELIMINARY LOCAL CLIMATOLOGICAL DATA (WS FORM: F-6) , PAGE 2
STATION: WINDOW ROCK AZ AIRPORT
MONTH: OCTOBER
YEAR: 2020
LATITUDE: 35 39 N
LONGITUDE: 109 4 W
[TEMPERATURE DATA] [PRECIPITATION DATA] SYMBOLS USED IN COLUMN 16
AVERAGE MONTHLY: 51.7 TOTAL FOR MONTH: 0.40 1 = FOG OR MIST
DPTR FM NORMAL: 3.4 DPTR FM NORMAL: -0.65 2 = FOG REDUCING VISIBILITY
HIGHEST: 85 ON 1 GRTST 24HR 0.23 ON 26-26 TO 1/4 MILE OR LESS
LOWEST: 15 ON 27 3 = THUNDER
SNOW, ICE PELLETS, HAIL 4 = ICE PELLETS
TOTAL MONTH: 0.0 INCH 5 = HAIL
GRTST 24HR 0.0 6 = FREEZING RAIN OR DRIZZLE
GRTST DEPTH: 0 7 = DUSTSTORM OR SANDSTORM:
VSBY 1/2 MILE OR LESS
8 = SMOKE OR HAZE
[NO. OF DAYS WITH] [WEATHER - DAYS WITH] 9 = BLOWING SNOW
X = TORNADO
MAX 32 OR BELOW: 1 0.01 INCH OR MORE: 3
MAX 90 OR ABOVE: 0 0.10 INCH OR MORE: 1
MIN 32 OR BELOW: 26 0.50 INCH OR MORE: 0
MIN 0 OR BELOW: 0 1.00 INCH OR MORE: 0
[HDD (BASE 65) ]
TOTAL THIS MO. 405 CLEAR (SCALE 0-3) 29
DPTR FM NORMAL -113 PTCLDY (SCALE 4-7) 1
TOTAL FM JUL 1 531 CLOUDY (SCALE 8-10) 1
DPTR FM NORMAL -171
[CDD (BASE 65) ]
TOTAL THIS MO. 0
DPTR FM NORMAL 0 [PRESSURE DATA]
TOTAL FM JAN 1 497 HIGHEST SLP M ON M
DPTR FM NORMAL 217 LOWEST SLP 29.53 ON 25
[REMARKS]
#FINAL-10-20#