000
CXUS56 KFGZ 010910
CF6RQE
PRELIMINARY LOCAL CLIMATOLOGICAL DATA (WS FORM: F-6)
STATION: WINDOW ROCK AZ AIRPORT
MONTH: SEPTEMBER
YEAR: 2023
LATITUDE: 35 39 N
LONGITUDE: 109 4 W
TEMPERATURE IN F: :PCPN: SNOW: WIND :SUNSHINE: SKY :PK WND
================================================================================
1 2 3 4 5 6A 6B 7 8 9 10 11 12 13 14 15 16 17 18
12Z AVG MX 2MIN
DY MAX MIN AVG DEP HDD CDD WTR SNW DPTH SPD SPD DIR MIN PSBL S-S WX SPD DR
================================================================================
1 84 48 66 1 0 1 0.00 M M 5.0 23 220 M M 1 31 200
2 81 56 69 4 0 4 T M M 4.1 16 120 M M 7 3 24 140
3 82 49 66 1 0 1 0.00 M M 5.4 21 230 M M 1 28 220
4 78 47 63 -2 2 0 0.00 M M 7.1 23 220 M M 2 28 260
5 82 46 64 0 1 0 0.00 M M 3.8 18 250 M M 0 24 220
6 86 41 64 0 1 0 0.00 M M 4.9 22 230 M M 0 28 240
7 88 37 63 -1 2 0 0.00 M M 4.4 20 250 M M 0 8 26 300
8 87 41 64 0 1 0 0.00 M M 5.2 20 280 M M 0 8 25 240
9 85 43 64 1 1 0 T M M 4.7 16 320 M M 2 38 22 340
10 86 47 67 4 0 2 0.01 M M 5.5 25 260 M M 2 8 32 250
11 80 54 67 4 0 2 0.07 M M 4.8 20 10 M M 5 13 26 10
12 76 51 64 2 1 0 T M M 5.8 21 240 M M 6 26 230
13 74 49 62 0 3 0 0.08 M M 6.2 24 270 M M 6 3 32 270
14 68 46 57 -5 8 0 0.33 M M 5.2 18 360 M M 6 13 24 360
15 70 42 56 -5 9 0 T M M M 22 320 M M 3 28 320
16 77 37 57 -4 8 0 0.00 M M 2.8 13 100 M M M 17 80
17 77 42 60 0 5 0 0.25 M M 2.8 18 300 M M M 3 29 140
18 M M M M M M 0.00 M M M M M M M M M M
19 M M M M M M 0.00 M M M M M M M M M M
20 75 45 60 1 5 0 0.00 M M 4.4 21 180 M M 3 27 170
21 76 40 58 -1 7 0 0.00 M M 10.6 30 230 M M 1 8 37 210
22 79 35 57 -2 8 0 0.00 M M 8.5 23 230 M M 1 33 230
23 65 47 56 -2 9 0 0.01 M M 3.4 12 10 M M 8 15 10
24 75 36 56 -2 9 0 0.00 M M 2.4 14 320 M M 1 1 21 310
25 80 32 56 -1 9 0 0.00 M M 2.1 13 240 M M 0 18 220
26 80 31 56 -1 9 0 0.00 M M 4.6 21 240 M M 0 26 230
27 81 30 56 -1 9 0 0.00 M M 3.4 15 230 M M 0 20 230
28 78 35 57 1 8 0 0.00 M M 5.3 24 240 M M 0 8 32 240
29 80 35 58 2 7 0 0.00 M M 6.5 21 220 M M 0 28 220
30 82 36 59 4 6 0 T M M 8.2 30 190 M M 1 39 190
================================================================================
SM 2212 1178 128 10 0.75 M 137.1 M 56
================================================================================
AV 79.0 42.1 5.1 FASTST M M 2 MAX(MPH)
MISC ----> # 30 230 39 190
================================================================================
NOTES:
# LAST OF SEVERAL OCCURRENCES
COLUMN 17 PEAK WIND IN M.P.H.
PRELIMINARY LOCAL CLIMATOLOGICAL DATA (WS FORM: F-6) , PAGE 2
STATION: WINDOW ROCK AZ AIRPORT
MONTH: SEPTEMBER
YEAR: 2023
LATITUDE: 35 39 N
LONGITUDE: 109 4 W
[TEMPERATURE DATA] [PRECIPITATION DATA] SYMBOLS USED IN COLUMN 16
AVERAGE MONTHLY: 60.5 TOTAL FOR MONTH: 0.75 1 = FOG OR MIST
DPTR FM NORMAL: -0.3 DPTR FM NORMAL: -0.59 2 = FOG REDUCING VISIBILITY
HIGHEST: 88 ON 7 GRTST 24HR 0.34 ON 13-14 TO 1/4 MILE OR LESS
LOWEST: 30 ON 27 3 = THUNDER
SNOW, ICE PELLETS, HAIL 4 = ICE PELLETS
TOTAL MONTH: M 5 = HAIL
GRTST 24HR M ON M 6 = FREEZING RAIN OR DRIZZLE
GRTST DEPTH: M ON M 7 = DUSTSTORM OR SANDSTORM:
VSBY 1/2 MILE OR LESS
8 = SMOKE OR HAZE
[NO. OF DAYS WITH] [WEATHER - DAYS WITH] 9 = BLOWING SNOW
X = TORNADO
MAX 32 OR BELOW: 0 0.01 INCH OR MORE: 6
MAX 90 OR ABOVE: 0 0.10 INCH OR MORE: 2
MIN 32 OR BELOW: 3 0.50 INCH OR MORE: 0
MIN 0 OR BELOW: 0 1.00 INCH OR MORE: 0
[HDD (BASE 65) ]
TOTAL THIS MO. 128 CLEAR (SCALE 0-3) 18
DPTR FM NORMAL -14 PTCLDY (SCALE 4-7) 8
TOTAL FM JUL 1 129 CLOUDY (SCALE 8-10) 4
DPTR FM NORMAL -24
[CDD (BASE 65) ]
TOTAL THIS MO. 10
DPTR FM NORMAL -6 [PRESSURE DATA]
TOTAL FM JAN 1 387 HIGHEST SLP M ON M
DPTR FM NORMAL -26 LOWEST SLP 29.64 ON 30
[REMARKS]
#FINAL-09-23#