000
CXUS53 KGRB 160733
CF6RRL
PRELIMINARY LOCAL CLIMATOLOGICAL DATA (WS FORM: F-6)
STATION: MERRILL MUNICIPAL AI
MONTH: JULY
YEAR: 2020
LATITUDE: 45 10 N
LONGITUDE: 89 42 W
TEMPERATURE IN F: :PCPN: SNOW: WIND :SUNSHINE: SKY :PK WND
================================================================================
1 2 3 4 5 6A 6B 7 8 9 10 11 12 13 14 15 16 17 18
12Z AVG MX 2MIN
DY MAX MIN AVG DEP HDD CDD WTR SNW DPTH SPD SPD DIR MIN PSBL S-S WX SPD DR
================================================================================
1 86 60 73 M 0 8 0.00 0.0 0 3.6 10 150 M M 2 1 M M
2 88 55 72 M 0 7 0.01 0.0 0 2.2 16 90 M M 2 1 22 90
3 89 60 75 M 0 10 0.00 0.0 0 2.2 7 100 M M 2 1 M M
4 87 58 73 M 0 8 0.00 0.0 0 1.2 6 270 M M 3 1 M M
5 89 60 75 M 0 10 0.00 0.0 0 1.9 7 310 M M 3 1 M M
6 88 60 74 M 0 9 0.12 0.0 0 3.8 16 280 M M 3 18 20 280
7 85 62 74 M 0 9 0.00 0.0 0 1.0 7 240 M M 3 12 M M
8 88 59 74 M 0 9 0.00 0.0 0 3.3 10 240 M M 4 12 20 210
9 76 64 70 M 0 5 1.41 0.0 0 4.7 24 10 M M 8 31 10
10 81 65 73 M 0 8 0.06 0.0 0 5.8 13 340 M M 4 16 310
11 81 57 69 M 0 4 0.00 0.0 0 3.9 12 330 M M 3 18 10 340
12 77 52 65 M 0 0 0.00 0.0 0 4.2 13 340 M M 2 20 50
13 81 48 65 M 0 0 0.00 0.0 0 3.3 9 160 M M 2 M M
14 78 61 70 M 0 5 2.12 0.0 0 6.6 13 180 M M 9 20 190
15 73 52 63 M 2 0 0.00 0.0 0 1.5 8 170 M M 2 12 M M
================================================================================
SM 1247 873 2 92 3.72 0.0 49.2 M 52
================================================================================
AV 83.1 58.2 3.3 FASTST M M 3 MAX(MPH)
MISC ----> # 24 10 # 31 10
================================================================================
NOTES:
# LAST OF SEVERAL OCCURRENCES
COLUMN 17 PEAK WIND IN M.P.H.
PRELIMINARY LOCAL CLIMATOLOGICAL DATA (WS FORM: F-6) , PAGE 2
STATION: MERRILL MUNICIPAL AI
MONTH: JULY
YEAR: 2020
LATITUDE: 45 10 N
LONGITUDE: 89 42 W
[TEMPERATURE DATA] [PRECIPITATION DATA] SYMBOLS USED IN COLUMN 16
AVERAGE MONTHLY: 70.7 TOTAL FOR MONTH: 3.72 1 = FOG OR MIST
DPTR FM NORMAL: M DPTR FM NORMAL: M 2 = FOG REDUCING VISIBILITY
HIGHEST: 89 ON 5, 3 GRTST 24HR 2.12 ON 14-14 TO 1/4 MILE OR LESS
LOWEST: 48 ON 13 3 = THUNDER
SNOW, ICE PELLETS, HAIL 4 = ICE PELLETS
TOTAL MONTH: 0.0 INCH 5 = HAIL
GRTST 24HR 0.0 6 = FREEZING RAIN OR DRIZZLE
GRTST DEPTH: 0 7 = DUSTSTORM OR SANDSTORM:
VSBY 1/2 MILE OR LESS
8 = SMOKE OR HAZE
[NO. OF DAYS WITH] [WEATHER - DAYS WITH] 9 = BLOWING SNOW
X = TORNADO
MAX 32 OR BELOW: 0 0.01 INCH OR MORE: 5
MAX 90 OR ABOVE: 0 0.10 INCH OR MORE: 3
MIN 32 OR BELOW: 0 0.50 INCH OR MORE: 2
MIN 0 OR BELOW: 0 1.00 INCH OR MORE: 2
[HDD (BASE 65) ]
TOTAL THIS MO. 2 CLEAR (SCALE 0-3) 9
DPTR FM NORMAL M PTCLDY (SCALE 4-7) 5
TOTAL FM JUL 1 2 CLOUDY (SCALE 8-10) 1
DPTR FM NORMAL M
[CDD (BASE 65) ]
TOTAL THIS MO. 92
DPTR FM NORMAL M [PRESSURE DATA]
TOTAL FM JAN 1 178 HIGHEST SLP M ON M
DPTR FM NORMAL 178 LOWEST SLP M ON M
[REMARKS]