000
CXUS53 KARX 010930
CF6RST
PRELIMINARY LOCAL CLIMATOLOGICAL DATA (WS FORM: F-6)
STATION: ROCHESTER MN
MONTH: JULY
YEAR: 2020
LATITUDE: 43 55 N
LONGITUDE: 92 30 W
TEMPERATURE IN F: :PCPN: SNOW: WIND :SUNSHINE: SKY :PK WND
================================================================================
1 2 3 4 5 6A 6B 7 8 9 10 11 12 13 14 15 16 17 18
12Z AVG MX 2MIN
DY MAX MIN AVG DEP HDD CDD WTR SNW DPTH SPD SPD DIR MIN PSBL S-S WX SPD DR
================================================================================
1 84 68 76 5 0 11 0.00 0.0 0 6.1 15 120 M M 2 12 22 120
2 87 67 77 6 0 12 0.00 0.0 0 5.4 10 130 M M 1 1 16 140
3 88 64 76 5 0 11 0.00 0.0 0 4.3 10 80 M M 0 14 70
4 89 67 78 6 0 13 0.00 0.0 0 3.8 12 10 M M 2 1 17 320
5 89 67 78 6 0 13 0.00 0.0 0 6.0 14 230 M M 1 1 17 230
6 88 68 78 6 0 13 0.00 0.0 0 7.1 17 270 M M 1 22 210
7 87 68 78 6 0 13 0.02 0.0 0 5.6 16 230 M M 2 3 22 170
8 91 69 80 8 0 15 0.00 0.0 0 10.6 22 190 M M 1 1 30 190
9 81 65 73 1 0 8 1.07 0.0 0 8.5 33 260 M M 4 13 42 260
10 81 63 72 0 0 7 0.00 0.0 0 8.4 18 270 M M 0 1 25 270
11 84 62 73 1 0 8 1.00 0.0 0 6.8 35 320 M M 3 13 45 320
12 80 60 70 -2 0 5 0.00 0.0 0 6.3 15 340 M M 1 19 340
13 82 60 71 -1 0 6 0.00 0.0 0 10.2 17 160 M M 2 29 160
14 80 61 71 -1 0 6 0.57 0.0 0 10.8 25 350 M M 7 13 35 350
15 70 54 62 -10 3 0 T 0.0 0 4.5 13 80 M M 2 1 17 70
16 78 49 64 -8 1 0 0.00 0.0 0 8.1 16 170 M M 0 21 210
17 84 62 73 1 0 8 0.00 0.0 0 10.8 18 170 M M 4 26 160
18 87 66 77 5 0 12 0.49 0.0 0 15.5 30 220 M M 4 13 40 230
19 79 60 70 -1 0 5 0.00 0.0 0 12.5 25 310 M M 2 32 280
20 80 58 69 -2 0 4 0.00 0.0 0 3.7 9 150 M M 1 11 150
21 80 62 71 0 0 6 0.00 0.0 0 9.1 16 170 M M 5 22 160
22 73 55 64 -7 1 0 0.00 0.0 0 8.1 16 350 M M 3 21 350
23 79 53 66 -5 0 1 0.00 0.0 0 6.0 12 140 M M 2 12 17 140
24 86 64 75 4 0 10 0.00 0.0 0 12.2 21 180 M M 2 27 160
25 87 73 80 9 0 15 T 0.0 0 13.3 18 210 M M 3 3 25 180
26 82 67 75 4 0 10 0.56 0.0 0 7.6 17 260 M M 6 13 24 270
27 80 59 70 -1 0 5 0.00 0.0 0 9.9 20 300 M M 1 29 290
28 81 62 72 1 0 7 0.15 0.0 0 9.0 24 230 M M 4 1 33 230
29 84 59 72 1 0 7 0.00 0.0 0 5.8 10 20 M M 1 15 330
30 78 60 69 -2 0 4 0.00 0.0 0 9.6 18 20 M M 0 24 10
31 82 56 69 -2 0 4 0.00 0.0 0 4.9 12 20 M M 1 15 30
================================================================================
SM 2561 1928 5 239 3.86 0.0 250.5 M 68
================================================================================
AV 82.6 62.2 8.1 FASTST M M 2 MAX(MPH)
MISC ----> # 35 320 # 45 320
================================================================================
NOTES:
# LAST OF SEVERAL OCCURRENCES
COLUMN 17 PEAK WIND IN M.P.H.
PRELIMINARY LOCAL CLIMATOLOGICAL DATA (WS FORM: F-6) , PAGE 2
STATION: ROCHESTER MN
MONTH: JULY
YEAR: 2020
LATITUDE: 43 55 N
LONGITUDE: 92 30 W
[TEMPERATURE DATA] [PRECIPITATION DATA] SYMBOLS USED IN COLUMN 16
AVERAGE MONTHLY: 72.4 TOTAL FOR MONTH: 3.86 1 = FOG OR MIST
DPTR FM NORMAL: 1.0 DPTR FM NORMAL: -0.69 2 = FOG REDUCING VISIBILITY
HIGHEST: 91 ON 8 GRTST 24HR 1.07 ON 9- 9 TO 1/4 MILE OR LESS
LOWEST: 49 ON 16 3 = THUNDER
SNOW, ICE PELLETS, HAIL 4 = ICE PELLETS
TOTAL MONTH: 0.0 INCH 5 = HAIL
GRTST 24HR 0.0 6 = FREEZING RAIN OR DRIZZLE
GRTST DEPTH: 0 7 = DUSTSTORM OR SANDSTORM:
VSBY 1/2 MILE OR LESS
8 = SMOKE OR HAZE
[NO. OF DAYS WITH] [WEATHER - DAYS WITH] 9 = BLOWING SNOW
X = TORNADO
MAX 32 OR BELOW: 0 0.01 INCH OR MORE: 7
MAX 90 OR ABOVE: 1 0.10 INCH OR MORE: 6
MIN 32 OR BELOW: 0 0.50 INCH OR MORE: 4
MIN 0 OR BELOW: 0 1.00 INCH OR MORE: 2
[HDD (BASE 65) ]
TOTAL THIS MO. 5 CLEAR (SCALE 0-3) 22
DPTR FM NORMAL -6 PTCLDY (SCALE 4-7) 9
TOTAL FM JUL 1 5 CLOUDY (SCALE 8-10) 0
DPTR FM NORMAL -6
[CDD (BASE 65) ]
TOTAL THIS MO. 239
DPTR FM NORMAL 32 [PRESSURE DATA]
TOTAL FM JAN 1 434 HIGHEST SLP 30.17 ON 23
DPTR FM NORMAL 63 LOWEST SLP 29.69 ON 18
[REMARKS]
#FINAL-07-20#