349
CDUS43 KARX 240630
CLIRST


CLIMATE REPORT
NATIONAL WEATHER SERVICE LA CROSSE WI
129 AM CDT THU MAY 24 2018


...................................

...THE ROCHESTER MN CLIMATE SUMMARY FOR MAY 23 2018...

CLIMATE NORMAL PERIOD 1981 TO 2010
CLIMATE RECORD PERIOD 1886 TO 2018


WEATHER ITEM   OBSERVED TIME   RECORD YEAR NORMAL DEPARTURE LAST
                VALUE   (LST)  VALUE       VALUE  FROM      YEAR
                                                  NORMAL
..................................................................
TEMPERATURE (F)
 YESTERDAY
  MAXIMUM         81    304 PM  89    1972  71     10       52
                                      1939
  MINIMUM         57    311 AM  25    1931  50      7       49
  AVERAGE         69                        60      9       51

PRECIPITATION (IN)
  YESTERDAY        0.02          1.70 1920   0.11  -0.09     0.50
  MONTH TO DATE    4.46                      2.64   1.82     3.02
  SINCE MAR 1      8.55                      7.76   0.79    10.44
  SINCE JAN 1     11.05                      9.45   1.60    14.22

SNOWFALL (IN)
  YESTERDAY        0.0           0.0  2012   0.0    0.0      0.0
  MONTH TO DATE    0.0                       0.2   -0.2      0.0
  SINCE JUL 1     60.2                      52.1    8.1     52.7
  SNOW DEPTH       0

DEGREE DAYS
 HEATING
  YESTERDAY        0                         6     -6       14
  MONTH TO DATE  122                       205    -83      236
  SINCE JUL 1   8059                      7630    429     6820

 COOLING
  YESTERDAY        4                         1      3        0
  MONTH TO DATE   11                        16     -5       20
  SINCE JAN 1     11                        20     -9       20
..................................................................


WIND (MPH)
  HIGHEST WIND SPEED    16   HIGHEST WIND DIRECTION    SE (120)
  HIGHEST GUST SPEED    21   HIGHEST GUST DIRECTION     S (160)
  AVERAGE WIND SPEED     9.9


SKY COVER
  POSSIBLE SUNSHINE  MM
  AVERAGE SKY COVER 0.3


WEATHER CONDITIONS
 THE FOLLOWING WEATHER WAS RECORDED YESTERDAY.
  LIGHT RAIN
  FOG


RELATIVE HUMIDITY (PERCENT)
 HIGHEST   100          1200 AM
 LOWEST     54           100 PM
 AVERAGE    77

..........................................................


THE ROCHESTER MN CLIMATE NORMALS FOR TODAY
                         NORMAL    RECORD    YEAR
 MAXIMUM TEMPERATURE (F)   71        94      2010
 MINIMUM TEMPERATURE (F)   50        31      1930


SUNRISE AND SUNSET
MAY 24 2018...........SUNRISE   536 AM CDT   SUNSET   839 PM CDT
MAY 25 2018...........SUNRISE   535 AM CDT   SUNSET   840 PM CDT


-  INDICATES NEGATIVE NUMBERS.
R  INDICATES RECORD WAS SET OR TIED.
MM INDICATES DATA IS MISSING.
T  INDICATES TRACE AMOUNT.




$$
