000
CDUS43 KARX 200631
CLIRST


CLIMATE REPORT
NATIONAL WEATHER SERVICE LA CROSSE WI
131 AM CDT FRI APR 20 2018


...................................

...THE ROCHESTER MN CLIMATE SUMMARY FOR APRIL 19 2018...

CLIMATE NORMAL PERIOD 1981 TO 2010
CLIMATE RECORD PERIOD 1886 TO 2018


WEATHER ITEM   OBSERVED TIME   RECORD YEAR NORMAL DEPARTURE LAST
                VALUE   (LST)  VALUE       VALUE  FROM      YEAR
                                                  NORMAL
..................................................................
TEMPERATURE (F)
 YESTERDAY
  MAXIMUM         42    419 PM  84    1985  59    -17       50
  MINIMUM         18R   643 AM  20    1988  38    -20       43
  AVERAGE         30                        48    -18       47

PRECIPITATION (IN)
  YESTERDAY        0.00          1.75 1993   0.11  -0.11     1.38
  MONTH TO DATE    3.18                      1.91   1.27     3.41
  SINCE MAR 1      4.09                      3.79   0.30     6.28
  SINCE JAN 1      6.59                      5.48   1.11    10.06

SNOWFALL (IN)
  YESTERDAY        0.0           3.8  2011   0.1   -0.1      0.0
  MONTH TO DATE   17.0                       2.5   14.5       T
  SINCE JUL 1     60.2                      51.1    9.1     52.7
  SNOW DEPTH       5

DEGREE DAYS
 HEATING
  YESTERDAY       35                        17     18       18
  MONTH TO DATE  725                       397    328      302
  SINCE JUL 1   7755                      7269    486     6383

 COOLING
  YESTERDAY        0                         0      0        0
  MONTH TO DATE    0                         0      0        0
  SINCE JAN 1      0                         0      0        0
..................................................................


WIND (MPH)
  HIGHEST WIND SPEED    12   HIGHEST WIND DIRECTION    NW (310)
  HIGHEST GUST SPEED    14   HIGHEST GUST DIRECTION     N (350)
  AVERAGE WIND SPEED     8.3


SKY COVER
  POSSIBLE SUNSHINE  MM
  AVERAGE SKY COVER 0.0


WEATHER CONDITIONS
 THE FOLLOWING WEATHER WAS RECORDED YESTERDAY.
  NO SIGNIFICANT WEATHER WAS OBSERVED.


RELATIVE HUMIDITY (PERCENT)
 HIGHEST    96           200 AM
 LOWEST     48           700 PM
 AVERAGE    72

..........................................................


THE ROCHESTER MN CLIMATE NORMALS FOR TODAY
                         NORMAL    RECORD    YEAR
 MAXIMUM TEMPERATURE (F)   60        85      1987
 MINIMUM TEMPERATURE (F)   38        21      1956


SUNRISE AND SUNSET
APRIL 20 2018.........SUNRISE   619 AM CDT   SUNSET   800 PM CDT
APRIL 21 2018.........SUNRISE   617 AM CDT   SUNSET   801 PM CDT


-  INDICATES NEGATIVE NUMBERS.
R  INDICATES RECORD WAS SET OR TIED.
MM INDICATES DATA IS MISSING.
T  INDICATES TRACE AMOUNT.




$$
