000
CDUS43 KARX 110652
CLIRST


CLIMATE REPORT
NATIONAL WEATHER SERVICE LA CROSSE WI
151 AM CDT WED APR 11 2018


...................................

...THE ROCHESTER MN CLIMATE SUMMARY FOR APRIL 10 2018...

CLIMATE NORMAL PERIOD 1981 TO 2010
CLIMATE RECORD PERIOD 1886 TO 2018


WEATHER ITEM   OBSERVED TIME   RECORD YEAR NORMAL DEPARTURE LAST
                VALUE   (LST)  VALUE       VALUE  FROM      YEAR
                                                  NORMAL
..................................................................
TEMPERATURE (F)
 YESTERDAY
  MAXIMUM         35    648 PM  85    1977  54    -19       54
  MINIMUM         24    332 AM  13    1973  34    -10       33
  AVERAGE         30                        44    -14       44

PRECIPITATION (IN)
  YESTERDAY        T             1.20 2008   0.11  -0.11     0.03
  MONTH TO DATE    0.68                      0.92  -0.24     1.25
  SINCE MAR 1      1.59                      2.80  -1.21     4.12
  SINCE JAN 1      4.09                      4.49  -0.40     7.90

SNOWFALL (IN)
  YESTERDAY        T             1.7  2007   0.1   -0.1       T
  MONTH TO DATE    7.8                       1.4    6.4       T
  SINCE JUL 1     51.0                      50.0    1.0     52.7
  SNOW DEPTH       T

DEGREE DAYS
 HEATING
  YESTERDAY       35                        21     14       21
  MONTH TO DATE  421                       230    191      177
  SINCE JUL 1   7451                      7102    349     6258

 COOLING
  YESTERDAY        0                         0      0        0
  MONTH TO DATE    0                         0      0        0
  SINCE JAN 1      0                         0      0        0
..................................................................


WIND (MPH)
  HIGHEST WIND SPEED    18   HIGHEST WIND DIRECTION    SW (210)
  HIGHEST GUST SPEED    23   HIGHEST GUST DIRECTION    SW (220)
  AVERAGE WIND SPEED    11.0


SKY COVER
  POSSIBLE SUNSHINE  MM
  AVERAGE SKY COVER 0.9


WEATHER CONDITIONS
 THE FOLLOWING WEATHER WAS RECORDED YESTERDAY.
  LIGHT SNOW
  HAZE


RELATIVE HUMIDITY (PERCENT)
 HIGHEST    92           200 AM
 LOWEST     69           100 PM
 AVERAGE    81

..........................................................


THE ROCHESTER MN CLIMATE NORMALS FOR TODAY
                         NORMAL    RECORD    YEAR
 MAXIMUM TEMPERATURE (F)   55        82      1977
 MINIMUM TEMPERATURE (F)   35        12      1973


SUNRISE AND SUNSET
APRIL 11 2018.........SUNRISE   634 AM CDT   SUNSET   749 PM CDT
APRIL 12 2018.........SUNRISE   632 AM CDT   SUNSET   750 PM CDT


-  INDICATES NEGATIVE NUMBERS.
R  INDICATES RECORD WAS SET OR TIED.
MM INDICATES DATA IS MISSING.
T  INDICATES TRACE AMOUNT.




$$
