000
CDUS43 KARX 030641
CLIRST


CLIMATE REPORT
NATIONAL WEATHER SERVICE LA CROSSE WI
140 AM CDT TUE APR 3 2018


...................................

...THE ROCHESTER MN CLIMATE SUMMARY FOR APRIL 2 2018...

CLIMATE NORMAL PERIOD 1981 TO 2010
CLIMATE RECORD PERIOD 1886 TO 2018


WEATHER ITEM   OBSERVED TIME   RECORD YEAR NORMAL DEPARTURE LAST
                VALUE   (LST)  VALUE       VALUE  FROM      YEAR
                                                  NORMAL
..................................................................
TEMPERATURE (F)
 YESTERDAY
  MAXIMUM         36    154 PM  75    1981  50    -14       50
  MINIMUM         20    559 AM  11    1954  31    -11       36
  AVERAGE         28                        40    -12       43

PRECIPITATION (IN)
  YESTERDAY        T             1.38 1967   0.08  -0.08     0.08
  MONTH TO DATE    T                         0.16  -0.16     0.08
  SINCE MAR 1      0.91                      2.04  -1.13     2.95
  SINCE JAN 1      3.41                      3.73  -0.32     6.73

SNOWFALL (IN)
  YESTERDAY        T             2.9  1979   0.1   -0.1      0.0
  MONTH TO DATE    T                         0.3   -0.3      0.0
  SINCE JUL 1     43.2                      48.9   -5.7     52.7
  SNOW DEPTH       0

DEGREE DAYS
 HEATING
  YESTERDAY       37                        25     12       22
  MONTH TO DATE   79                        50     29       40
  SINCE JUL 1   7109                      6922    187     6121

 COOLING
  YESTERDAY        0                         0      0        0
  MONTH TO DATE    0                         0      0        0
  SINCE JAN 1      0                         0      0        0
..................................................................


WIND (MPH)
  HIGHEST WIND SPEED    20   HIGHEST WIND DIRECTION    SE (140)
  HIGHEST GUST SPEED    27   HIGHEST GUST DIRECTION    SE (130)
  AVERAGE WIND SPEED    10.4


SKY COVER
  POSSIBLE SUNSHINE  MM
  AVERAGE SKY COVER 0.6


WEATHER CONDITIONS
 THE FOLLOWING WEATHER WAS RECORDED YESTERDAY.
  LIGHT SNOW
  FOG
  HAZE


RELATIVE HUMIDITY (PERCENT)
 HIGHEST    88          1200 AM
 LOWEST     51           700 PM
 AVERAGE    70

..........................................................


THE ROCHESTER MN CLIMATE NORMALS FOR TODAY
                         NORMAL    RECORD    YEAR
 MAXIMUM TEMPERATURE (F)   50        74      1893
 MINIMUM TEMPERATURE (F)   31         6      1954


SUNRISE AND SUNSET
APRIL  3 2018.........SUNRISE   648 AM CDT   SUNSET   739 PM CDT
APRIL  4 2018.........SUNRISE   646 AM CDT   SUNSET   741 PM CDT


-  INDICATES NEGATIVE NUMBERS.
R  INDICATES RECORD WAS SET OR TIED.
MM INDICATES DATA IS MISSING.
T  INDICATES TRACE AMOUNT.




$$
