000
CDUS43 KARX 280708
CLIRST


CLIMATE REPORT
NATIONAL WEATHER SERVICE LA CROSSE WI
204 AM CDT SAT APR 28 2018

...THE ROCHESTER MN CLIMATE SUMMARY FOR APRIL 27 2018...

CLIMATE NORMAL PERIOD 1981 TO 2010
CLIMATE RECORD PERIOD 1886 TO 2018

WEATHER ITEM   OBSERVED TIME   RECORD YEAR NORMAL DEPARTURE LAST
                VALUE   (LST)  VALUE       VALUE  FROM      YEAR
                                                  NORMAL
..................................................................
TEMPERATURE (F)
 YESTERDAY
  MAXIMUM         63    142 PM  86    1977  63      0       37
  MINIMUM         34    432 AM  19    1933  41     -7       32
  AVERAGE         49                        52     -3       35

PRECIPITATION (IN)
  YESTERDAY        0.00          1.33 1975   0.12  -0.12     0.02
  MONTH TO DATE    3.18                      2.86   0.32     3.76
  SINCE MAR 1      4.09                      4.74  -0.65     6.63
  SINCE JAN 1      6.59                      6.43   0.16    10.41

SNOWFALL (IN)
  YESTERDAY        0.0           1.0  2002   0.0    0.0       T
  MONTH TO DATE   17.0                       3.1   13.9       T
  SINCE JUL 1     60.2                      51.7    8.5     52.7
  SNOW DEPTH       0

DEGREE DAYS
 HEATING
  YESTERDAY       16                        13      3       30
  MONTH TO DATE  867                       515    352      428
  SINCE JUL 1   7897                      7387    510     6509

 COOLING
  YESTERDAY        0                         0      0        0
  MONTH TO DATE    0                         0      0        0
  SINCE JAN 1      0                         0      0        0
..................................................................

WIND (MPH)
  HIGHEST WIND SPEED    37   HIGHEST WIND DIRECTION    NW (320)
  HIGHEST GUST SPEED    49   HIGHEST GUST DIRECTION    NW (320)
  AVERAGE WIND SPEED    16.6

SKY COVER
  POSSIBLE SUNSHINE  MM
  AVERAGE SKY COVER 0.5

WEATHER CONDITIONS
 THE FOLLOWING WEATHER WAS RECORDED YESTERDAY.
  NO SIGNIFICANT WEATHER WAS OBSERVED.

RELATIVE HUMIDITY (PERCENT)
 HIGHEST    82           500 AM
 LOWEST     36           100 PM
 AVERAGE    59

..........................................................

THE ROCHESTER MN CLIMATE NORMALS FOR TODAY
                         NORMAL    RECORD    YEAR
 MAXIMUM TEMPERATURE (F)   63        87      2004
                                             1952
 MINIMUM TEMPERATURE (F)   41        25      1913

SUNRISE AND SUNSET
APRIL 28 2018.........SUNRISE   606 AM CDT   SUNSET   810 PM CDT
APRIL 29 2018.........SUNRISE   605 AM CDT   SUNSET   811 PM CDT

-  INDICATES NEGATIVE NUMBERS.
R  INDICATES RECORD WAS SET OR TIED.
MM INDICATES DATA IS MISSING.
T  INDICATES TRACE AMOUNT.

$$

Boyne
