000
CDUS43 KARX 100644
CLIRST


CLIMATE REPORT
NATIONAL WEATHER SERVICE LA CROSSE WI
143 AM CDT TUE APR 10 2018


...................................

...THE ROCHESTER MN CLIMATE SUMMARY FOR APRIL 9 2018...

CLIMATE NORMAL PERIOD 1981 TO 2010
CLIMATE RECORD PERIOD 1886 TO 2018


WEATHER ITEM   OBSERVED TIME   RECORD YEAR NORMAL DEPARTURE LAST
                VALUE   (LST)  VALUE       VALUE  FROM      YEAR
                                                  NORMAL
..................................................................
TEMPERATURE (F)
 YESTERDAY
  MAXIMUM         35    353 PM  76    1955  54    -19       67
                                      1930
  MINIMUM         19    619 AM  13    1997  34    -15       51
  AVERAGE         27                        44    -17       59

PRECIPITATION (IN)
  YESTERDAY        T             1.72 2013   0.10  -0.10     0.56
  MONTH TO DATE    0.68                      0.81  -0.13     1.22
  SINCE MAR 1      1.59                      2.69  -1.10     4.09
  SINCE JAN 1      4.09                      4.38  -0.29     7.87

SNOWFALL (IN)
  YESTERDAY        T             6.4  1973   0.1   -0.1      0.0
  MONTH TO DATE    7.8                       1.3    6.5      0.0
  SINCE JUL 1     51.0                      49.9    1.1     52.7
  SNOW DEPTH       1

DEGREE DAYS
 HEATING
  YESTERDAY       38                        21     17        6
  MONTH TO DATE  386                       209    177      156
  SINCE JUL 1   7416                      7081    335     6237

 COOLING
  YESTERDAY        0                         0      0        0
  MONTH TO DATE    0                         0      0        0
  SINCE JAN 1      0                         0      0        0
..................................................................


WIND (MPH)
  HIGHEST WIND SPEED    15   HIGHEST WIND DIRECTION    NW (300)
  HIGHEST GUST SPEED    20   HIGHEST GUST DIRECTION     N (340)
  AVERAGE WIND SPEED     9.2


SKY COVER
  POSSIBLE SUNSHINE  MM
  AVERAGE SKY COVER 0.5


WEATHER CONDITIONS
 THE FOLLOWING WEATHER WAS RECORDED YESTERDAY.
  LIGHT SNOW
  FOG


RELATIVE HUMIDITY (PERCENT)
 HIGHEST   100          1200 AM
 LOWEST     56           200 PM
 AVERAGE    78

..........................................................


THE ROCHESTER MN CLIMATE NORMALS FOR TODAY
                         NORMAL    RECORD    YEAR
 MAXIMUM TEMPERATURE (F)   54        85      1977
 MINIMUM TEMPERATURE (F)   34        13      1973


SUNRISE AND SUNSET
APRIL 10 2018.........SUNRISE   635 AM CDT   SUNSET   748 PM CDT
APRIL 11 2018.........SUNRISE   634 AM CDT   SUNSET   749 PM CDT


-  INDICATES NEGATIVE NUMBERS.
R  INDICATES RECORD WAS SET OR TIED.
MM INDICATES DATA IS MISSING.
T  INDICATES TRACE AMOUNT.




$$
