000
CDUS43 KARX 082130
CLIRST


CLIMATE REPORT
NATIONAL WEATHER SERVICE LA CROSSE WI
428 PM CDT SUN APR 8 2018


...................................

...THE ROCHESTER MN CLIMATE SUMMARY FOR APRIL 8 2018...
VALID TODAY AS OF 0400 PM LOCAL TIME.

CLIMATE NORMAL PERIOD 1981 TO 2010
CLIMATE RECORD PERIOD 1886 TO 2018


WEATHER ITEM   OBSERVED TIME   RECORD YEAR NORMAL DEPARTURE LAST
                VALUE   (LST)  VALUE       VALUE  FROM      YEAR
                                                  NORMAL
..................................................................
TEMPERATURE (F)
 TODAY
  MAXIMUM         31    107 PM  84    1931  53    -22       70
  MINIMUM          9R   558 AM   9    1997  33    -24       40
                                      1972
  AVERAGE         20                        43    -23       55

PRECIPITATION (IN)
  TODAY            T             1.05 1999   0.10  -0.10     0.00
  MONTH TO DATE    0.62                      0.71  -0.09     0.66
  SINCE MAR 1      1.53                      2.59  -1.06     3.53
  SINCE JAN 1      4.03                      4.28  -0.25     7.31

SNOWFALL (IN)
  TODAY            T             3.1  1973   0.2   -0.2      0.0
  MONTH TO DATE    7.5                       1.2    6.3      0.0
  SINCE JUL 1     50.7                      49.8    0.9     52.7
  SNOW DEPTH       2

DEGREE DAYS
 HEATING
  TODAY           45                        22     23       10
  MONTH TO DATE  348                       188    160      150
  SINCE JUL 1   7378                      7060    318     6231

 COOLING
  TODAY            0                         0      0        0
  MONTH TO DATE    0                         0      0        0
  SINCE JAN 1      0                         0      0        0
..................................................................


WIND (MPH)
  HIGHEST WIND SPEED    15   HIGHEST WIND DIRECTION    SE (140)
  HIGHEST GUST SPEED    19   HIGHEST GUST DIRECTION    SE (140)
  AVERAGE WIND SPEED     6.5


SKY COVER
  POSSIBLE SUNSHINE  MM
  AVERAGE SKY COVER 0.3


WEATHER CONDITIONS
 THE FOLLOWING WEATHER WAS RECORDED TODAY.
  LIGHT SNOW
  FOG


RELATIVE HUMIDITY (PERCENT)
 HIGHEST   100           400 AM
 LOWEST     63          1200 PM
 AVERAGE    82

..........................................................


THE ROCHESTER MN CLIMATE NORMALS FOR TOMORROW
                         NORMAL    RECORD    YEAR
 MAXIMUM TEMPERATURE (F)   54        76      1955
                                             1930
 MINIMUM TEMPERATURE (F)   34        13      1997


SUNRISE AND SUNSET
APRIL  8 2018.........SUNRISE   639 AM CDT   SUNSET   746 PM CDT
APRIL  9 2018.........SUNRISE   637 AM CDT   SUNSET   747 PM CDT


-  INDICATES NEGATIVE NUMBERS.
R  INDICATES RECORD WAS SET OR TIED.
MM INDICATES DATA IS MISSING.
T  INDICATES TRACE AMOUNT.




$$
