000
CDUS43 KARX 072128
CLIRST


CLIMATE REPORT
NATIONAL WEATHER SERVICE LA CROSSE WI
427 PM CDT MON MAY 7 2018


...................................

...THE ROCHESTER MN CLIMATE SUMMARY FOR MAY 7 2018...
VALID TODAY AS OF 0400 PM LOCAL TIME.

CLIMATE NORMAL PERIOD 1981 TO 2010
CLIMATE RECORD PERIOD 1886 TO 2018


WEATHER ITEM   OBSERVED TIME   RECORD YEAR NORMAL DEPARTURE LAST
                VALUE   (LST)  VALUE       VALUE  FROM      YEAR
                                                  NORMAL
..................................................................
TEMPERATURE (F)
 TODAY
  MAXIMUM         82    259 PM  86    1934  66     16       66
                                      1916
  MINIMUM         47    441 AM  24    1929  45      2       43
  AVERAGE         65                        55     10       55

PRECIPITATION (IN)
  TODAY            0.00          1.37 1998   0.11  -0.11     0.00
  MONTH TO DATE    1.74                      0.82   0.92     0.23
  SINCE MAR 1      5.83                      5.94  -0.11     7.65
  SINCE JAN 1      8.33                      7.63   0.70    11.43

SNOWFALL (IN)
  TODAY            0.0           0.0  2012   0.0    0.0      0.0
  MONTH TO DATE    0.0                       0.2   -0.2      0.0
  SINCE JUL 1     60.2                      52.1    8.1     52.7
  SNOW DEPTH       0

DEGREE DAYS
 HEATING
  TODAY            0                        10    -10       10
  MONTH TO DATE   20                        77    -57       99
  SINCE JUL 1   7957                      7502    455     6683

 COOLING
  TODAY            0                         0      0        0
  MONTH TO DATE    0                         0      0        0
  SINCE JAN 1      0                         4     -4        0
..................................................................


WIND (MPH)
  HIGHEST WIND SPEED    24   HIGHEST WIND DIRECTION    SW (220)
  HIGHEST GUST SPEED    31   HIGHEST GUST DIRECTION    SW (230)
  AVERAGE WIND SPEED    12.3


SKY COVER
  POSSIBLE SUNSHINE  MM
  AVERAGE SKY COVER 0.1


WEATHER CONDITIONS
 THE FOLLOWING WEATHER WAS RECORDED TODAY.
  HAZE


RELATIVE HUMIDITY (PERCENT)
 HIGHEST    77           500 AM
 LOWEST     26           100 PM
 AVERAGE    52

..........................................................


THE ROCHESTER MN CLIMATE NORMALS FOR TOMORROW
                         NORMAL    RECORD    YEAR
 MAXIMUM TEMPERATURE (F)   66        84      1916
 MINIMUM TEMPERATURE (F)   45        29      1955


SUNRISE AND SUNSET
MAY  7 2018...........SUNRISE   554 AM CDT   SUNSET   820 PM CDT
MAY  8 2018...........SUNRISE   552 AM CDT   SUNSET   821 PM CDT


-  INDICATES NEGATIVE NUMBERS.
R  INDICATES RECORD WAS SET OR TIED.
MM INDICATES DATA IS MISSING.
T  INDICATES TRACE AMOUNT.




$$
