000
CDUS43 KARX 080648
CLIRST


CLIMATE REPORT
NATIONAL WEATHER SERVICE LA CROSSE WI
148 AM CDT SUN APR 8 2018


...................................

...THE ROCHESTER MN CLIMATE SUMMARY FOR APRIL 7 2018...

CLIMATE NORMAL PERIOD 1981 TO 2010
CLIMATE RECORD PERIOD 1886 TO 2018


WEATHER ITEM   OBSERVED TIME   RECORD YEAR NORMAL DEPARTURE LAST
                VALUE   (LST)  VALUE       VALUE  FROM      YEAR
                                                  NORMAL
..................................................................
TEMPERATURE (F)
 YESTERDAY
  MAXIMUM         29    511 PM  83    1991  53    -24       56
  MINIMUM          8R   604 AM   9    1936  33    -25       29
  AVERAGE         19                        43    -24       43

PRECIPITATION (IN)
  YESTERDAY        0.00          1.52 2006   0.09  -0.09     0.00
  MONTH TO DATE    0.62                      0.61   0.01     0.66
  SINCE MAR 1      1.53                      2.49  -0.96     3.53
  SINCE JAN 1      4.03                      4.18  -0.15     7.31

SNOWFALL (IN)
  YESTERDAY        0.0           5.5  2003   0.1   -0.1      0.0
  MONTH TO DATE    7.5                       1.0    6.5      0.0
  SINCE JUL 1     50.7                      49.6    1.1     52.7
  SNOW DEPTH       3

DEGREE DAYS
 HEATING
  YESTERDAY       46                        22     24       22
  MONTH TO DATE  303                       166    137      140
  SINCE JUL 1   7333                      7038    295     6221

 COOLING
  YESTERDAY        0                         0      0        0
  MONTH TO DATE    0                         0      0        0
  SINCE JAN 1      0                         0      0        0
..................................................................


WIND (MPH)
  HIGHEST WIND SPEED    21   HIGHEST WIND DIRECTION    NW (310)
  HIGHEST GUST SPEED    26   HIGHEST GUST DIRECTION    NW (300)
  AVERAGE WIND SPEED    11.5


SKY COVER
  POSSIBLE SUNSHINE  MM
  AVERAGE SKY COVER 0.1


WEATHER CONDITIONS
 THE FOLLOWING WEATHER WAS RECORDED YESTERDAY.
  NO SIGNIFICANT WEATHER WAS OBSERVED.


RELATIVE HUMIDITY (PERCENT)
 HIGHEST    92           700 AM
 LOWEST     62          1100 AM
 AVERAGE    77

..........................................................


THE ROCHESTER MN CLIMATE NORMALS FOR TODAY
                         NORMAL    RECORD    YEAR
 MAXIMUM TEMPERATURE (F)   53        84      1931
 MINIMUM TEMPERATURE (F)   33         9      1997
                                             1972


SUNRISE AND SUNSET
APRIL  8 2018.........SUNRISE   639 AM CDT   SUNSET   746 PM CDT
APRIL  9 2018.........SUNRISE   637 AM CDT   SUNSET   747 PM CDT


-  INDICATES NEGATIVE NUMBERS.
R  INDICATES RECORD WAS SET OR TIED.
MM INDICATES DATA IS MISSING.
T  INDICATES TRACE AMOUNT.




$$
