000
CDUS43 KARX 252146
CLIRST


CLIMATE REPORT
NATIONAL WEATHER SERVICE LA CROSSE WI
445 PM CDT WED APR 25 2018


...................................

...THE ROCHESTER MN CLIMATE SUMMARY FOR APRIL 25 2018...
VALID TODAY AS OF 0400 PM LOCAL TIME.

CLIMATE NORMAL PERIOD 1981 TO 2010
CLIMATE RECORD PERIOD 1886 TO 2018


WEATHER ITEM   OBSERVED TIME   RECORD YEAR NORMAL DEPARTURE LAST
                VALUE   (LST)  VALUE       VALUE  FROM      YEAR
                                                  NORMAL
..................................................................
TEMPERATURE (F)
 TODAY
  MAXIMUM         59    252 PM  87    1939  62     -3       65
  MINIMUM         34    540 AM  17    1934  40     -6       52
  AVERAGE         47                        51     -4       59

PRECIPITATION (IN)
  TODAY            0.00          2.40 1929   0.13  -0.13     0.24
  MONTH TO DATE    3.18                      2.63   0.55     3.73
  SINCE MAR 1      4.09                      4.51  -0.42     6.60
  SINCE JAN 1      6.59                      6.20   0.39    10.38

SNOWFALL (IN)
  TODAY            0.0           1.7  1965   0.0    0.0      0.0
  MONTH TO DATE   17.0                       3.0   14.0       T
  SINCE JUL 1     60.2                      51.6    8.6     52.7
  SNOW DEPTH       0

DEGREE DAYS
 HEATING
  TODAY           18                        14      4        6
  MONTH TO DATE  835                       488    347      377
  SINCE JUL 1   7865                      7360    505     6458

 COOLING
  TODAY            0                         0      0        0
  MONTH TO DATE    0                         0      0        0
  SINCE JAN 1      0                         0      0        0
..................................................................


WIND (MPH)
  HIGHEST WIND SPEED    13   HIGHEST WIND DIRECTION     N (20)
  HIGHEST GUST SPEED    17   HIGHEST GUST DIRECTION     N (20)
  AVERAGE WIND SPEED     8.0


SKY COVER
  POSSIBLE SUNSHINE  MM
  AVERAGE SKY COVER 0.0


WEATHER CONDITIONS
 THE FOLLOWING WEATHER WAS RECORDED TODAY.
  NO SIGNIFICANT WEATHER WAS OBSERVED.


RELATIVE HUMIDITY (PERCENT)
 HIGHEST    89           300 AM
 LOWEST     36           200 PM
 AVERAGE    63

..........................................................


THE ROCHESTER MN CLIMATE NORMALS FOR TOMORROW
                         NORMAL    RECORD    YEAR
 MAXIMUM TEMPERATURE (F)   62        84      1962
 MINIMUM TEMPERATURE (F)   41        24      1930
                                             1919


SUNRISE AND SUNSET
APRIL 25 2018.........SUNRISE   611 AM CDT   SUNSET   806 PM CDT
APRIL 26 2018.........SUNRISE   609 AM CDT   SUNSET   807 PM CDT


-  INDICATES NEGATIVE NUMBERS.
R  INDICATES RECORD WAS SET OR TIED.
MM INDICATES DATA IS MISSING.
T  INDICATES TRACE AMOUNT.




$$
