000
CDUS43 KARX 230632
CLIRST


CLIMATE REPORT
NATIONAL WEATHER SERVICE LA CROSSE WI
130 AM CDT MON APR 23 2018


...................................

...THE ROCHESTER MN CLIMATE SUMMARY FOR APRIL 22 2018...

CLIMATE NORMAL PERIOD 1981 TO 2010
CLIMATE RECORD PERIOD 1886 TO 2018


WEATHER ITEM   OBSERVED TIME   RECORD YEAR NORMAL DEPARTURE LAST
                VALUE   (LST)  VALUE       VALUE  FROM      YEAR
                                                  NORMAL
..................................................................
TEMPERATURE (F)
 YESTERDAY
  MAXIMUM         60    405 PM  91    1980  60      0       65
  MINIMUM         35    456 AM  20    1936  39     -4       39
  AVERAGE         48                        50     -2       52

PRECIPITATION (IN)
  YESTERDAY        0.00          1.50 1999   0.12  -0.12     0.00
  MONTH TO DATE    3.18                      2.26   0.92     3.49
  SINCE MAR 1      4.09                      4.14  -0.05     6.36
  SINCE JAN 1      6.59                      5.83   0.76    10.14

SNOWFALL (IN)
  YESTERDAY        0.0           2.2  1963   0.1   -0.1      0.0
  MONTH TO DATE   17.0                       2.8   14.2       T
  SINCE JUL 1     60.2                      51.4    8.8     52.7
  SNOW DEPTH       0

DEGREE DAYS
 HEATING
  YESTERDAY       17                        15      2       13
  MONTH TO DATE  794                       444    350      355
  SINCE JUL 1   7824                      7316    508     6436

 COOLING
  YESTERDAY        0                         0      0        0
  MONTH TO DATE    0                         0      0        0
  SINCE JAN 1      0                         0      0        0
..................................................................


WIND (MPH)
  HIGHEST WIND SPEED    13   HIGHEST WIND DIRECTION    SE (120)
  HIGHEST GUST SPEED    18   HIGHEST GUST DIRECTION     E (100)
  AVERAGE WIND SPEED     6.4


SKY COVER
  POSSIBLE SUNSHINE  MM
  AVERAGE SKY COVER 0.1


WEATHER CONDITIONS
 THE FOLLOWING WEATHER WAS RECORDED YESTERDAY.
  NO SIGNIFICANT WEATHER WAS OBSERVED.


RELATIVE HUMIDITY (PERCENT)
 HIGHEST    82           500 AM
 LOWEST     40           300 PM
 AVERAGE    61

..........................................................


THE ROCHESTER MN CLIMATE NORMALS FOR TODAY
                         NORMAL    RECORD    YEAR
 MAXIMUM TEMPERATURE (F)   61        84      1960
 MINIMUM TEMPERATURE (F)   39        20      1956
                                             1930
                                             1910


SUNRISE AND SUNSET
APRIL 23 2018.........SUNRISE   614 AM CDT   SUNSET   804 PM CDT
APRIL 24 2018.........SUNRISE   612 AM CDT   SUNSET   805 PM CDT


-  INDICATES NEGATIVE NUMBERS.
R  INDICATES RECORD WAS SET OR TIED.
MM INDICATES DATA IS MISSING.
T  INDICATES TRACE AMOUNT.




$$
