474
CDUS43 KARX 120651
CLIRST


CLIMATE REPORT
NATIONAL WEATHER SERVICE LA CROSSE WI
149 AM CDT THU APR 12 2018


...................................

...THE ROCHESTER MN CLIMATE SUMMARY FOR APRIL 11 2018...

CLIMATE NORMAL PERIOD 1981 TO 2010
CLIMATE RECORD PERIOD 1886 TO 2018


WEATHER ITEM   OBSERVED TIME   RECORD YEAR NORMAL DEPARTURE LAST
                VALUE   (LST)  VALUE       VALUE  FROM      YEAR
                                                  NORMAL
..................................................................
TEMPERATURE (F)
 YESTERDAY
  MAXIMUM         46    331 PM  82    1977  55     -9       50
  MINIMUM         29    550 AM  12    1973  35     -6       32
  AVERAGE         38                        45     -7       41

PRECIPITATION (IN)
  YESTERDAY        0.03          3.75 2001   0.10  -0.07      T
  MONTH TO DATE    0.71                      1.02  -0.31     1.25
  SINCE MAR 1      1.62                      2.90  -1.28     4.12
  SINCE JAN 1      4.12                      4.59  -0.47     7.90

SNOWFALL (IN)
  YESTERDAY        0.0           5.7  2007   0.2   -0.2      0.0
  MONTH TO DATE    7.8                       1.6    6.2       T
  SINCE JUL 1     51.0                      50.2    0.8     52.7
  SNOW DEPTH       0

DEGREE DAYS
 HEATING
  YESTERDAY       27                        20      7       24
  MONTH TO DATE  448                       250    198      201
  SINCE JUL 1   7478                      7122    356     6282

 COOLING
  YESTERDAY        0                         0      0        0
  MONTH TO DATE    0                         0      0        0
  SINCE JAN 1      0                         0      0        0
..................................................................


WIND (MPH)
  HIGHEST WIND SPEED    17   HIGHEST WIND DIRECTION    SE (120)
  HIGHEST GUST SPEED    23   HIGHEST GUST DIRECTION     E (100)
  AVERAGE WIND SPEED     9.1


SKY COVER
  POSSIBLE SUNSHINE  MM
  AVERAGE SKY COVER 0.4


WEATHER CONDITIONS
 THE FOLLOWING WEATHER WAS RECORDED YESTERDAY.
  LIGHT RAIN
  FOG


RELATIVE HUMIDITY (PERCENT)
 HIGHEST   100           300 AM
 LOWEST     58           200 PM
 AVERAGE    79

..........................................................


THE ROCHESTER MN CLIMATE NORMALS FOR TODAY
                         NORMAL    RECORD    YEAR
 MAXIMUM TEMPERATURE (F)   56        81      1931
 MINIMUM TEMPERATURE (F)   35        14      1940
                                             1939


SUNRISE AND SUNSET
APRIL 12 2018.........SUNRISE   632 AM CDT   SUNSET   750 PM CDT
APRIL 13 2018.........SUNRISE   630 AM CDT   SUNSET   752 PM CDT


-  INDICATES NEGATIVE NUMBERS.
R  INDICATES RECORD WAS SET OR TIED.
MM INDICATES DATA IS MISSING.
T  INDICATES TRACE AMOUNT.




$$
