000
CDUS43 KARX 052132
CLIRST


CLIMATE REPORT
NATIONAL WEATHER SERVICE LA CROSSE WI
432 PM CDT THU APR 5 2018


...................................

...THE ROCHESTER MN CLIMATE SUMMARY FOR APRIL 5 2018...
VALID TODAY AS OF 0430 PM LOCAL TIME.

CLIMATE NORMAL PERIOD 1981 TO 2010
CLIMATE RECORD PERIOD 1886 TO 2018


WEATHER ITEM   OBSERVED TIME   RECORD YEAR NORMAL DEPARTURE LAST
                VALUE   (LST)  VALUE       VALUE  FROM      YEAR
                                                  NORMAL
..................................................................
TEMPERATURE (F)
 TODAY
  MAXIMUM         34    259 PM  83    1991  52    -18       51
  MINIMUM          9    531 AM   7    1887  32    -23       39
  AVERAGE         22                        42    -20       45

PRECIPITATION (IN)
  TODAY            0.00          1.02 1999   0.10  -0.10     0.00
  MONTH TO DATE    0.61                      0.43   0.18     0.66
  SINCE MAR 1      1.52                      2.31  -0.79     3.53
  SINCE JAN 1      4.02                      4.00   0.02     7.31

SNOWFALL (IN)
  TODAY            0.0           4.5  1979   0.2   -0.2      0.0
  MONTH TO DATE    7.4                       0.8    6.6      0.0
  SINCE JUL 1     50.6                      49.4    1.2     52.7
  SNOW DEPTH       6

DEGREE DAYS
 HEATING
  TODAY           43                        23     20       20
  MONTH TO DATE  212                       121     91       95
  SINCE JUL 1   7242                      6993    249     6176

 COOLING
  TODAY            0                         0      0        0
  MONTH TO DATE    0                         0      0        0
  SINCE JAN 1      0                         0      0        0
..................................................................


WIND (MPH)
  HIGHEST WIND SPEED    16   HIGHEST WIND DIRECTION     S (190)
  HIGHEST GUST SPEED    19   HIGHEST GUST DIRECTION     S (190)
  AVERAGE WIND SPEED     7.0


SKY COVER
  POSSIBLE SUNSHINE  MM
  AVERAGE SKY COVER 0.4


WEATHER CONDITIONS
 THE FOLLOWING WEATHER WAS RECORDED TODAY.
  NO SIGNIFICANT WEATHER WAS OBSERVED.


RELATIVE HUMIDITY (PERCENT)
 HIGHEST    92           500 AM
 LOWEST     63          1200 PM
 AVERAGE    78

..........................................................


THE ROCHESTER MN CLIMATE NORMALS FOR TOMORROW
                         NORMAL    RECORD    YEAR
 MAXIMUM TEMPERATURE (F)   52        89      1991
 MINIMUM TEMPERATURE (F)   33         5      1982


SUNRISE AND SUNSET
APRIL  5 2018.........SUNRISE   644 AM CDT   SUNSET   742 PM CDT
APRIL  6 2018.........SUNRISE   642 AM CDT   SUNSET   743 PM CDT


-  INDICATES NEGATIVE NUMBERS.
R  INDICATES RECORD WAS SET OR TIED.
MM INDICATES DATA IS MISSING.
T  INDICATES TRACE AMOUNT.




$$
