000
CDUS43 KARX 070646
CLIRST


CLIMATE REPORT
NATIONAL WEATHER SERVICE LA CROSSE WI
145 AM CDT SAT APR 7 2018


...................................

...THE ROCHESTER MN CLIMATE SUMMARY FOR APRIL 6 2018...

CLIMATE NORMAL PERIOD 1981 TO 2010
CLIMATE RECORD PERIOD 1886 TO 2018


WEATHER ITEM   OBSERVED TIME   RECORD YEAR NORMAL DEPARTURE LAST
                VALUE   (LST)  VALUE       VALUE  FROM      YEAR
                                                  NORMAL
..................................................................
TEMPERATURE (F)
 YESTERDAY
  MAXIMUM         30   1248 AM  89    1991  52    -22       51
  MINIMUM         10   1159 PM   5    1982  33    -23       33
  AVERAGE         20                        42    -22       42

PRECIPITATION (IN)
  YESTERDAY        T             0.80 1919   0.09  -0.09     0.00
  MONTH TO DATE    0.62                      0.52   0.10     0.66
  SINCE MAR 1      1.53                      2.40  -0.87     3.53
  SINCE JAN 1      4.03                      4.09  -0.06     7.31

SNOWFALL (IN)
  YESTERDAY        T             2.5  1938   0.1   -0.1      0.0
  MONTH TO DATE    7.5                       0.9    6.6      0.0
  SINCE JUL 1     50.7                      49.5    1.2     52.7
  SNOW DEPTH       3

DEGREE DAYS
 HEATING
  YESTERDAY       45                        23     22       23
  MONTH TO DATE  257                       144    113      118
  SINCE JUL 1   7287                      7016    271     6199

 COOLING
  YESTERDAY        0                         0      0        0
  MONTH TO DATE    0                         0      0        0
  SINCE JAN 1      0                         0      0        0
..................................................................


WIND (MPH)
  HIGHEST WIND SPEED    43   HIGHEST WIND DIRECTION    NW (320)
  HIGHEST GUST SPEED    49   HIGHEST GUST DIRECTION    NW (310)
  AVERAGE WIND SPEED    22.5


SKY COVER
  POSSIBLE SUNSHINE  MM
  AVERAGE SKY COVER 0.3


WEATHER CONDITIONS
 THE FOLLOWING WEATHER WAS RECORDED YESTERDAY.
  LIGHT SNOW
  HAZE
  BLOWING SNOW


RELATIVE HUMIDITY (PERCENT)
 HIGHEST    85          1200 AM
 LOWEST     45           100 PM
 AVERAGE    65

..........................................................


THE ROCHESTER MN CLIMATE NORMALS FOR TODAY
                         NORMAL    RECORD    YEAR
 MAXIMUM TEMPERATURE (F)   53        83      1991
 MINIMUM TEMPERATURE (F)   33         9      1936


SUNRISE AND SUNSET
APRIL  7 2018.........SUNRISE   641 AM CDT   SUNSET   744 PM CDT
APRIL  8 2018.........SUNRISE   639 AM CDT   SUNSET   746 PM CDT


-  INDICATES NEGATIVE NUMBERS.
R  INDICATES RECORD WAS SET OR TIED.
MM INDICATES DATA IS MISSING.
T  INDICATES TRACE AMOUNT.




$$
