000
CDUS43 KARX 032135
CLIRST


CLIMATE REPORT
NATIONAL WEATHER SERVICE LA CROSSE WI
435 PM CDT TUE APR 3 2018


...................................

...THE ROCHESTER MN CLIMATE SUMMARY FOR APRIL 3 2018...
VALID TODAY AS OF 0430 PM LOCAL TIME.

CLIMATE NORMAL PERIOD 1981 TO 2010
CLIMATE RECORD PERIOD 1886 TO 2018


WEATHER ITEM   OBSERVED TIME   RECORD YEAR NORMAL DEPARTURE LAST
                VALUE   (LST)  VALUE       VALUE  FROM      YEAR
                                                  NORMAL
..................................................................
TEMPERATURE (F)
 TODAY
  MAXIMUM         31   1245 PM  74    1893  50    -19       47
  MINIMUM         28    758 AM   6    1954  31     -3       44
  AVERAGE         30                        41    -11       46

PRECIPITATION (IN)
  TODAY            0.44          1.21 1934   0.09   0.35     0.30
  MONTH TO DATE    0.44                      0.25   0.19     0.38
  SINCE MAR 1      1.35                      2.13  -0.78     3.25
  SINCE JAN 1      3.85                      3.82   0.03     7.03

SNOWFALL (IN)
  TODAY           MM             8.0  1945   0.2   MM        0.0
  MONTH TO DATE    T                         0.5   -0.5      0.0
  SINCE JUL 1     43.2                      49.1   -5.9     52.7
  SNOW DEPTH       1

DEGREE DAYS
 HEATING
  TODAY           35                        24     11       19
  MONTH TO DATE  114                        74     40       59
  SINCE JUL 1   7144                      6946    198     6140

 COOLING
  TODAY            0                         0      0        0
  MONTH TO DATE    0                         0      0        0
  SINCE JAN 1      0                         0      0        0
..................................................................


WIND (MPH)
  HIGHEST WIND SPEED    20   HIGHEST WIND DIRECTION     N (10)
  HIGHEST GUST SPEED    26   HIGHEST GUST DIRECTION     N (10)
  AVERAGE WIND SPEED    14.3


SKY COVER
  POSSIBLE SUNSHINE  MM
  AVERAGE SKY COVER 1.0


WEATHER CONDITIONS
 THE FOLLOWING WEATHER WAS RECORDED TODAY.
  SNOW
  LIGHT SNOW
  FOG
  FOG W/VISIBILITY <= 1/4 MILE


RELATIVE HUMIDITY (PERCENT)
 HIGHEST   100          1000 AM
 LOWEST     85          1200 AM
 AVERAGE    93

..........................................................


THE ROCHESTER MN CLIMATE NORMALS FOR TOMORROW
                         NORMAL    RECORD    YEAR
 MAXIMUM TEMPERATURE (F)   51        77      1942
                                             1929
 MINIMUM TEMPERATURE (F)   32         6      1995


SUNRISE AND SUNSET
APRIL  3 2018.........SUNRISE   648 AM CDT   SUNSET   739 PM CDT
APRIL  4 2018.........SUNRISE   646 AM CDT   SUNSET   741 PM CDT


-  INDICATES NEGATIVE NUMBERS.
R  INDICATES RECORD WAS SET OR TIED.
MM INDICATES DATA IS MISSING.
T  INDICATES TRACE AMOUNT.




$$
