000
CDUS43 KARX 012140
CLIRST


CLIMATE REPORT
NATIONAL WEATHER SERVICE LA CROSSE WI
438 PM CDT TUE MAY 1 2018


...................................

...THE ROCHESTER MN CLIMATE SUMMARY FOR MAY 1 2018...
VALID TODAY AS OF 0400 PM LOCAL TIME.

CLIMATE NORMAL PERIOD 1981 TO 2010
CLIMATE RECORD PERIOD 1886 TO 2018


WEATHER ITEM   OBSERVED TIME   RECORD YEAR NORMAL DEPARTURE LAST
                VALUE   (LST)  VALUE       VALUE  FROM      YEAR
                                                  NORMAL
..................................................................
TEMPERATURE (F)
 TODAY
  MAXIMUM         71   1113 AM  89    1992  64      7       42
  MINIMUM         57    745 AM  25    1966  42     15       36
                                      1961
                                      1943
  AVERAGE         64                        53     11       39

PRECIPITATION (IN)
  TODAY            T             1.20 1936   0.12  -0.12     0.23
  MONTH TO DATE    T                         0.12  -0.12     0.23
  SINCE MAR 1      4.09                      5.24  -1.15     7.65
  SINCE JAN 1      6.59                      6.93  -0.34    11.43

SNOWFALL (IN)
  TODAY            0.0           1.0  1893   0.0    0.0      0.0
  MONTH TO DATE    0.0                       0.0    0.0      0.0
  SINCE JUL 1     60.2                      51.9    8.3     52.7
  SNOW DEPTH       0

DEGREE DAYS
 HEATING
  TODAY            1                        12    -11       26
  MONTH TO DATE    1                        12    -11       26
  SINCE JUL 1   7938                      7437    501     6610

 COOLING
  TODAY            0                         0      0        0
  MONTH TO DATE    0                         0      0        0
  SINCE JAN 1      0                         4     -4        0
..................................................................


WIND (MPH)
  HIGHEST WIND SPEED    28   HIGHEST WIND DIRECTION    SW (210)
  HIGHEST GUST SPEED    36   HIGHEST GUST DIRECTION     S (170)
  AVERAGE WIND SPEED    15.1


SKY COVER
  POSSIBLE SUNSHINE  MM
  AVERAGE SKY COVER 0.4


WEATHER CONDITIONS
 THE FOLLOWING WEATHER WAS RECORDED TODAY.
  LIGHT RAIN


RELATIVE HUMIDITY (PERCENT)
 HIGHEST    72           900 AM
 LOWEST     52          1200 AM
 AVERAGE    62

..........................................................


THE ROCHESTER MN CLIMATE NORMALS FOR TOMORROW
                         NORMAL    RECORD    YEAR
 MAXIMUM TEMPERATURE (F)   64        90      1959
 MINIMUM TEMPERATURE (F)   43        26      1990
                                             1909


SUNRISE AND SUNSET
MAY  1 2018...........SUNRISE   602 AM CDT   SUNSET   813 PM CDT
MAY  2 2018...........SUNRISE   600 AM CDT   SUNSET   814 PM CDT


-  INDICATES NEGATIVE NUMBERS.
R  INDICATES RECORD WAS SET OR TIED.
MM INDICATES DATA IS MISSING.
T  INDICATES TRACE AMOUNT.




$$
