000
CXUS53 KARX 010934
CLMRST
CLIMATE REPORT
NATIONAL WEATHER SERVICE LA CROSSE WI
434 AM CDT THU JUN 01 2023
...................................
...THE ROCHESTER MN CLIMATE SUMMARY FOR THE MONTH OF MAY 2023...
CLIMATE NORMAL PERIOD 1991 TO 2020
CLIMATE RECORD PERIOD 1886 TO 2023
WEATHER OBSERVED NORMAL DEPART LAST YEAR`S
VALUE DATE(S) VALUE FROM VALUE DATE(S)
NORMAL
................................................................
TEMPERATURE (F)
RECORD
HIGH 106 05/31/1934
LOW 21 05/03/1967
05/03/1910
HIGHEST 87 05/30 94 05/12
LOWEST 36 05/01 34 05/23
05/03
AVG. MAXIMUM 72.6 68.0 4.6 69.7
AVG. MINIMUM 49.1 47.1 2.0 48.8
MEAN 60.9 57.6 3.3 59.3
DAYS MAX >= 90 0 0.7 -0.7 1
DAYS MAX <= 32 0 0.0 0.0 0
DAYS MIN <= 32 0 1.1 -1.1 0
DAYS MIN <= 0 0 0.0 0.0 0
PRECIPITATION (INCHES)
RECORD
MAXIMUM 12.26 2013
TOTALS 4.51 4.35 0.16 4.20
DAYS >= .01 9 13.3 -4.3 13
DAYS >= .10 8 7.6 0.4 8
DAYS >= .50 3 2.8 0.2 3
DAYS >= 1.00 2 1.1 0.9 1
GREATEST
24 HR. TOTAL 1.27 05/11 TO 05/11 1.57 05/24 TO 05/25
SNOWFALL (INCHES)
RECORDS
TOTAL 14.5 2013
SNOW DEPTH 13 05/03/2013
TOTALS 0.0 0.5 -0.5 0.0
SINCE 7/1 63.3 53.1 10.2 MM
SNOWDEPTH AVG. 0 0
DAYS >= TRACE 0 0.1 -0.1 0
DAYS >= 1.0 0 0.0 0.0 0
GREATEST
SNOW DEPTH 0 0 MM
DEGREE DAYS
HEATING TOTAL 148 263 -115 231
SINCE 7/1 7596 7804 -208 MM
COOLING TOTAL 27 32 -5 62
SINCE 1/1 39 34 5 MM
................................................................
WIND (MPH)
AVERAGE WIND SPEED 10.5
HIGHEST WIND SPEED/DIRECTION 37/330 DATE 05/01
HIGHEST GUST SPEED/DIRECTION 48/350 DATE 05/01
AVERAGE RH (PERCENT) 63
WEATHER CONDITIONS. NUMBER OF DAYS WITH
THUNDERSTORM 4 MIXED PRECIP 0
HEAVY RAIN 3 RAIN 6
LIGHT RAIN 10 FREEZING RAIN 0
LT FREEZING RAIN 0 HAIL 0
HEAVY SNOW 0 SNOW 0
LIGHT SNOW 0 SLEET 0
FOG 13 FOG W/VIS <= 1/4 MILE 2
HAZE 4
- INDICATES NEGATIVE NUMBERS.
R INDICATES RECORD WAS SET OR TIED.
MM INDICATES DATA IS MISSING.
T INDICATES TRACE AMOUNT.
$$