529
CXUS53 KARX 070948
CLMRST

CLIMATE REPORT
NATIONAL WEATHER SERVICE LA CROSSE WI
424 AM CST THU MAR 1 2018

...ROCHESTER, MN RECEIVED SLIGHTLY ABOVE NORMAL PRECIPITATION AND
BELOW NORMAL TEMPERATURES IN THE MONTH OF FEBRUARY...

THE AVERAGE TEMPERATURE IN FEBRUARY WAS 15.3 DEGREES, WHICH WAS 5
DEGREES BELOW NORMAL. THE AVERAGE HIGH TEMPERATURE WAS 24.1 DEGREES
AND THE AVERAGE LOW WAS 6.6 DEGREES. THE HIGHEST TEMPERATURE IN THE
MONTH WAS 44 DEGREES, WHICH OCCURRED ON THE 27TH. THE LOWEST READING
WAS 11 DEGREES BELOW ZERO, WHICH OCCURRED ON THE 6TH.

A TOTAL OF 1.08 INCHES OF PRECIPITATION FELL DURING THE MONTH, WHICH
WAS TWENTY FIVE HUNDREDTHS OF AN INCH ABOVE NORMAL. THE GREATEST 24
HOUR PRECIPITATION TOTAL WAS TWENTY TWO HUNDREDTHS OF AN INCH, WHICH
OCCURRED ON THE 24TH.

THERE WAS 9.5 INCHES OF SNOW DURING THE MONTH, WHICH WAS 1 INCH
ABOVE NORMAL. THE GREATEST 24 HOUR SNOWFALL WAS 2.0 INCHES, WHICH
OCCURRED ON THE 24TH.

...RECORDS...

THERE WERE NO RECORDS BROKEN OR TIED DURING THE MONTH OF FEBRUARY.

...DISCUSSION...

TEMPERATURES DURING THE MONTH OF FEBRUARY WERE BELOW NORMAL AT
ROCHESTER, MINNESOTA. THE COLDEST STRETCH OCCURRED FROM THE 4TH
THROUGH THE 13TH, WHERE THE DAILY AVERAGE TEMPERATURE RANGED FROM
3 TO 20 DEGREES BELOW NORMAL. THERE WERE 11 DAYS WHERE THE
TEMPERATURE DROP TO OR BELOW ZERO. TYPICALLY, THERE ARE 6 DAYS
WHERE THE TEMPERATURE DROPS TO OR BELOW ZERO IN THE MONTH OF
FEBRUARY. THERE WERE 21 DAYS WHERE THE MAXIMUM TEMPERATURE WARMED
TO OR BELOW 32 DEGREES. TYPICALLY, THERE ARE 16 DAYS WHERE THE
MAXIMUM TEMPERATURE WARMS TO OR BELOW 32 DEGREES.

PRECIPITATION IN THE MONTH OF FEBRUARY WAS SLIGHTLY ABOVE NORMAL.
THE GREATEST 24 HOUR PRECIPITATION OCCURRED ON THE 24TH, WHERE
TWENTY TWO HUNDREDTHS OF AN INCH FELL. THERE WERE 12 DAYS OF
MEASURABLE PRECIPITATION DURING THE MONTH. TYPICALLY, ROCHESTER SEES
8 DAYS OF MEASURABLE PRECIPITATION. THE SNOWIEST STRETCH OF THE
MONTH OCCURRED FROM THE 3RD THROUGH THE 9TH, WHERE 4.6 INCHES OF
SNOW FELL.

...................................

...THE ROCHESTER MN CLIMATE SUMMARY FOR THE MONTH OF FEBRUARY 2018...

CLIMATE NORMAL PERIOD 1981 TO 2010
CLIMATE RECORD PERIOD 1886 TO 2018

WEATHER         OBSERVED          NORMAL  DEPART  LAST YEAR`S
                 VALUE   DATE(S)  VALUE   FROM    VALUE  DATE(S)
                                          NORMAL
................................................................
TEMPERATURE (F)
RECORD
 HIGH              63   02/17/1981
 LOW              -35   02/02/1996
HIGHEST            44   02/27        MM      MM       57  02/19
LOWEST            -11   02/06        MM      MM        0  02/09
AVG. MAXIMUM     24.1              28.1    -4.0     36.2
AVG. MINIMUM      6.6              12.4    -5.8     19.0
MEAN             15.3              20.3    -5.0     27.6
DAYS MAX >= 90      0               0.0     0.0        0
DAYS MAX <= 32     21              16.3     4.7       11
DAYS MIN <= 32     28              26.3     1.7       23
DAYS MIN <= 0      11               6.0     5.0        1

PRECIPITATION (INCHES)
RECORD
 MAXIMUM         2.30   1915
 MINIMUM         0.04   1964
TOTALS           1.08              0.83    0.25     1.66
DAILY AVG.       0.04              0.03    0.01     0.06
DAYS >= .01        12               7.9     4.1        5
DAYS >= .10         4               2.3     1.7        3
DAYS >= .50         0               0.3    -0.3        1
DAYS >= 1.00        0               0.0     0.0        0
GREATEST
 24 HR. TOTAL    0.22   02/24 TO 02/24           02/20 TO 02/20
                                                          02/24 TO 02/24
                                                          02/24 TO 02/24

SNOWFALL (INCHES)
RECORDS
 TOTAL           20.1   2007
 24 HR TOTAL       MM
TOTALS            9.5               8.5     1.0     10.4
SINCE 7/1        36.2              39.9    -3.7     44.3
SNOWDEPTH AVG.      4                 6      -2        5
DAYS >= TRACE      15               7.5     7.5        6
DAYS >= 1.0         4               2.7     1.3        2
GREATEST
 SNOW DEPTH         6   02/10                         10
                        02/09
 24 HR TOTAL      2.0   02/24 TO 02/24               6.4

DEGREE_DAYS
HEATING TOTAL    1384              1253     131     1041
 SINCE 7/1       5969              5861     108     5044
COOLING TOTAL       0                 0       0        0
 SINCE 1/1          0                 0       0        0
.....................................................

WIND (MPH)
AVERAGE WIND SPEED              11.9
HIGHEST WIND SPEED/DIRECTION    37/180    DATE  02/18
HIGHEST GUST SPEED/DIRECTION    54/160    DATE  02/18

SKY COVER
POSSIBLE SUNSHINE (PERCENT)   MM
AVERAGE SKY COVER           0.40
NUMBER OF DAYS FAIR           13
NUMBER OF DAYS PC             11
NUMBER OF DAYS CLOUDY          4

AVERAGE RH (PERCENT)     81

WEATHER CONDITIONS. NUMBER OF DAYS WITH
THUNDERSTORM              0     MIXED PRECIP               0
HEAVY RAIN                0     RAIN                       0
LIGHT RAIN                0     FREEZING RAIN              2
LT FREEZING RAIN          5     HAIL                       0
HEAVY SNOW                0     SNOW                       3
LIGHT SNOW               15     SLEET                      0
FOG                      19     FOG W/VIS <= 1/4 MILE      1
HAZE                      8

-  INDICATES NEGATIVE NUMBERS.
R  INDICATES RECORD WAS SET OR TIED.
MM INDICATES DATA IS MISSING.
T  INDICATES TRACE AMOUNT.

$$

DTJ/BOYNE
