000
CXUS53 KMPX 010710
CF6RWF
PRELIMINARY LOCAL CLIMATOLOGICAL DATA (WS FORM: F-6)
STATION: REDWOOD FALLS MN
MONTH: MAY
YEAR: 2020
LATITUDE: 44 32 N
LONGITUDE: 95 5 W
TEMPERATURE IN F: :PCPN: SNOW: WIND :SUNSHINE: SKY :PK WND
================================================================================
1 2 3 4 5 6A 6B 7 8 9 10 11 12 13 14 15 16 17 18
12Z AVG MX 2MIN
DY MAX MIN AVG DEP HDD CDD WTR SNW DPTH SPD SPD DIR MIN PSBL S-S WX SPD DR
================================================================================
1 85 48 67 13 0 2 T M M 16.5 31 160 M M 2 44 150
2 74 52 63 9 2 0 0.00 M M 11.7 26 310 M M 0 38 280
3 70 43 57 2 8 0 0.00 M M 8.0 17 350 M M 0 29 300
4 61 41 51 -4 14 0 0.00 M M 8.7 20 120 M M 5 29 80
5 52 45 49 -6 16 0 0.08 M M 8.5 20 160 M M 10 1 24 150
6 64 44 54 -2 11 0 T M M 8.8 22 300 M M 7 1 30 300
7 63 40 52 -4 13 0 0.00 M M 8.2 18 320 M M 3 28 10
8 54 33 44 -12 21 0 0.00 M M 10.7 23 310 M M 0 34 290
9 64 30 47 -10 18 0 0.04 M M 12.1 31 280 M M 7 1 42 280
10 47 36 42 -15 23 0 T M M 13.1 21 320 M M 9 33 320
11 54 34 44 -14 21 0 0.00 M M 11.3 21 300 M M 3 27 310
12 59 29 44 -14 21 0 0.00 M M 5.1 12 140 M M 1 16 360
13 60 47 54 -4 11 0 T M M 13.2 29 150 M M 10 18 37 160
14 73 51 62 4 3 0 T M M 6.7 18 310 M M 6 18 26 330
15 71 40 56 -3 9 0 0.00 M M 6.9 15 330 M M 0 22 340
16 56 52 54 -5 11 0 0.52 M M 6.4 13 50 M M 9 1 23 60
17 53 50 52 -7 13 0 0.45 M M 13.0 21 20 M M 10 1 36 30
18 68 49 59 -1 6 0 0.00 M M 8.6 18 70 M M 9 29 80
19 65 53 59 -1 6 0 0.00 M M 7.7 14 140 M M 9 21 110
20 72 56 64 4 1 0 0.00 M M 13.1 23 160 M M 8 29 170
21 68 56 62 1 3 0 0.00 M M 14.1 24 160 M M 10 30 160
22 65 56 61 0 4 0 0.00 M M 9.6 17 140 M M 10 18 23 140
23 73 57 65 4 0 0 0.04 M M 5.6 12 80 M M 7 1 17 70
24 78 58 68 6 0 3 0.25 M M 8.0 20 210 M M 6 123 32 70
25 76 58 67 5 0 2 0.04 M M 7.9 14 290 M M 5 18 19 320
26 66 59 63 1 2 0 0.17 M M 6.2 13 300 M M 10 18 18 320
27 84 57 71 8 0 6 0.00 M M 5.0 15 130 M M 3 128 17 130
28 78 57 68 5 0 3 0.00 M M 10.8 29 300 M M 2 1 39 340
29 72 50 61 -2 4 0 0.00 M M 10.3 21 330 M M 1 31 320
30 71 47 59 -5 6 0 0.00 M M 4.5 15 290 M M 2 21 280
31 77 48 63 -1 2 0 0.00 M M 13.3 24 160 M M 3 31 170
================================================================================
SM 2073 1476 249 16 1.59 M 293.6 M 167
================================================================================
AV 66.9 47.6 9.5 FASTST M M 5 MAX(MPH)
MISC ----> # 31 160 44 150
================================================================================
NOTES:
# LAST OF SEVERAL OCCURRENCES
COLUMN 17 PEAK WIND IN M.P.H.
PRELIMINARY LOCAL CLIMATOLOGICAL DATA (WS FORM: F-6) , PAGE 2
STATION: REDWOOD FALLS MN
MONTH: MAY
YEAR: 2020
LATITUDE: 44 32 N
LONGITUDE: 95 5 W
[TEMPERATURE DATA] [PRECIPITATION DATA] SYMBOLS USED IN COLUMN 16
AVERAGE MONTHLY: 57.2 TOTAL FOR MONTH: 1.59 1 = FOG OR MIST
DPTR FM NORMAL: -1.8 DPTR FM NORMAL: -1.64 2 = FOG REDUCING VISIBILITY
HIGHEST: 85 ON 1 GRTST 24HR 0.91 ON 16-17 TO 1/4 MILE OR LESS
LOWEST: 29 ON 12 3 = THUNDER
SNOW, ICE PELLETS, HAIL 4 = ICE PELLETS
TOTAL MONTH: M 5 = HAIL
GRTST 24HR M ON M 6 = FREEZING RAIN OR DRIZZLE
GRTST DEPTH: M ON M 7 = DUSTSTORM OR SANDSTORM:
VSBY 1/2 MILE OR LESS
8 = SMOKE OR HAZE
[NO. OF DAYS WITH] [WEATHER - DAYS WITH] 9 = BLOWING SNOW
X = TORNADO
MAX 32 OR BELOW: 0 0.01 INCH OR MORE: 8
MAX 90 OR ABOVE: 0 0.10 INCH OR MORE: 4
MIN 32 OR BELOW: 2 0.50 INCH OR MORE: 1
MIN 0 OR BELOW: 0 1.00 INCH OR MORE: 0
[HDD (BASE 65) ]
TOTAL THIS MO. 249 CLEAR (SCALE 0-3) 12
DPTR FM NORMAL 25 PTCLDY (SCALE 4-7) 9
TOTAL FM JUL 1 7740 CLOUDY (SCALE 8-10) 10
DPTR FM NORMAL -99
[CDD (BASE 65) ]
TOTAL THIS MO. 16
DPTR FM NORMAL -22 [PRESSURE DATA]
TOTAL FM JAN 1 16 HIGHEST SLP M ON M
DPTR FM NORMAL -26 LOWEST SLP 29.58 ON 1
[REMARKS]
#FINAL-05-20#