000
CXUS55 KPIH 011200
CF6RXE
PRELIMINARY LOCAL CLIMATOLOGICAL DATA (WS FORM: F-6)
STATION: REXBURG
MONTH: FEBRUARY
YEAR: 2022
LATITUDE: 43 49 N
LONGITUDE: 111 48 W
TEMPERATURE IN F: :PCPN: SNOW: WIND :SUNSHINE: SKY :PK WND
================================================================================
1 2 3 4 5 6A 6B 7 8 9 10 11 12 13 14 15 16 17 18
12Z AVG MX 2MIN
DY MAX MIN AVG DEP HDD CDD WTR SNW DPTH SPD SPD DIR MIN PSBL S-S WX SPD DR
================================================================================
1 15 -4 6 -15 59 0 T M M 2.6 12 230 M M 9 128 16 240
2 14 -3 6 -15 59 0 T M M 3.1 10 220 M M 5 18 14 230
3 17 3 10 -12 55 0 T M M 2.0 8 20 M M 10 18 11 20
4 21 15 18 -4 47 0 T M M 1.5 8 70 M M 10 18 10 70
5 24 10 17 -5 48 0 0.00 M M 3.1 15 200 M M 9 1 19 190
6 23 17 20 -2 45 0 0.00 M M 1.3 9 240 M M 9 12 11 240
7 28 4 16 -6 49 0 0.00 M M 3.5 9 40 M M 4 18 11 40
8 25 0 13 -9 52 0 0.00 M M 1.6 12 80 M M 2 18 18 70
9 29 13 21 -1 44 0 0.00 M M 2.9 13 230 M M 7 18 16 230
10 26 13 20 -3 45 0 0.00 M M 3.2 14 260 M M 10 12 17 250
11 30 19 25 2 40 0 0.00 M M 1.9 7 30 M M 9 1 9 310
12 33 7 20 -3 45 0 0.00 M M 3.1 8 60 M M 4 12 10 50
13 36 4 20 -3 45 0 0.00 M M 3.6 8 30 M M 0 12 30
14 38 8 23 -1 42 0 0.00 M M 3.8 8 60 M M 2 8 10 60
15 33 27 30 6 35 0 0.03 M M 8.6 18 200 M M 10 1 26 210
16 32 17 25 1 40 0 T M M 5.0 13 230 M M 6 1 18 210
17 27 18 23 -1 42 0 0.00 M M 8.8 20 200 M M 10 1 27 220
18 33 19 26 1 39 0 0.00 M M 3.2 10 240 M M 6 14 250
19 38 11 25 0 40 0 0.00 M M 2.2 9 220 M M 2 12 13 210
20 41 19 30 5 35 0 T M M 9.7 23 200 M M 3 1 35 220
21 30 8 19 -7 46 0 0.06 M M 10.0 18 60 M M 8 18 28 220
22 19 1 10 -16 55 0 T M M 10.1 16 60 M M 7 8 24 20
23 20 -2 9 -17 56 0 T M M 9.8 17 200 M M 1 8 24 210
24 17 7 12 -15 53 0 0.01 M M 7.4 17 220 M M 10 18 25 210
25 17 -3 7 -20 58 0 T M M 3.2 9 240 M M 7 18 12 200
26 21 0 11 -17 54 0 T M M 3.7 8 50 M M 6 8 12 40
27 26 -6 10 -18 55 0 0.00 M M 3.5 8 40 M M 2 8 10 360
28 36 9 23 -5 42 0 0.00 M M 2.4 8 90 M M 4 8 11 10
================================================================================
SM 749 231 1325 0 0.10 M 124.8 M 172
================================================================================
AV 26.8 8.3 4.5 FASTST M M 6 MAX(MPH)
MISC ----> 23 200 35 220
================================================================================
NOTES:
# LAST OF SEVERAL OCCURRENCES
COLUMN 17 PEAK WIND IN M.P.H.
PRELIMINARY LOCAL CLIMATOLOGICAL DATA (WS FORM: F-6) , PAGE 2
STATION: REXBURG
MONTH: FEBRUARY
YEAR: 2022
LATITUDE: 43 49 N
LONGITUDE: 111 48 W
[TEMPERATURE DATA] [PRECIPITATION DATA] SYMBOLS USED IN COLUMN 16
AVERAGE MONTHLY: 17.5 TOTAL FOR MONTH: 0.10 1 = FOG OR MIST
DPTR FM NORMAL: -6.6 DPTR FM NORMAL: -0.59 2 = FOG REDUCING VISIBILITY
HIGHEST: 41 ON 20 GRTST 24HR 0.06 ON 21-21 TO 1/4 MILE OR LESS
LOWEST: -6 ON 27 3 = THUNDER
SNOW, ICE PELLETS, HAIL 4 = ICE PELLETS
TOTAL MONTH: M 5 = HAIL
GRTST 24HR M ON M 6 = FREEZING RAIN OR DRIZZLE
GRTST DEPTH: M ON M 7 = DUSTSTORM OR SANDSTORM:
VSBY 1/2 MILE OR LESS
8 = SMOKE OR HAZE
[NO. OF DAYS WITH] [WEATHER - DAYS WITH] 9 = BLOWING SNOW
X = TORNADO
MAX 32 OR BELOW: 20 0.01 INCH OR MORE: 3
MAX 90 OR ABOVE: 0 0.10 INCH OR MORE: 0
MIN 32 OR BELOW: 28 0.50 INCH OR MORE: 0
MIN 0 OR BELOW: 7 1.00 INCH OR MORE: 0
[HDD (BASE 65) ]
TOTAL THIS MO. 1325 CLEAR (SCALE 0-3) 6
DPTR FM NORMAL 180 PTCLDY (SCALE 4-7) 12
TOTAL FM JUL 1 5566 CLOUDY (SCALE 8-10) 10
DPTR FM NORMAL -220
[CDD (BASE 65) ]
TOTAL THIS MO. 0
DPTR FM NORMAL 0 [PRESSURE DATA]
TOTAL FM JAN 1 0 HIGHEST SLP 30.84 ON 27
DPTR FM NORMAL 0 LOWEST SLP 29.65 ON 20
[REMARKS]
#FINAL-02-22#