000
CXUS54 KEWX 011110
CF6RYW
PRELIMINARY LOCAL CLIMATOLOGICAL DATA (WS FORM: F-6)
STATION: LAGO VISTA
MONTH: FEBRUARY
YEAR: 2024
LATITUDE: 30 30 N
LONGITUDE: 97 58 W
TEMPERATURE IN F: :PCPN: SNOW: WIND :SUNSHINE: SKY :PK WND
================================================================================
1 2 3 4 5 6A 6B 7 8 9 10 11 12 13 14 15 16 17 18
12Z AVG MX 2MIN
DY MAX MIN AVG DEP HDD CDD WTR SNW DPTH SPD SPD DIR MIN PSBL S-S WX SPD DR
================================================================================
1 69 51 60 M 5 0 0.00 M M 6.4 13 180 M M 3 21 180
2 64 57 61 M 4 0 0.09 M M 8.3 13 120 M M 9 1 22 120
3 68 51 60 M 5 0 0.09 M M 4.8 10 270 M M 4 12 33 250
4 65 49 57 M 8 0 0.00 M M 13.2 23 290 M M 2 32 290
5 62 48 55 M 10 0 0.00 M M 9.5 14 350 M M 5 22 330
6 68 45 57 M 8 0 0.00 M M 3.6 8 20 M M 0 M M
7 67 48 58 M 7 0 0.00 M M 8.3 15 180 M M 3 25 180
8 68 59 64 M 1 0 0.00 M M 2.0 6 310 M M 5 M M
9 71 58 65 M 0 0 0.00 M M 4.1 8 180 M M 7 1 M M
10 64 55 60 M 5 0 0.55 M M 6.6 14 280 M M 10 1 17 30
11 57 42 50 M 15 0 0.02 M M 7.4 12 310 M M 9 23 28 0
12 58 38 48 M 17 0 0.00 M M 10.0 16 300 M M 3 27 300
13 66 39 53 M 12 0 0.00 M M 4.0 8 150 M M 0 M M
14 65 47 56 M 9 0 0.00 M M 6.4 8 200 M M 5 M M
15 68 57 63 M 2 0 0.00 M M 5.7 9 210 M M 5 M M
16 73 47 60 M 5 0 0.00 M M 8.8 15 20 M M 3 24 20
17 47 33 40 M 25 0 0.00 M M 10.7 17 30 M M 3 24 360
18 54 30 42 M 23 0 0.00 M M 3.7 8 360 M M 1 M M
19 67 40 54 M 11 0 0.00 M M 7.8 13 180 M M 0 20 200
20 80 51 66 M 0 1 0.00 M M 8.2 13 180 M M 0 18 170
21 75 57 66 M 0 1 0.00 M M 10.1 16 190 M M 4 25 160
22 85 62 74 M 0 9 0.00 M M 10.9 22 280 M M 4 30 280
23 73 53 63 M 2 0 0.00 M M 8.1 13 10 M M 0 22 10
24 77 49 63 M 2 0 0.00 M M 7.4 12 200 M M 0 18 190
25 85 58 72 M 0 7 0.00 M M 9.5 15 210 M M 1 24 200
26 90 63 77 M 0 12 0.00 M M 6.8 13 190 M M 0 17 190
27 81 65 73 M 0 8 0.00 M M 7.4 10 190 M M 4 1 17 190
28 73 43 58 M 7 0 0.00 M M 11.2 20 10 M M 2 32 10
29 M M M M M M 0.00 M M 7.6 12 40 M M 7 18 40
================================================================================
SM 1940 1395 183 38 0.75 M 218.5 M 99
================================================================================
AV 69.3 49.8 7.5 FASTST M M 3 MAX(MPH)
MISC ----> 23 290 33 250
================================================================================
NOTES:
# LAST OF SEVERAL OCCURRENCES
COLUMN 17 PEAK WIND IN M.P.H.
PRELIMINARY LOCAL CLIMATOLOGICAL DATA (WS FORM: F-6) , PAGE 2
STATION: LAGO VISTA
MONTH: FEBRUARY
YEAR: 2024
LATITUDE: 30 30 N
LONGITUDE: 97 58 W
[TEMPERATURE DATA] [PRECIPITATION DATA] SYMBOLS USED IN COLUMN 16
AVERAGE MONTHLY: 59.6 TOTAL FOR MONTH: 0.75 1 = FOG OR MIST
DPTR FM NORMAL: 0.0 DPTR FM NORMAL: M 2 = FOG REDUCING VISIBILITY
HIGHEST: 90 ON 26 GRTST 24HR 0.55 ON 10-10 TO 1/4 MILE OR LESS
LOWEST: 30 ON 18 3 = THUNDER
SNOW, ICE PELLETS, HAIL 4 = ICE PELLETS
TOTAL MONTH: M 5 = HAIL
GRTST 24HR M ON M 6 = FREEZING RAIN OR DRIZZLE
GRTST DEPTH: M ON M 7 = DUSTSTORM OR SANDSTORM:
VSBY 1/2 MILE OR LESS
8 = SMOKE OR HAZE
[NO. OF DAYS WITH] [WEATHER - DAYS WITH] 9 = BLOWING SNOW
X = TORNADO
MAX 32 OR BELOW: 0 0.01 INCH OR MORE: 4
MAX 90 OR ABOVE: 1 0.10 INCH OR MORE: 1
MIN 32 OR BELOW: 1 0.50 INCH OR MORE: 1
MIN 0 OR BELOW: 0 1.00 INCH OR MORE: 0
[HDD (BASE 65) ]
TOTAL THIS MO. 183 CLEAR (SCALE 0-3) 15
DPTR FM NORMAL M PTCLDY (SCALE 4-7) 11
TOTAL FM JUL 1 1337 CLOUDY (SCALE 8-10) 3
DPTR FM NORMAL M
[CDD (BASE 65) ]
TOTAL THIS MO. 38
DPTR FM NORMAL M [PRESSURE DATA]
TOTAL FM JAN 1 38 HIGHEST SLP M ON M
DPTR FM NORMAL M LOWEST SLP M ON M
[REMARKS]
#FINAL-02-24#