560
CXUS54 KEWX 011011
CF6RYW
PRELIMINARY LOCAL CLIMATOLOGICAL DATA (WS FORM: F-6)
STATION: LAGO VISTA
MONTH: JULY
YEAR: 2020
LATITUDE: 30 30 N
LONGITUDE: 97 58 W
TEMPERATURE IN F: :PCPN: SNOW: WIND :SUNSHINE: SKY :PK WND
================================================================================
1 2 3 4 5 6A 6B 7 8 9 10 11 12 13 14 15 16 17 18
12Z AVG MX 2MIN
DY MAX MIN AVG DEP HDD CDD WTR SNW DPTH SPD SPD DIR MIN PSBL S-S WX SPD DR
================================================================================
1 91 77 84 M 0 19 0.00 M M 8.1 10 140 M M 7 17 180
2 95 77 86 M 0 21 0.00 M M 7.1 12 170 M M 3 1 17 130
3 98 73 86 M 0 21 0.00 M M 6.2 9 140 M M 1 M M
4 99 74 87 M 0 22 0.00 M M 5.8 10 140 M M 0 16 140
5 99 77 88 M 0 23 0.00 M M 6.9 12 140 M M 0 17 120
6 92 76 84 M 0 19 0.00 M M 5.6 9 160 M M 3 3 M M
7 96 77 87 M 0 22 0.02 M M 7.2 13 40 M M 5 22 40
8 95 76 86 M 0 21 0.00 M M 7.8 15 180 M M 5 18 180
9 97 76 87 M 0 22 0.00 M M 9.1 14 190 M M 5 25 200
10 98 74 86 M 0 21 0.00 M M 7.1 13 190 M M 3 20 170
11 101 74 88 M 0 23 0.00 M M 6.9 12 180 M M 1 M M
12 103 75 89 M 0 24 0.00 M M 6.3 14 240 M M 1 18 170
13 104 78 91 M 0 26 0.00 M M 7.2 12 150 M M 0 22 150
14 102 74 88 M 0 23 0.00 M M 9.0 13 160 M M 0 22 160
15 98 74 86 M 0 21 0.00 M M 8.7 13 180 M M 3 20 180
16 97 74 86 M 0 21 0.00 M M 6.3 12 130 M M 1 M M
17 98 76 87 M 0 22 0.00 M M 5.8 10 170 M M 1 21 170
18 95 72 84 M 0 19 0.00 M M 5.8 10 140 M M 3 20 130
19 94 73 84 M 0 19 0.00 M M 4.6 14 140 M M 3 23 140
20 97 74 86 M 0 21 0.00 M M 4.9 12 110 M M 2 17 110
21 95 73 84 M 0 19 0.00 M M 5.4 10 100 M M 5 M M
22 97 75 86 M 0 21 0.00 M M 6.0 10 130 M M 5 18 140
23 97 74 86 M 0 21 0.00 M M 5.3 8 100 M M 4 20 130
24 98 75 87 M 0 22 0.00 M M 7.6 14 90 M M 3 27 90
25 91 74 83 M 0 18 0.01 M M 8.5 16 80 M M 5 24 70
26 94 72 83 M 0 18 0.12 M M 6.8 12 90 M M 6 20 90
27 96 74 85 M 0 20 0.00 M M 4.1 9 150 M M 6 17 150
28 96 74 85 M 0 20 0.00 M M 4.7 15 120 M M 2 3 25 120
29 96 73 85 M 0 20 0.00 M M 8.2 21 170 M M 3 30 170
30 97 74 86 M 0 21 0.00 M M 8.7 14 190 M M 4 24 190
31 96 73 85 M 0 20 0.05 M M 6.5 9 250 M M 4 3 17 240
================================================================================
SM 3002 2312 0 650 0.20 M 208.2 M 94
================================================================================
AV 96.8 74.6 6.7 FASTST M M 3 MAX(MPH)
MISC ----> # 21 170 # 30 170
================================================================================
NOTES:
# LAST OF SEVERAL OCCURRENCES
COLUMN 17 PEAK WIND IN M.P.H.
PRELIMINARY LOCAL CLIMATOLOGICAL DATA (WS FORM: F-6) , PAGE 2
STATION: LAGO VISTA
MONTH: JULY
YEAR: 2020
LATITUDE: 30 30 N
LONGITUDE: 97 58 W
[TEMPERATURE DATA] [PRECIPITATION DATA] SYMBOLS USED IN COLUMN 16
AVERAGE MONTHLY: 85.7 TOTAL FOR MONTH: 0.20 1 = FOG OR MIST
DPTR FM NORMAL: M DPTR FM NORMAL: M 2 = FOG REDUCING VISIBILITY
HIGHEST: 104 ON 13 GRTST 24HR 0.12 ON 26-26 TO 1/4 MILE OR LESS
LOWEST: 72 ON 26,18 3 = THUNDER
SNOW, ICE PELLETS, HAIL 4 = ICE PELLETS
TOTAL MONTH: M 5 = HAIL
GRTST 24HR M ON M 6 = FREEZING RAIN OR DRIZZLE
GRTST DEPTH: M ON M 7 = DUSTSTORM OR SANDSTORM:
VSBY 1/2 MILE OR LESS
8 = SMOKE OR HAZE
[NO. OF DAYS WITH] [WEATHER - DAYS WITH] 9 = BLOWING SNOW
X = TORNADO
MAX 32 OR BELOW: 0 0.01 INCH OR MORE: 4
MAX 90 OR ABOVE: 31 0.10 INCH OR MORE: 1
MIN 32 OR BELOW: 0 0.50 INCH OR MORE: 0
MIN 0 OR BELOW: 0 1.00 INCH OR MORE: 0
[HDD (BASE 65) ]
TOTAL THIS MO. 0 CLEAR (SCALE 0-3) 16
DPTR FM NORMAL M PTCLDY (SCALE 4-7) 15
TOTAL FM JUL 1 0 CLOUDY (SCALE 8-10) 0
DPTR FM NORMAL M
[CDD (BASE 65) ]
TOTAL THIS MO. 650
DPTR FM NORMAL M [PRESSURE DATA]
TOTAL FM JAN 1 1686 HIGHEST SLP M ON M
DPTR FM NORMAL M LOWEST SLP M ON M
[REMARKS]
#FINAL-07-20#