000
CXUS56 KSTO 020456
CLMSAC
CLIMATE REPORT
NATIONAL WEATHER SERVICE SACRAMENTO
956 PM PDT THU JUN 01 2023
...................................
...THE SACRAMENTO EXEC. AIRPORT CA CLIMATE SUMMARY FOR THE MONTH OF MAY 2023...
CLIMATE NORMAL PERIOD: 1991 TO 2020
CLIMATE RECORD PERIOD: 1941 TO 2023
WEATHER OBSERVED NORMAL DEPART LAST YEAR`S
VALUE DATE(S) VALUE FROM VALUE
NORMAL
..............................................................
TEMPERATURE (F)
RECORD
HIGH 105 05/28/1984
LOW 34 05/03/1950
HIGHEST 95 05/13 MM MM
LOWEST 44 05/03 MM MM
AVG. MAXIMUM 77.2
AVG. MINIMUM 51.8
MEAN 64.5
DAYS MAX >= 90 4 5.3 -1.3
DAYS MAX <= 32 0 0.0 0.0
DAYS MIN <= 32 0 0.0 0.0
DAYS MIN <= 0 0 0.0 0.0
PRECIPITATION (INCHES)
RECORD
MAXIMUM 3.17 2019
MINIMUM T 2014
TOTALS 0.25 0.75 -0.50 0.01
DAYS >= .01 3
DAYS >= .10 1
DAYS >= .50 0
DAYS >= 1.00 0
SNOWFALL (INCHES)
RECORDS
TOTAL MM MM
24 HR TOTAL MM
TOTALS MM MM MM
LIQUID EQUIV MM MM MM
SINCE 7/1 MM MM MM
LIQUID 7/1 MM
DAYS >= TRACE MM MM MM
DAYS >= 1.0 MM MM MM
GREATEST
SNOW DEPTH MM
24 HR TOTAL MM
STORM TOTAL MM
(MM/DD(HH))
DEGREE DAYS
HEATING TOTAL 83 60 23
SINCE 7/1 2703 2428 275
COOLING TOTAL 77 95 -18
SINCE 1/1 114 114 0
..............................................................
WIND (MPH)
AVERAGE WIND SPEED 6.8
HIGHEST WIND SPEED/DIRECTION 21/230 DATE 05/06
HIGHEST GUST SPEED/DIRECTION 27/210 DATE 05/29
SKY COVER
POSSIBLE SUNSHINE (PERCENT) MM
AVERAGE SKY COVER 0.18
NUMBER OF DAYS FAIR 25
NUMBER OF DAYS PC 4
NUMBER OF DAYS CLOUDY 2
AVERAGE RH (PERCENT) 64
WEATHER CONDITIONS. NUMBER OF DAYS WITH
THUNDERSTORM 1 MIXED PRECIP 0
HEAVY RAIN 0 RAIN 0
LIGHT RAIN 5 FREEZING RAIN 0
LT FREEZING RAIN 0 HAIL 0
HEAVY SNOW 0 SNOW 0
LIGHT SNOW 0 SLEET 0
FOG 3 FOG W/VIS <= 1/4 MILE 0
HAZE 1
- INDICATES NEGATIVE NUMBERS.
R INDICATES RECORD WAS SET OR TIED.
MM INDICATES DATA IS MISSING.
T INDICATES TRACE AMOUNT.
$$