000
CXUS55 KTWC 010855
CF6SAD
PRELIMINARY LOCAL CLIMATOLOGICAL DATA (WS FORM: F-6)
STATION: SAFFORD AZ AIRPORT
MONTH: AUGUST
YEAR: 2021
LATITUDE: 32 50 N
LONGITUDE: 109 38 W
TEMPERATURE IN F: :PCPN: SNOW: WIND :SUNSHINE: SKY :PK WND
================================================================================
1 2 3 4 5 6A 6B 7 8 9 10 11 12 13 14 15 16 17 18
12Z AVG MX 2MIN
DY MAX MIN AVG DEP HDD CDD WTR SNW DPTH SPD SPD DIR MIN PSBL S-S WX SPD DR
================================================================================
1 98 74 86 1 0 21 0.00 M M 4.0 16 350 M M 1 3 23 340
2 99 75 87 2 0 22 0.00 M M 7.0 21 110 M M 1 30 120
3 102 73 88 3 0 23 0.00 M M 8.9 20 290 M M 0 25 270
4 102 75 89 4 0 24 0.00 M M 6.6 16 150 M M 0 25 140
5 101 75 88 3 0 23 0.00 M M 6.1 18 100 M M 0 27 90
6 103 76 90 5 0 25 0.00 M M 8.0 17 320 M M 0 24 330
7 104 76 90 5 0 25 0.00 M M 10.6 25 280 M M 0 3 35 330
8 102 75 89 4 0 24 0.00 M M 11.1 24 20 M M 0 32 20
9 94 76 85 0 0 20 0.00 M M 8.8 18 280 M M 1 26 270
10 85 67 76 -9 0 11 0.39 M M 5.2 20 240 M M 2 13 26 240
11 92 68 80 -5 0 15 0.00 M M 10.4 22 300 M M 1 30 330
12 94 72 83 -2 0 18 0.00 M M 11.9 22 300 M M 0 30 310
13 96 74 85 0 0 20 T M M 9.9 30 360 M M 3 3 42 360
14 89 70 80 -5 0 15 0.14 M M 5.3 22 30 M M 7 138 29 40
15 92 73 83 -2 0 18 0.00 M M 7.1 16 180 M M 3 21 180
16 96 69 83 -2 0 18 0.09 M M 7.0 35 10 M M M 3 47 360
17 90 69 80 -5 0 15 0.00 M M 6.3 15 310 M M 0 21 310
18 88 67 78 -7 0 13 0.07 M M 7.5 29 290 M M M 13 40 290
19 92 64 78 -7 0 13 0.00 M M 4.8 16 310 M M M 1 21 310
20 94 67 81 -4 0 16 0.00 M M 4.7 13 320 M M M 19 350
21 98 65 82 -2 0 17 0.00 M M 5.0 14 250 M M M 19 240
22 101 68 85 1 0 20 0.00 M M 5.8 25 310 M M M 37 310
23 101 72 87 3 0 22 0.03 M M 8.1 39 150 M M 1 3 55 150
24 98 71 85 1 0 20 0.00 M M 6.2 16 270 M M 0 20 270
25 103 68 86 2 0 21 0.00 M M 2.8 13 240 M M 0 18 270
26 101 75 88 4 0 23 0.00 M M 7.9 18 80 M M 0 24 90
27 102 76 89 5 0 24 0.00 M M 11.6 48 50 M M 0 38 62 50
28 100 72 86 2 0 21 T M M 9.6 32 30 M M 1 3 44 30
29 100 70 85 1 0 20 0.12 M M 8.2 23 200 M M 2 13 33 220
30 97 70 84 1 0 19 0.08 M M 8.2 30 30 M M 3 3 39 20
31 95 70 83 0 0 18 0.36 M M 5.3 20 290 M M 4 1 27 330
================================================================================
SM 3009 2212 0 604 1.28 M 229.9 M 30
================================================================================
AV 97.1 71.4 7.4 FASTST M M 1 MAX(MPH)
MISC ----> 48 50 62 50
================================================================================
NOTES:
# LAST OF SEVERAL OCCURRENCES
COLUMN 17 PEAK WIND IN M.P.H.
PRELIMINARY LOCAL CLIMATOLOGICAL DATA (WS FORM: F-6) , PAGE 2
STATION: SAFFORD AZ AIRPORT
MONTH: AUGUST
YEAR: 2021
LATITUDE: 32 50 N
LONGITUDE: 109 38 W
[TEMPERATURE DATA] [PRECIPITATION DATA] SYMBOLS USED IN COLUMN 16
AVERAGE MONTHLY: 84.2 TOTAL FOR MONTH: 1.28 1 = FOG OR MIST
DPTR FM NORMAL: -0.4 DPTR FM NORMAL: 0.00 2 = FOG REDUCING VISIBILITY
HIGHEST: 104 ON 7 GRTST 24HR 0.39 ON 10-10 TO 1/4 MILE OR LESS
LOWEST: 64 ON 19 3 = THUNDER
SNOW, ICE PELLETS, HAIL 4 = ICE PELLETS
TOTAL MONTH: M 5 = HAIL
GRTST 24HR M ON M 6 = FREEZING RAIN OR DRIZZLE
GRTST DEPTH: M ON M 7 = DUSTSTORM OR SANDSTORM:
VSBY 1/2 MILE OR LESS
8 = SMOKE OR HAZE
[NO. OF DAYS WITH] [WEATHER - DAYS WITH] 9 = BLOWING SNOW
X = TORNADO
MAX 32 OR BELOW: 0 0.01 INCH OR MORE: 8
MAX 90 OR ABOVE: 28 0.10 INCH OR MORE: 4
MIN 32 OR BELOW: 0 0.50 INCH OR MORE: 0
MIN 0 OR BELOW: 0 1.00 INCH OR MORE: 0
[HDD (BASE 65) ]
TOTAL THIS MO. 0 CLEAR (SCALE 0-3) 23
DPTR FM NORMAL 0 PTCLDY (SCALE 4-7) 2
TOTAL FM JUL 1 0 CLOUDY (SCALE 8-10) 6
DPTR FM NORMAL 0
[CDD (BASE 65) ]
TOTAL THIS MO. 604
DPTR FM NORMAL -4 [PRESSURE DATA]
TOTAL FM JAN 1 2378 HIGHEST SLP M ON M
DPTR FM NORMAL 215 LOWEST SLP 29.54 ON 31
[REMARKS]
#FINAL-08-21#