086
CXUS55 KTWC 010855
CF6SAD
PRELIMINARY LOCAL CLIMATOLOGICAL DATA (WS FORM: F-6)
STATION: SAFFORD AZ AIRPORT
MONTH: JULY
YEAR: 2020
LATITUDE: 32 50 N
LONGITUDE: 109 38 W
TEMPERATURE IN F: :PCPN: SNOW: WIND :SUNSHINE: SKY :PK WND
================================================================================
1 2 3 4 5 6A 6B 7 8 9 10 11 12 13 14 15 16 17 18
12Z AVG MX 2MIN
DY MAX MIN AVG DEP HDD CDD WTR SNW DPTH SPD SPD DIR MIN PSBL S-S WX SPD DR
================================================================================
1 100 63 82 -4 0 17 0.00 M M 6.6 32 160 M M 0 42 160
2 96 70 83 -3 0 18 0.00 M M 6.6 14 250 M M 1 20 260
3 102 69 86 0 0 21 0.00 M M 8.6 20 310 M M 0 26 310
4 107 74 91 5 0 26 0.00 M M 11.4 22 310 M M 0 31 300
5 109 74 92 6 0 27 0.00 M M 12.1 22 280 M M 0 32 280
6 109 74 92 6 0 27 0.00 M M 12.7 25 300 M M 0 33 290
7 108 70 89 3 0 24 0.00 M M 10.4 23 310 M M 0 34 300
8 107 72 90 4 0 25 0.00 M M 11.0 23 310 M M 0 33 320
9 109 82 96 10 0 31 0.00 M M 13.8 24 310 M M 0 39 360
10 111 85 98 12 0 33 0.00 M M 15.4 36 60 M M 0 46 70
11 115 84 100 14 0 35 0.00 M M 11.8 32 60 M M 0 43 30
12 112 76 94 8 0 29 0.00 M M 8.5 25 310 M M 0 35 290
13 109 83 96 10 0 31 0.00 M M 14.2 29 310 M M 0 41 290
14 105 79 92 6 0 27 0.00 M M 7.6 24 260 M M 0 31 260
15 101 82 92 6 0 27 0.00 M M 9.8 29 320 M M 1 39 320
16 105 74 90 4 0 25 T M M 9.8 35 90 M M 2 48 90
17 99 73 86 0 0 21 T M M 7.9 21 330 M M 3 27 320
18 105 70 88 2 0 23 0.00 M M 8.0 31 80 M M 1 41 80
19 105 80 93 8 0 28 0.00 M M 8.5 23 290 M M 0 32 70
20 105 76 91 6 0 26 0.00 M M 11.2 25 280 M M 0 34 280
21 105 80 93 8 0 28 0.00 M M 8.6 41 60 M M 1 54 60
22 93 79 86 1 0 21 0.00 M M 7.0 21 100 M M 4 3 28 100
23 86 70 78 -7 0 13 0.27 M M 5.6 18 110 M M 6 13 24 100
24 86 68 77 -8 0 12 T M M 5.5 16 100 M M 6 13 22 90
25 93 72 83 -1 0 18 0.00 M M 6.5 20 310 M M 5 25 310
26 99 71 85 1 0 20 0.00 M M 8.1 33 60 M M 0 47 60
27 100 77 89 5 0 24 0.00 0.0 0 9.1 17 40 M M M 24 40
28 105 72 89 5 0 24 0.00 0.0 0 4.8 23 10 M M M 30 40
29 109 76 93 9 0 28 0.00 0.0 0 4.8 15 210 M M M 22 260
30 113 72 93 9 0 28 0.00 0.0 0 7.2 24 260 M M M 32 270
31 109 75 92 8 0 27 0.00 0.0 0 8.0 22 70 M M M 3 35 180
================================================================================
SM 3217 2322 0 764 0.27 0.0 281.1 M 30
================================================================================
AV103.8 74.9 9.1 FASTST M M 1 MAX(MPH)
MISC ----> 41 60 54 60
================================================================================
NOTES:
# LAST OF SEVERAL OCCURRENCES
COLUMN 17 PEAK WIND IN M.P.H.
PRELIMINARY LOCAL CLIMATOLOGICAL DATA (WS FORM: F-6) , PAGE 2
STATION: SAFFORD AZ AIRPORT
MONTH: JULY
YEAR: 2020
LATITUDE: 32 50 N
LONGITUDE: 109 38 W
[TEMPERATURE DATA] [PRECIPITATION DATA] SYMBOLS USED IN COLUMN 16
AVERAGE MONTHLY: 89.3 TOTAL FOR MONTH: 0.27 1 = FOG OR MIST
DPTR FM NORMAL: 3.9 DPTR FM NORMAL: -1.66 2 = FOG REDUCING VISIBILITY
HIGHEST: 115 ON 11 GRTST 24HR 0.27 ON 23-23 TO 1/4 MILE OR LESS
LOWEST: 63 ON 1 3 = THUNDER
SNOW, ICE PELLETS, HAIL 4 = ICE PELLETS
TOTAL MONTH: 0.0 INCH 5 = HAIL
GRTST 24HR 0.0 6 = FREEZING RAIN OR DRIZZLE
GRTST DEPTH: 0 7 = DUSTSTORM OR SANDSTORM:
VSBY 1/2 MILE OR LESS
8 = SMOKE OR HAZE
[NO. OF DAYS WITH] [WEATHER - DAYS WITH] 9 = BLOWING SNOW
X = TORNADO
MAX 32 OR BELOW: 0 0.01 INCH OR MORE: 1
MAX 90 OR ABOVE: 29 0.10 INCH OR MORE: 1
MIN 32 OR BELOW: 0 0.50 INCH OR MORE: 0
MIN 0 OR BELOW: 0 1.00 INCH OR MORE: 0
[HDD (BASE 65) ]
TOTAL THIS MO. 0 CLEAR (SCALE 0-3) 22
DPTR FM NORMAL 0 PTCLDY (SCALE 4-7) 4
TOTAL FM JUL 1 0 CLOUDY (SCALE 8-10) 5
DPTR FM NORMAL 0
[CDD (BASE 65) ]
TOTAL THIS MO. 764
DPTR FM NORMAL 132 [PRESSURE DATA]
TOTAL FM JAN 1 1867 HIGHEST SLP M ON M
DPTR FM NORMAL 347 LOWEST SLP 29.58 ON 20
[REMARKS]
#FINAL-07-20#