000
CXUS54 KEWX 202258
CF6SAT
PRELIMINARY LOCAL CLIMATOLOGICAL DATA (WS FORM: F-6)
STATION: SAN ANTONIO
MONTH: AUGUST
YEAR: 2020
LATITUDE: 29 31 N
LONGITUDE: 98 28 W
TEMPERATURE IN F: :PCPN: SNOW: WIND :SUNSHINE: SKY :PK WND
================================================================================
1 2 3 4 5 6A 6B 7 8 9 10 11 12 13 14 15 16 17 18
12Z AVG MX 2MIN
DY MAX MIN AVG DEP HDD CDD WTR SNW DPTH SPD SPD DIR MIN PSBL S-S WX SPD DR
================================================================================
1 99 72 86 0 0 21 0.00 0.0 0 7.1 17 150 M M 7 23 140
2 99 72 86 0 0 21 0.02 0.0 0 5.2 20 20 M M 2 29 20
3 100 73 87 1 0 22 0.51 0.0 0 4.9 33 340 M M 5 13 45 340
4 98 74 86 0 0 21 T 0.0 0 7.1 16 170 M M 5 24 140
5 99 77 88 2 0 23 0.00 0.0 0 9.9 20 150 M M 2 25 150
6 99 77 88 2 0 23 0.00 0.0 0 12.0 20 140 M M 4 27 130
7 100 77 89 3 0 24 0.00 0.0 0 12.5 21 140 M M 5 27 150
8 100 78 89 3 0 24 0.00 0.0 0 9.9 25 150 M M 5 34 150
9 100 78 89 3 0 24 0.00 0.0 0 12.9 24 140 M M 5 32 140
10 100 79 90 4 0 25 0.00 0.0 0 13.2 24 130 M M 5 30 150
11 100 79 90 4 0 25 0.00 0.0 0 11.5 22 160 M M 4 31 160
12 102 78 90 4 0 25 0.00 0.0 0 11.6 22 160 M M 2 29 160
13 102 78 90 4 0 25 0.00 0.0 0 9.6 22 170 M M 2 33 160
14 104 78 91 5 0 26 0.00 0.0 0 10.5 20 160 M M 1 26 150
15 104 79 92 6 0 27 0.00 0.0 0 8.6 22 160 M M 2 29 160
16 103 78 91 5 0 26 0.00 0.0 0 7.2 17 160 M M 4 25 130
17 99 77 88 2 0 23 T 0.0 0 6.6 22 40 M M 7 3 29 40
18 103 77 90 4 0 25 T 0.0 0 5.9 21 220 M M 7 27 230
19 103 73 88 2 0 23 0.00 0.0 0 6.1 15 10 M M 4 23 60
20 100 74 87 1 0 22 0.00 0.0 0 4.8 14 70 M M 5 20 70
21 101 74 88 3 0 23 0.00 0.0 0 6.6 20 140 M M 3 24 130
22 90 71 81 -4 0 16 0.37 0.0 0 6.8 14 50 M M 5 13 21 50
23 95 69 82 -3 0 17 0.00 0.0 0 6.1 17 100 M M 3 25 110
24 98 73 86 1 0 21 0.00 0.0 0 6.5 18 100 M M 4 27 60
25 100 73 87 2 0 22 0.00 0.0 0 5.8 15 60 M M 3 24 90
26 98 77 88 3 0 23 0.00 0.0 0 6.8 17 60 M M 4 24 70
27 100 76 88 3 0 23 0.00 0.0 0 6.7 23 140 M M 4 29 130
28 104 79 92 8 0 27 0.00 0.0 0 10.2 23 140 M M 2 30 140
29 103 79 91 7 0 26 0.00 0.0 0 9.1 24 150 M M 1 34 150
30 100 78 89 5 0 24 0.00 0.0 0 10.0 23 140 M M 3 30 140
31 101 79 90 6 0 25 0.00 0.0 0 14.3 28 140 M M 7 36 140
================================================================================
SM 3104 2356 0 722 0.90 0.0 266.0 M 122
================================================================================
AV100.1 76.0 8.6 FASTST M M 4 MAX(MPH)
MISC ----> # 33 340 # 45 340
================================================================================
NOTES:
# LAST OF SEVERAL OCCURRENCES
COLUMN 17 PEAK WIND IN M.P.H.
PRELIMINARY LOCAL CLIMATOLOGICAL DATA (WS FORM: F-6) , PAGE 2
STATION: SAN ANTONIO
MONTH: AUGUST
YEAR: 2020
LATITUDE: 29 31 N
LONGITUDE: 98 28 W
[TEMPERATURE DATA] [PRECIPITATION DATA] SYMBOLS USED IN COLUMN 16
AVERAGE MONTHLY: 88.1 TOTAL FOR MONTH: 0.90 1 = FOG OR MIST
DPTR FM NORMAL: 2.8 DPTR FM NORMAL: -1.19 2 = FOG REDUCING VISIBILITY
HIGHEST: 104 ON 28,15 GRTST 24HR 0.51 ON 3- 3 TO 1/4 MILE OR LESS
LOWEST: 69 ON 23 3 = THUNDER
SNOW, ICE PELLETS, HAIL 4 = ICE PELLETS
TOTAL MONTH: 0.0 INCH 5 = HAIL
GRTST 24HR 0.0 6 = FREEZING RAIN OR DRIZZLE
GRTST DEPTH: 0 7 = DUSTSTORM OR SANDSTORM:
VSBY 1/2 MILE OR LESS
8 = SMOKE OR HAZE
[NO. OF DAYS WITH] [WEATHER - DAYS WITH] 9 = BLOWING SNOW
X = TORNADO
MAX 32 OR BELOW: 0 0.01 INCH OR MORE: 3
MAX 90 OR ABOVE: 31 0.10 INCH OR MORE: 2
MIN 32 OR BELOW: 0 0.50 INCH OR MORE: 1
MIN 0 OR BELOW: 0 1.00 INCH OR MORE: 0
[HDD (BASE 65) ]
TOTAL THIS MO. 0 CLEAR (SCALE 0-3) 12
DPTR FM NORMAL 0 PTCLDY (SCALE 4-7) 19
TOTAL FM JUL 1 0 CLOUDY (SCALE 8-10) 0
DPTR FM NORMAL 0
[CDD (BASE 65) ]
TOTAL THIS MO. 722
DPTR FM NORMAL 91 [PRESSURE DATA]
TOTAL FM JAN 1 2835 HIGHEST SLP 30.09 ON 17
DPTR FM NORMAL 444 LOWEST SLP 29.64 ON 31
[REMARKS]
#FINAL-08-20#