000
CXUS52 KCHS 021555
CF6SAV
PRELIMINARY LOCAL CLIMATOLOGICAL DATA (WS FORM: F-6)
STATION: SAVANNAH GA
MONTH: FEBRUARY
YEAR: 2022
LATITUDE: 32 7 N
LONGITUDE: 81 12 W
TEMPERATURE IN F: :PCPN: SNOW: WIND :SUNSHINE: SKY :PK WND
================================================================================
1 2 3 4 5 6A 6B 7 8 9 10 11 12 13 14 15 16 17 18
12Z AVG MX 2MIN
DY MAX MIN AVG DEP HDD CDD WTR SNW DPTH SPD SPD DIR MIN PSBL S-S WX SPD DR
================================================================================
1 65 31 48 -4 17 0 0.00 0.0 0 8.4 20 110 M M 1 18 26 110
2 70 44 57 5 8 0 T 0.0 0 8.7 20 110 M M 6 24 110
3 77 56 67 15 0 2 0.01 0.0 0 11.8 26 170 M M 6 35 140
4 79 57 68 16 0 3 0.33 0.0 0 10.4 21 290 M M 6 1 28 280
5 57 41 49 -3 16 0 T 0.0 0 10.8 22 310 M M 7 29 290
6 46 38 42 -10 23 0 0.06 0.0 0 11.2 18 20 M M 10 1 24 40
7 47 40 44 -8 21 0 0.16 0.0 0 8.0 15 340 M M 10 1 19 340
8 55 39 47 -6 18 0 T 0.0 0 4.4 10 330 M M 8 1 13 310
9 61 32 47 -6 18 0 0.00 0.0 0 3.3 14 330 M M 2 12 18 290
10 69 34 52 -1 13 0 0.00 0.0 0 4.4 13 240 M M 1 18 250
11 69 37 53 0 12 0 0.00 0.0 0 4.0 12 170 M M 4 16 190
12 68 40 54 1 11 0 T 0.0 0 1.5 7 310 M M 6 9 320
13 64 44 54 0 11 0 T 0.0 0 8.2 20 280 M M 6 27 320
14 59 33 46 -8 19 0 0.00 0.0 0 7.7 18 310 M M 1 25 300
15 65 31 48 -6 17 0 0.00 0.0 0 5.4 15 100 M M 3 19 110
16 75 43 59 5 6 0 0.00 0.0 0 8.1 20 150 M M 3 27 160
17 77 50 64 10 1 0 T 0.0 0 11.6 26 170 M M 6 12 35 170
18 78 55 67 12 0 2 0.24 0.0 0 11.6 22 260 M M 5 1 26 210
19 62 40 51 -4 14 0 0.00 0.0 0 9.0 20 350 M M 2 23 350
20 66 36 51 -4 14 0 0.00 0.0 0 7.6 18 120 M M 1 22 120
21 76 45 61 6 4 0 T 0.0 0 6.3 17 160 M M 5 1 25 190
22 78 58 68 13 0 3 T 0.0 0 8.8 24 160 M M 5 18 28 160
23 84 58 71 15 0 6 0.00 0.0 0 8.1 15 170 M M 2 18 22 270
24 85 58 72 16 0 7 0.00 0.0 0 6.8 20 170 M M 1 1 23 170
25 85 62 74 18 0 9 0.00 0.0 0 8.8 21 260 M M 2 8 26 260
26 76 56 66 10 0 1 0.00 0.0 0 7.7 15 110 M M 4 1 19 110
27 62 53 58 2 7 0 0.07 0.0 0 6.4 14 360 M M 10 18 16 360
28 62 45 54 -3 11 0 0.17 0.0 0 8.5 16 50 M M 7 1 22 50
================================================================================
SM 1917 1256 261 33 1.04 0.0 217.5 M 130
================================================================================
AV 68.5 44.9 7.8 FASTST M M 5 MAX(MPH)
MISC ----> # 26 170 # 35 140
================================================================================
NOTES:
# LAST OF SEVERAL OCCURRENCES
COLUMN 17 PEAK WIND IN M.P.H.
PRELIMINARY LOCAL CLIMATOLOGICAL DATA (WS FORM: F-6) , PAGE 2
STATION: SAVANNAH GA
MONTH: FEBRUARY
YEAR: 2022
LATITUDE: 32 7 N
LONGITUDE: 81 12 W
[TEMPERATURE DATA] [PRECIPITATION DATA] SYMBOLS USED IN COLUMN 16
AVERAGE MONTHLY: 56.7 TOTAL FOR MONTH: 1.04 1 = FOG OR MIST
DPTR FM NORMAL: 2.7 DPTR FM NORMAL: -1.76 2 = FOG REDUCING VISIBILITY
HIGHEST: 85 ON 25,24 GRTST 24HR 0.33 ON 4- 4 TO 1/4 MILE OR LESS
LOWEST: 31 ON 15, 1 3 = THUNDER
SNOW, ICE PELLETS, HAIL 4 = ICE PELLETS
TOTAL MONTH: 0.0 INCH 5 = HAIL
GRTST 24HR 0.0 6 = FREEZING RAIN OR DRIZZLE
GRTST DEPTH: 0 7 = DUSTSTORM OR SANDSTORM:
VSBY 1/2 MILE OR LESS
8 = SMOKE OR HAZE
[NO. OF DAYS WITH] [WEATHER - DAYS WITH] 9 = BLOWING SNOW
X = TORNADO
MAX 32 OR BELOW: 0 0.01 INCH OR MORE: 7
MAX 90 OR ABOVE: 0 0.10 INCH OR MORE: 4
MIN 32 OR BELOW: 3 0.50 INCH OR MORE: 0
MIN 0 OR BELOW: 0 1.00 INCH OR MORE: 0
[HDD (BASE 65) ]
TOTAL THIS MO. 261 CLEAR (SCALE 0-3) 11
DPTR FM NORMAL -59 PTCLDY (SCALE 4-7) 13
TOTAL FM JUL 1 1261 CLOUDY (SCALE 8-10) 4
DPTR FM NORMAL -148
[CDD (BASE 65) ]
TOTAL THIS MO. 33
DPTR FM NORMAL 21 [PRESSURE DATA]
TOTAL FM JAN 1 53 HIGHEST SLP 30.58 ON 15
DPTR FM NORMAL 40 LOWEST SLP 29.91 ON 18
[REMARKS]
#FINAL-02-22#