000
CXUS52 KCHS 011936
CLMSAV
CLIMATE REPORT
NATIONAL WEATHER SERVICE CHARLESTON SC
230 PM EST MON JAN 01 2024
...................................
...THE SAVANNAH GA CLIMATE SUMMARY FOR THE MONTH OF DECEMBER 2023...
CLIMATE NORMAL PERIOD 1991 TO 2020
CLIMATE RECORD PERIOD 1871 TO 2023
WEATHER OBSERVED NORMAL DEPART LAST YEAR`S
VALUE DATE(S) VALUE FROM VALUE DATE(S)
NORMAL
................................................................
TEMPERATURE (F)
RECORD
HIGH 83 12/10/2019
12/30/2015
12/24/2015
LOW 9 12/26/1983
12/13/1962
HIGHEST 80 12/09 82 12/08
LOWEST 27 12/20 19 12/24
AVG. MAXIMUM 64.7 63.7 1.0 63.0
AVG. MINIMUM 44.5 42.6 1.9 43.3
MEAN 54.6 53.2 1.4 53.1
DAYS MAX >= 90 0 0.0 0.0 0
DAYS MAX <= 32 0 0.0 0.0 0
DAYS MIN <= 32 3 5.7 -2.7 7
DAYS MIN <= 0 0 0.0 0.0 0
PRECIPITATION (INCHES)
RECORD
MAXIMUM 10.71 2009
MINIMUM T 1889
TOTALS 4.59 3.21 1.38 1.74
DAYS >= .01 8 8.4 -0.4 10
DAYS >= .10 4 5.4 -1.4 5
DAYS >= .50 2 1.9 0.1 1
DAYS >= 1.00 1 0.8 0.2 1
GREATEST
24 HR. TOTAL 3.41 12/16 TO 12/17
SNOWFALL (INCHES)
TOTALS 0.0 0.0 0.0
SINCE 7/1 0.0 0.0 0.0
DEGREE DAYS
HEATING TOTAL 322 379 -57 378
SINCE 7/1 539 638 -99
COOLING TOTAL 7 12 -5 16
SINCE 1/1 2726 2596 130
................................................................
WIND (MPH)
AVERAGE WIND SPEED 7.5
HIGHEST WIND SPEED/DIRECTION 38/010
HIGHEST GUST SPEED/DIRECTION 48/010
WEATHER CONDITIONS. NUMBER OF DAYS WITH
THUNDERSTORM 1 MIXED PRECIP 0
HEAVY RAIN 2 RAIN 3
LIGHT RAIN 9 FREEZING RAIN 0
LT FREEZING RAIN 0 HAIL 0
HEAVY SNOW 0 SNOW 0
LIGHT SNOW 0 SLEET 0
FOG 9 FOG W/VIS <= 1/4 MILE 3
HAZE 3
- INDICATES NEGATIVE NUMBERS.
R INDICATES RECORD WAS SET OR TIED.
MM INDICATES DATA IS MISSING.
T INDICATES TRACE AMOUNT.
&&
RECORDS ESTABLISHED AT THE SAVANNAH INTERNATIONAL AIRPORT DURING THE
MONTH:
*DEC 3 - RECORD HIGH MINIMUM TEMPERATURE OF 65 DEGREES
*DEC 17 - RECORD PRECIPITATION OF 3.16 INCHES
$$