000
CXUS53 KMKX 010910
CF6SBM
PRELIMINARY LOCAL CLIMATOLOGICAL DATA (WS FORM: F-6)
STATION: SHEBOYGAN WI
MONTH: NOVEMBER
YEAR: 2023
LATITUDE: 43 46 N
LONGITUDE: 87 51 W
TEMPERATURE IN F: :PCPN: SNOW: WIND :SUNSHINE: SKY :PK WND
================================================================================
1 2 3 4 5 6A 6B 7 8 9 10 11 12 13 14 15 16 17 18
12Z AVG MX 2MIN
DY MAX MIN AVG DEP HDD CDD WTR SNW DPTH SPD SPD DIR MIN PSBL S-S WX SPD DR
================================================================================
1 37 16 27 -15 38 0 0.00 M M 7.3 16 220 M M 2 1 21 250
2 51 28 40 -2 25 0 0.00 M M 8.0 16 230 M M 0 22 230
3 52 38 45 4 20 0 T M M 8.4 16 250 M M 5 33 260
4 52 29 41 0 24 0 0.00 M M 5.6 13 360 M M 1 1 17 360
5 58 28 43 3 22 0 0.00 M M 7.2 16 210 M M 5 18 21 250
6 69 49 59 19 6 0 0.01 M M 17.4 38 190 M M 5 64 290
7 49 40 45 5 20 0 0.00 M M 10.6 18 80 M M 9 28 260
8 46 43 45 6 20 0 0.32 M M 9.6 17 290 M M 10 1 27 140
9 52 36 44 5 21 0 0.00 M M 14.4 30 270 M M 3 42 250
10 44 30 37 -1 28 0 0.00 M M 7.7 16 300 M M 5 22 280
11 49 25 37 -1 28 0 0.00 M M 3.5 13 220 M M 3 17 220
12 55 41 48 10 17 0 0.00 M M 14.6 25 190 M M 5 33 190
13 58 31 45 8 20 0 0.00 M M 10.2 20 290 M M 0 32 290
14 61 24 43 6 22 0 0.00 M M 8.3 21 180 M M 0 28 190
15 63 33 48 12 17 0 0.00 M M 6.8 21 220 M M 1 18 28 230
16 69 33 51 15 14 0 0.00 M M 13.4 31 220 M M 1 42 210
17 58 25 42 6 23 0 0.04 M M 8.3 26 270 M M 2 38 270
18 54 25 40 5 25 0 0.00 M M 9.0 17 270 M M 0 23 270
19 47 28 38 3 27 0 0.00 M M 5.8 10 60 M M 0 14 60
20 44 34 39 5 26 0 0.00 M M 9.2 16 100 M M 3 23 100
21 41 33 37 3 28 0 0.43 M M 9.3 18 350 M M 8 1 26 350
22 43 34 39 5 26 0 0.00 M M 8.6 16 240 M M 3 22 260
23 43 24 34 1 31 0 0.00 M M 9.7 18 350 M M 1 26 330
24 31 19 25 -8 40 0 0.00 M M 6.7 15 330 M M 0 19 330
25 35 19 27 -5 38 0 T M M 4.9 10 230 M M 5 15 260
26 32 27 30 -2 35 0 0.08 M M 9.0 26 270 M M 10 18 34 270
27 27 14 21 -11 44 0 T M M 15.0 23 270 M M 6 34 270
28 22 12 17 -14 48 0 0.00 M M 11.8 20 230 M M 4 27 280
29 38 20 29 -2 36 0 0.00 M M 11.5 22 220 M M 2 28 220
30 44 29 37 6 28 0 0.00 M M 9.3 20 260 M M 0 27 250
================================================================================
SM 1424 867 797 0 0.88 M 281.1 M 99
================================================================================
AV 47.5 28.9 9.4 FASTST M M 3 MAX(MPH)
MISC ----> 38 190 64 290
================================================================================
NOTES:
# LAST OF SEVERAL OCCURRENCES
COLUMN 17 PEAK WIND IN M.P.H.
PRELIMINARY LOCAL CLIMATOLOGICAL DATA (WS FORM: F-6) , PAGE 2
STATION: SHEBOYGAN WI
MONTH: NOVEMBER
YEAR: 2023
LATITUDE: 43 46 N
LONGITUDE: 87 51 W
[TEMPERATURE DATA] [PRECIPITATION DATA] SYMBOLS USED IN COLUMN 16
AVERAGE MONTHLY: 38.2 TOTAL FOR MONTH: 0.88 1 = FOG OR MIST
DPTR FM NORMAL: 1.9 DPTR FM NORMAL: -1.08 2 = FOG REDUCING VISIBILITY
HIGHEST: 69 ON 16, 6 GRTST 24HR 0.43 ON 21-21 TO 1/4 MILE OR LESS
LOWEST: 12 ON 28 3 = THUNDER
SNOW, ICE PELLETS, HAIL 4 = ICE PELLETS
TOTAL MONTH: M 5 = HAIL
GRTST 24HR M ON M 6 = FREEZING RAIN OR DRIZZLE
GRTST DEPTH: M ON M 7 = DUSTSTORM OR SANDSTORM:
VSBY 1/2 MILE OR LESS
8 = SMOKE OR HAZE
[NO. OF DAYS WITH] [WEATHER - DAYS WITH] 9 = BLOWING SNOW
X = TORNADO
MAX 32 OR BELOW: 4 0.01 INCH OR MORE: 5
MAX 90 OR ABOVE: 0 0.10 INCH OR MORE: 2
MIN 32 OR BELOW: 19 0.50 INCH OR MORE: 0
MIN 0 OR BELOW: 0 1.00 INCH OR MORE: 0
[HDD (BASE 65) ]
TOTAL THIS MO. 797 CLEAR (SCALE 0-3) 17
DPTR FM NORMAL -64 PTCLDY (SCALE 4-7) 10
TOTAL FM JUL 1 1321 CLOUDY (SCALE 8-10) 3
DPTR FM NORMAL -286
[CDD (BASE 65) ]
TOTAL THIS MO. 0
DPTR FM NORMAL 0 [PRESSURE DATA]
TOTAL FM JAN 1 547 HIGHEST SLP 30.56 ON 24
DPTR FM NORMAL 141 LOWEST SLP 29.51 ON 6
[REMARKS]
#FINAL-11-23#