000
CXUS53 KIWX 010910
CF6SBN
PRELIMINARY LOCAL CLIMATOLOGICAL DATA (WS FORM: F-6)
STATION: SOUTH BEND
MONTH: JANUARY
YEAR: 2022
LATITUDE: 41 42 N
LONGITUDE: 86 19 W
TEMPERATURE IN F: :PCPN: SNOW: WIND :SUNSHINE: SKY :PK WND
================================================================================
1 2 3 4 5 6A 6B 7 8 9 10 11 12 13 14 15 16 17 18
12Z AVG MX 2MIN
DY MAX MIN AVG DEP HDD CDD WTR SNW DPTH SPD SPD DIR MIN PSBL S-S WX SPD DR
================================================================================
1 47 24 36 10 29 0 0.26 2.6 0 11.1 20 30 M M 10 1 27 10
2 26 20 23 -3 42 0 0.06 0.9 3 8.5 18 10 M M 10 1 26 30
3 24 12 18 -8 47 0 0.00 0.0 3 7.7 14 220 M M 3 1 19 200
4 36 16 26 1 39 0 0.00 0.0 3 11.6 22 150 M M 0 32 140
5 36 11 24 -1 41 0 T 0.2 2 22.7 39 240 M M 8 8 52 250
6 14 9 12 -13 53 0 0.04 1.1 3 14.8 21 210 M M 10 8 27 240
7 13 2 8 -17 57 0 0.09 3.1 5 11.5 22 230 M M 5 8 29 230
8 34 10 22 -3 43 0 0.04 0.0 4 13.4 22 170 M M 5 168 29 190
9 36 15 26 2 39 0 0.05 0.0 2 15.7 33 310 M M 6 1 44 300
10 19 12 16 -8 49 0 0.06 3.4 3 13.1 26 310 M M 8 18 35 310
11 32 7 20 -4 45 0 T 0.1 4 13.2 24 220 M M 3 36 210
12 37 28 33 9 32 0 T 0.0 3 9.1 25 230 M M 5 35 230
13 40 25 33 9 32 0 T T 2 5.3 13 350 M M 8 18 17 350
14 34 22 28 4 37 0 T T 2 6.4 16 80 M M 10 18 24 60
15 24 14 19 -5 46 0 0.00 0.0 0 6.9 15 70 M M 3 22 80
16 31 9 20 -4 45 0 0.00 0.0 0 4.7 10 310 M M 1 14 320
17 30 22 26 2 39 0 T T 0 12.1 21 320 M M 10 168 28 320
18 42 22 32 8 33 0 0.00 0.0 0 13.3 24 220 M M 7 41 220
19 42 20 31 7 34 0 0.03 1.0 0 15.0 24 310 M M 7 18 34 300
20 22 12 17 -6 48 0 0.02 0.9 2 5.1 12 310 M M 10 8 16 300
21 24 9 17 -6 48 0 0.00 0.0 2 6.2 12 170 M M 3 15 170
22 29 17 23 0 42 0 T T 0 14.4 24 240 M M 4 34 260
23 24 8 16 -7 49 0 0.30 4.0 4 8.0 22 350 M M 7 18 27 350
24 27 12 20 -3 45 0 0.14 2.1 4 10.3 18 320 M M 10 128 24 330
25 22 8 15 -8 50 0 0.03 1.8 7 10.8 18 290 M M 10 18 25 290
26 10 -1 5 -19 60 0 0.01 0.3 5 9.1 15 210 M M 5 18 19 230
27 31 7 19 -5 46 0 T T 5 13.0 24 250 M M 8 35 250
28 27 2 15 -9 50 0 T T 4 7.9 17 10 M M 5 24 70
29 19 3 11 -13 54 0 0.00 0.0 4 6.9 14 200 M M 6 8 19 200
30 32 9 21 -3 44 0 0.00 0.0 4 4.4 12 340 M M 4 15 350
31 31 26 29 5 36 0 0.00 0.0 3 9.0 18 140 M M 6 8 25 140
================================================================================
SM 895 412 1354 0 1.13 21.5 321.2 M 197
================================================================================
AV 28.9 13.3 10.4 FASTST M M 6 MAX(MPH)
MISC ----> 39 240 52 250
================================================================================
NOTES:
# LAST OF SEVERAL OCCURRENCES
COLUMN 17 PEAK WIND IN M.P.H.
PRELIMINARY LOCAL CLIMATOLOGICAL DATA (WS FORM: F-6) , PAGE 2
STATION: SOUTH BEND
MONTH: JANUARY
YEAR: 2022
LATITUDE: 41 42 N
LONGITUDE: 86 19 W
[TEMPERATURE DATA] [PRECIPITATION DATA] SYMBOLS USED IN COLUMN 16
AVERAGE MONTHLY: 21.1 TOTAL FOR MONTH: 1.13 1 = FOG OR MIST
DPTR FM NORMAL: -3.0 DPTR FM NORMAL: -1.53 2 = FOG REDUCING VISIBILITY
HIGHEST: 47 ON 1 GRTST 24HR 0.30 ON 23-23 TO 1/4 MILE OR LESS
LOWEST: -1 ON 26 3 = THUNDER
SNOW, ICE PELLETS, HAIL 4 = ICE PELLETS
TOTAL MONTH: 21.5 INCHES 5 = HAIL
GRTST 24HR 4.0 ON 23-23 6 = FREEZING RAIN OR DRIZZLE
GRTST DEPTH: 7 ON 25 7 = DUSTSTORM OR SANDSTORM:
VSBY 1/2 MILE OR LESS
8 = SMOKE OR HAZE
[NO. OF DAYS WITH] [WEATHER - DAYS WITH] 9 = BLOWING SNOW
X = TORNADO
MAX 32 OR BELOW: 21 0.01 INCH OR MORE: 13
MAX 90 OR ABOVE: 0 0.10 INCH OR MORE: 3
MIN 32 OR BELOW: 31 0.50 INCH OR MORE: 0
MIN 0 OR BELOW: 1 1.00 INCH OR MORE: 0
[HDD (BASE 65) ]
TOTAL THIS MO. 1354 CLEAR (SCALE 0-3) 5
DPTR FM NORMAL 86 PTCLDY (SCALE 4-7) 16
TOTAL FM JUL 1 3225 CLOUDY (SCALE 8-10) 10
DPTR FM NORMAL -450
[CDD (BASE 65) ]
TOTAL THIS MO. 0
DPTR FM NORMAL 0 [PRESSURE DATA]
TOTAL FM JAN 1 0 HIGHEST SLP 30.63 ON 21
DPTR FM NORMAL 0 LOWEST SLP 29.52 ON 5
[REMARKS]
#FINAL-01-22#