000
CXUS53 KIWX 010910
CF6SBN
PRELIMINARY LOCAL CLIMATOLOGICAL DATA (WS FORM: F-6)
STATION: SOUTH BEND
MONTH: DECEMBER
YEAR: 2023
LATITUDE: 41 42 N
LONGITUDE: 86 19 W
TEMPERATURE IN F: :PCPN: SNOW: WIND :SUNSHINE: SKY :PK WND
================================================================================
1 2 3 4 5 6A 6B 7 8 9 10 11 12 13 14 15 16 17 18
12Z AVG MX 2MIN
DY MAX MIN AVG DEP HDD CDD WTR SNW DPTH SPD SPD DIR MIN PSBL S-S WX SPD DR
================================================================================
1 46 39 43 9 22 0 0.72 0.0 0 4.5 14 150 M M 10 1 18 140
2 42 39 41 7 24 0 0.05 0.0 0 4.8 9 10 M M 10 1 12 70
3 42 38 40 7 25 0 0.15 0.0 0 9.7 21 260 M M 10 1 30 260
4 40 35 38 5 27 0 0.02 0.0 0 4.5 13 310 M M 10 1 17 230
5 38 33 36 3 29 0 0.10 T 0 5.6 14 230 M M 10 1 22 220
6 41 33 37 5 28 0 T T 0 9.8 20 220 M M 9 1 28 210
7 50 35 43 11 22 0 T 0.0 0 11.5 18 230 M M 2 27 220
8 55 44 50 18 15 0 0.00 0.0 0 14.5 25 210 M M 7 33 210
9 59 39 49 18 16 0 0.11 0.0 0 14.9 32 240 M M 8 1 44 250
10 39 33 36 5 29 0 0.07 T 0 10.5 20 250 M M 10 18 26 250
11 34 28 31 0 34 0 0.00 0.0 0 7.9 14 220 M M 6 19 220
12 40 25 33 3 32 0 0.00 0.0 0 10.5 22 310 M M 0 28 310
13 42 20 31 1 34 0 0.00 0.0 0 5.7 10 230 M M 1 14 260
14 49 24 37 7 28 0 0.00 0.0 0 6.8 14 240 M M 0 19 240
15 54 32 43 13 22 0 0.00 0.0 0 6.6 14 190 M M 0 8 17 200
16 49 40 45 15 20 0 0.20 0.0 0 9.5 16 130 M M 5 1 21 120
17 45 37 41 12 24 0 0.01 0.0 0 8.9 18 280 M M 10 1 24 280
18 37 27 32 3 33 0 0.09 1.0 0 17.7 31 320 M M 10 128 46 320
19 31 23 27 -2 38 0 0.00 0.0 1 10.2 18 330 M M 4 25 310
20 41 29 35 7 30 0 0.00 0.0 T 4.9 14 200 M M 6 19 190
21 42 31 37 9 28 0 0.01 0.0 0 5.3 12 120 M M 8 8 14 120
22 46 38 42 14 23 0 0.42 0.0 0 7.2 13 160 M M 10 1 15 170
23 49 43 46 18 19 0 0.11 0.0 0 4.3 9 190 M M 10 12 13 180
24 54 48 51 23 14 0 0.00 0.0 0 8.0 17 140 M M 10 128 24 130
25 59 46 53 26 12 0 0.22 0.0 0 13.1 23 130 M M 6 1 34 140
26 54 32 43 16 22 0 T 0.0 0 6.4 18 250 M M 8 1 28 150
27 48 25 37 10 28 0 0.00 0.0 0 6.0 13 350 M M 0 1 18 20
28 43 38 41 14 24 0 0.34 0.0 0 4.6 12 350 M M 10 1 16 340
29 41 35 38 12 27 0 0.06 T 0 6.9 16 340 M M 10 1 21 330
30 39 31 35 9 30 0 0.00 0.0 0 9.2 17 220 M M 10 12 25 220
31 37 32 35 9 30 0 0.09 0.4 0 6.3 13 230 M M 10 1 18 240
================================================================================
SM 1386 1052 789 0 2.77 1.4 256.3 M 220
================================================================================
AV 44.7 33.9 8.3 FASTST M M 7 MAX(MPH)
MISC ----> 32 240 46 320
================================================================================
NOTES:
# LAST OF SEVERAL OCCURRENCES
COLUMN 17 PEAK WIND IN M.P.H.
PRELIMINARY LOCAL CLIMATOLOGICAL DATA (WS FORM: F-6) , PAGE 2
STATION: SOUTH BEND
MONTH: DECEMBER
YEAR: 2023
LATITUDE: 41 42 N
LONGITUDE: 86 19 W
[TEMPERATURE DATA] [PRECIPITATION DATA] SYMBOLS USED IN COLUMN 16
AVERAGE MONTHLY: 39.3 TOTAL FOR MONTH: 2.77 1 = FOG OR MIST
DPTR FM NORMAL: 9.7 DPTR FM NORMAL: 0.37 2 = FOG REDUCING VISIBILITY
HIGHEST: 59 ON 25, 9 GRTST 24HR 0.73 ON 1- 2 TO 1/4 MILE OR LESS
LOWEST: 20 ON 13 3 = THUNDER
SNOW, ICE PELLETS, HAIL 4 = ICE PELLETS
TOTAL MONTH: 1.4 INCHES 5 = HAIL
GRTST 24HR 1.0 ON 18-18 6 = FREEZING RAIN OR DRIZZLE
GRTST DEPTH: 1 ON 19 7 = DUSTSTORM OR SANDSTORM:
VSBY 1/2 MILE OR LESS
8 = SMOKE OR HAZE
[NO. OF DAYS WITH] [WEATHER - DAYS WITH] 9 = BLOWING SNOW
X = TORNADO
MAX 32 OR BELOW: 1 0.01 INCH OR MORE: 17
MAX 90 OR ABOVE: 0 0.10 INCH OR MORE: 9
MIN 32 OR BELOW: 13 0.50 INCH OR MORE: 1
MIN 0 OR BELOW: 0 1.00 INCH OR MORE: 0
[HDD (BASE 65) ]
TOTAL THIS MO. 789 CLEAR (SCALE 0-3) 6
DPTR FM NORMAL -307 PTCLDY (SCALE 4-7) 9
TOTAL FM JUL 1 1886 CLOUDY (SCALE 8-10) 16
DPTR FM NORMAL -518
[CDD (BASE 65) ]
TOTAL THIS MO. 0
DPTR FM NORMAL 0 [PRESSURE DATA]
TOTAL FM JAN 1 820 HIGHEST SLP 30.73 ON 14
DPTR FM NORMAL 97 LOWEST SLP 29.66 ON 9
[REMARKS]
#FINAL-12-23#