000
CXUS56 KLOX 011155
CF6SBP
PRELIMINARY LOCAL CLIMATOLOGICAL DATA (WS FORM: F-6)
STATION: SAN LUIS OBISPO AIRPORT CA
MONTH: APRIL
YEAR: 2022
LATITUDE: 35 13 N
LONGITUDE: 120 38 W
TEMPERATURE IN F: :PCPN: SNOW: WIND :SUNSHINE: SKY :PK WND
================================================================================
1 2 3 4 5 6A 6B 7 8 9 10 11 12 13 14 15 16 17 18
12Z AVG MX 2MIN
DY MAX MIN AVG DEP HDD CDD WTR SNW DPTH SPD SPD DIR MIN PSBL S-S WX SPD DR
================================================================================
1 69 45 57 1 8 0 0.00 M M 7.7 23 310 M M 3 12 29 320
2 62 47 55 -2 10 0 0.00 M M 5.6 13 190 M M 8 12 16 200
3 63 45 54 -3 11 0 0.00 M M 6.2 21 310 M M 6 1 25 310
4 74 44 59 2 6 0 0.00 M M 12.4 25 320 M M 1 1 30 310
5 77 54 66 9 0 1 0.00 M M 13.0 24 310 M M 0 30 320
6 96 62 79 22 0 14 0.00 M M 5.8 16 120 M M 0 25 110
7 91 56 74 17 0 9 0.00 M M 5.6 20 310 M M 0 23 310
8 93 52 73 16 0 8 0.00 M M 8.4 26 310 M M 0 18 33 340
9 73 48 61 4 4 0 0.00 M M 11.5 29 320 M M 0 18 35 320
10 75 47 61 4 4 0 0.00 M M 13.2 28 310 M M 0 8 34 310
11 61 41 51 -6 14 0 T M M 11.5 28 300 M M 2 18 35 300
12 63 43 53 -4 12 0 0.00 M M 13.6 28 300 M M 0 36 290
13 65 45 55 -2 10 0 0.00 M M 15.4 28 310 M M 0 33 320
14 67 42 55 -2 10 0 0.00 M M 12.0 26 320 M M 2 33 310
15 71 44 58 1 7 0 0.00 M M 9.3 26 320 M M 2 31 310
16 64 49 57 0 8 0 0.04 M M 6.0 14 320 M M 8 1 17 250
17 68 48 58 1 7 0 0.00 M M 12.1 24 310 M M 4 1 30 320
18 65 43 54 -4 11 0 0.00 M M 7.8 21 300 M M 3 12 25 300
19 69 48 59 1 6 0 0.00 M M 10.1 22 300 M M 5 27 300
20 69 42 56 -2 9 0 0.00 M M 8.3 23 320 M M 1 1 28 330
21 64 52 58 0 7 0 0.25 M M 6.7 15 220 M M 9 1 20 210
22 62 47 55 -3 10 0 0.01 M M 9.2 26 310 M M 5 12 33 300
23 74 50 62 4 3 0 0.00 M M 13.4 28 310 M M 0 32 320
24 82 49 66 8 0 1 0.00 M M 9.1 24 320 M M 0 30 320
25 78 47 63 5 2 0 0.00 M M 8.2 22 320 M M 0 26 320
26 70 46 58 0 7 0 0.00 M M 11.4 31 320 M M 1 18 36 320
27 66 43 55 -3 10 0 0.00 M M 11.1 24 310 M M 1 12 30 310
28 65 42 54 -4 11 0 0.00 M M 10.7 28 310 M M 1 1 33 310
29 80 49 65 7 0 0 0.00 M M 14.1 28 310 M M 0 34 320
30 73 50 62 4 3 0 0.00 M M 14.2 29 310 M M 0 34 340
================================================================================
SM 2149 1420 190 33 0.30 M 303.6 M 62
================================================================================
AV 71.6 47.3 10.1 FASTST M M 2 MAX(MPH)
MISC ----> 31 320 # 36 290
================================================================================
NOTES:
# LAST OF SEVERAL OCCURRENCES
COLUMN 17 PEAK WIND IN M.P.H.
PRELIMINARY LOCAL CLIMATOLOGICAL DATA (WS FORM: F-6) , PAGE 2
STATION: SAN LUIS OBISPO AIRPORT CA
MONTH: APRIL
YEAR: 2022
LATITUDE: 35 13 N
LONGITUDE: 120 38 W
[TEMPERATURE DATA] [PRECIPITATION DATA] SYMBOLS USED IN COLUMN 16
AVERAGE MONTHLY: 59.5 TOTAL FOR MONTH: 0.30 1 = FOG OR MIST
DPTR FM NORMAL: 2.1 DPTR FM NORMAL: -0.75 2 = FOG REDUCING VISIBILITY
HIGHEST: 96 ON 6 GRTST 24HR 0.26 ON 21-22 TO 1/4 MILE OR LESS
LOWEST: 41 ON 11 3 = THUNDER
SNOW, ICE PELLETS, HAIL 4 = ICE PELLETS
TOTAL MONTH: M 5 = HAIL
GRTST 24HR M ON M 6 = FREEZING RAIN OR DRIZZLE
GRTST DEPTH: M ON M 7 = DUSTSTORM OR SANDSTORM:
VSBY 1/2 MILE OR LESS
8 = SMOKE OR HAZE
[NO. OF DAYS WITH] [WEATHER - DAYS WITH] 9 = BLOWING SNOW
X = TORNADO
MAX 32 OR BELOW: 0 0.01 INCH OR MORE: 3
MAX 90 OR ABOVE: 3 0.10 INCH OR MORE: 1
MIN 32 OR BELOW: 0 0.50 INCH OR MORE: 0
MIN 0 OR BELOW: 0 1.00 INCH OR MORE: 0
[HDD (BASE 65) ]
TOTAL THIS MO. 190 CLEAR (SCALE 0-3) 22
DPTR FM NORMAL -48 PTCLDY (SCALE 4-7) 7
TOTAL FM JUL 1 1578 CLOUDY (SCALE 8-10) 1
DPTR FM NORMAL -435
[CDD (BASE 65) ]
TOTAL THIS MO. 33
DPTR FM NORMAL 25 [PRESSURE DATA]
TOTAL FM JAN 1 48 HIGHEST SLP 30.24 ON 13
DPTR FM NORMAL 34 LOWEST SLP 29.84 ON 9
[REMARKS]
#FINAL-04-22#