000
CXUS56 KLOX 011258
CF6SBP
PRELIMINARY LOCAL CLIMATOLOGICAL DATA (WS FORM: F-6)
STATION: SAN LUIS OBISPO AIRPORT CA
MONTH: JANUARY
YEAR: 2024
LATITUDE: 35 13 N
LONGITUDE: 120 38 W
TEMPERATURE IN F: :PCPN: SNOW: WIND :SUNSHINE: SKY :PK WND
================================================================================
1 2 3 4 5 6A 6B 7 8 9 10 11 12 13 14 15 16 17 18
12Z AVG MX 2MIN
DY MAX MIN AVG DEP HDD CDD WTR SNW DPTH SPD SPD DIR MIN PSBL S-S WX SPD DR
================================================================================
1 72 48 60 8 5 0 0.00 M M 3.2 15 340 M M 2 1 19 340
2 66 42 54 2 11 0 0.58 M M 3.9 17 300 M M 1 1 26 280
3 63 48 56 4 9 0 0.09 M M 6.7 21 310 M M 6 1 26 320
4 64 45 55 3 10 0 0.00 M M 6.5 16 340 M M 1 26 360
5 67 44 56 4 9 0 0.00 M M 5.7 21 330 M M 1 28 320
6 62 40 51 -1 14 0 0.06 M M 2.2 22 310 M M 3 30 300
7 63 41 52 0 13 0 0.00 M M 7.6 16 320 M M 0 22 340
8 63 41 52 0 13 0 0.00 M M 5.9 15 330 M M 0 20 320
9 65 37 51 -1 14 0 0.00 M M 9.6 20 330 M M 2 26 340
10 63 49 56 3 9 0 0.02 M M 10.6 23 290 M M 3 1 32 330
11 62 40 51 -2 14 0 T M M 8.3 25 300 M M 1 36 300
12 67 36 52 -1 13 0 0.00 M M 6.0 21 310 M M 0 27 310
13 64 41 53 0 12 0 0.00 M M 7.5 20 320 M M 0 25 310
14 67 42 55 2 10 0 0.00 M M 5.7 17 320 M M 6 12 20 300
15 71 47 59 6 6 0 0.00 M M 3.2 18 310 M M 2 12 24 320
16 68 45 57 4 8 0 0.00 M M 4.1 16 310 M M 2 18 19 310
17 69 50 60 7 5 0 T M M 4.6 18 320 M M 6 18 25 330
18 63 43 53 0 12 0 0.00 M M 1.8 10 220 M M 0 18 14 220
19 68 49 59 6 6 0 0.41 M M 5.1 15 120 M M 7 18 20 130
20 65 56 61 8 4 0 0.85 M M 4.2 12 220 M M 10 1 17 230
21 68 56 62 9 3 0 T M M 3.7 14 220 M M 8 18 17 210
22 65 57 61 8 4 0 0.46 M M 6.0 16 310 M M 10 1 20 320
23 68 51 60 7 5 0 0.00 M M 6.6 21 320 M M 4 8 27 320
24 61 49 55 2 10 0 0.03 M M 0.9 10 310 M M 9 1238 12 310
25 68 51 60 7 5 0 T M M 6.9 21 310 M M 4 18 27 320
26 75 45 60 7 5 0 0.00 M M 4.9 17 310 M M 0 22 290
27 81 50 66 13 0 1 0.00 M M 2.3 12 340 M M 0 14 320
28 86 51 69 16 0 4 0.00 M M 3.4 17 100 M M 0 23 110
29 78 49 64 11 1 0 0.00 M M 2.3 10 220 M M 0 8 18 250
30 73 46 60 7 5 0 0.00 M M 3.2 18 320 M M 0 1 23 320
31 64 46 55 2 10 0 0.43 M M 8.9 25 140 M M 6 38 130
================================================================================
SM 2099 1435 245 5 2.93 M 161.5 M 94
================================================================================
AV 67.7 46.3 5.2 FASTST M M 3 MAX(MPH)
MISC ----> # 25 300 38 130
================================================================================
NOTES:
# LAST OF SEVERAL OCCURRENCES
COLUMN 17 PEAK WIND IN M.P.H.
PRELIMINARY LOCAL CLIMATOLOGICAL DATA (WS FORM: F-6) , PAGE 2
STATION: SAN LUIS OBISPO AIRPORT CA
MONTH: JANUARY
YEAR: 2024
LATITUDE: 35 13 N
LONGITUDE: 120 38 W
[TEMPERATURE DATA] [PRECIPITATION DATA] SYMBOLS USED IN COLUMN 16
AVERAGE MONTHLY: 57.0 TOTAL FOR MONTH: 2.93 1 = FOG OR MIST
DPTR FM NORMAL: 4.2 DPTR FM NORMAL: -0.93 2 = FOG REDUCING VISIBILITY
HIGHEST: 86 ON 28 GRTST 24HR 0.85 ON 20-20 TO 1/4 MILE OR LESS
LOWEST: 36 ON 12 3 = THUNDER
SNOW, ICE PELLETS, HAIL 4 = ICE PELLETS
TOTAL MONTH: M 5 = HAIL
GRTST 24HR M ON M 6 = FREEZING RAIN OR DRIZZLE
GRTST DEPTH: M ON M 7 = DUSTSTORM OR SANDSTORM:
VSBY 1/2 MILE OR LESS
8 = SMOKE OR HAZE
[NO. OF DAYS WITH] [WEATHER - DAYS WITH] 9 = BLOWING SNOW
X = TORNADO
MAX 32 OR BELOW: 0 0.01 INCH OR MORE: 9
MAX 90 OR ABOVE: 0 0.10 INCH OR MORE: 5
MIN 32 OR BELOW: 0 0.50 INCH OR MORE: 2
MIN 0 OR BELOW: 0 1.00 INCH OR MORE: 0
[HDD (BASE 65) ]
TOTAL THIS MO. 245 CLEAR (SCALE 0-3) 19
DPTR FM NORMAL -134 PTCLDY (SCALE 4-7) 9
TOTAL FM JUL 1 510 CLOUDY (SCALE 8-10) 3
DPTR FM NORMAL -656
[CDD (BASE 65) ]
TOTAL THIS MO. 5
DPTR FM NORMAL 5 [PRESSURE DATA]
TOTAL FM JAN 1 5 HIGHEST SLP 30.37 ON 9
DPTR FM NORMAL 5 LOWEST SLP 29.63 ON 31
[REMARKS]
#FINAL-01-24#