000
CXUS56 KSTO 011300
CF6SCK
PRELIMINARY LOCAL CLIMATOLOGICAL DATA (WS FORM: F-6)
STATION: STOCKTON AIRPORT CA
MONTH: MARCH
YEAR: 2024
LATITUDE: 37 54 N
LONGITUDE: 121 15 W
TEMPERATURE IN F: :PCPN: SNOW: WIND :SUNSHINE: SKY :PK WND
================================================================================
1 2 3 4 5 6A 6B 7 8 9 10 11 12 13 14 15 16 17 18
12Z AVG MX 2MIN
DY MAX MIN AVG DEP HDD CDD WTR SNW DPTH SPD SPD DIR MIN PSBL S-S WX SPD DR
================================================================================
1 61 50 56 2 9 0 0.26 M M 10.7 25 250 M M 9 1 35 240
2 58 40 49 -6 16 0 0.33 M M 10.7 26 250 M M 8 1 34 250
3 57 40 49 -6 16 0 0.03 M M 7.0 20 220 M M 8 24 220
4 60 38 49 -6 16 0 T M M 3.3 9 160 M M 5 12 160
5 64 43 54 -1 11 0 0.00 M M 8.7 20 150 M M 3 26 140
6 67 45 56 1 9 0 0.13 M M 4.9 18 300 M M 3 24 300
7 66 46 56 1 9 0 0.00 M M 9.4 17 330 M M 2 24 320
8 68 40 54 -2 11 0 0.00 M M 3.7 10 260 M M 0 12 240
9 66 42 54 -2 11 0 0.00 M M 4.0 12 310 M M 0 1 17 300
10 67 43 55 -1 10 0 0.00 0.0 M 3.7 14 270 M M 2 19 280
11 65 49 57 1 8 0 T 0.0 M 5.3 15 320 M M 9 19 280
12 64 49 57 1 8 0 0.08 M M 6.9 16 140 M M 7 18 22 130
13 68 44 56 0 9 0 0.00 M M 13.2 26 340 M M 0 37 340
14 72 45 59 3 6 0 0.00 M M 14.6 26 340 M M 0 38 350
15 77 49 63 7 2 0 0.00 M M 11.8 23 360 M M 0 34 360
16 74 43 59 3 6 0 0.00 M M 5.5 14 300 M M 0 19 290
17 74 43 59 3 6 0 0.00 M M 4.5 10 300 M M 0 15 290
18 76 45 61 4 4 0 0.00 M M 3.9 12 300 M M 0 16 290
19 77 47 62 5 3 0 0.00 M M 4.9 14 300 M M 0 1 17 320
20 77 43 60 3 5 0 0.00 M M 6.6 15 300 M M 0 20 300
21 73 47 60 3 5 0 0.00 M M 5.3 12 310 M M 0 17 290
22 73 50 62 5 3 0 0.32 M M 6.5 18 290 M M 4 1 25 290
23 63 47 55 -2 10 0 0.09 M M 8.8 22 250 M M 7 13 29 250
24 67 48 58 1 7 0 0.04 M M 9.8 25 290 M M 5 8 37 310
25 66 46 56 -1 9 0 0.00 M M 8.7 20 260 M M 2 26 250
26 67 42 55 -3 10 0 0.00 0.0 M 6.2 13 290 M M 2 20 310
27 64 41 53 -5 12 0 0.04 0.0 M 3.7 10 140 M M 6 1 16 140
28 65 47 56 -2 9 0 0.03 0.0 M 4.5 15 300 M M 4 1 21 300
29 59 45 52 -6 13 0 0.27 M M 11.1 28 130 M M 8 1 38 130
30 65 46 56 -2 9 0 0.02 M M 7.7 17 140 M M 6 13 25 150
31 68 44 56 -2 9 0 T 0.0 M 3.4 20 360 M M 6 27 360
================================================================================
SM 2088 1387 271 0 1.64 0.0 219.0 M 106
================================================================================
AV 67.4 44.7 7.1 FASTST M M 3 MAX(MPH)
MISC ----> 28 130 # 38 350
================================================================================
NOTES:
# LAST OF SEVERAL OCCURRENCES
COLUMN 17 PEAK WIND IN M.P.H.
PRELIMINARY LOCAL CLIMATOLOGICAL DATA (WS FORM: F-6) , PAGE 2
STATION: STOCKTON AIRPORT CA
MONTH: MARCH
YEAR: 2024
LATITUDE: 37 54 N
LONGITUDE: 121 15 W
[TEMPERATURE DATA] [PRECIPITATION DATA] SYMBOLS USED IN COLUMN 16
AVERAGE MONTHLY: 56.0 TOTAL FOR MONTH: 1.64 1 = FOG OR MIST
DPTR FM NORMAL: -0.4 DPTR FM NORMAL: -0.27 2 = FOG REDUCING VISIBILITY
HIGHEST: 77 ON 19,20 GRTST 24HR 0.41 ON 22-23 TO 1/4 MILE OR LESS
LOWEST: 38 ON 4 3 = THUNDER
SNOW, ICE PELLETS, HAIL 4 = ICE PELLETS
TOTAL MONTH: 0.0 INCH 5 = HAIL
GRTST 24HR 0.0 6 = FREEZING RAIN OR DRIZZLE
GRTST DEPTH: M ON M 7 = DUSTSTORM OR SANDSTORM:
VSBY 1/2 MILE OR LESS
8 = SMOKE OR HAZE
[NO. OF DAYS WITH] [WEATHER - DAYS WITH] 9 = BLOWING SNOW
X = TORNADO
MAX 32 OR BELOW: 0 0.01 INCH OR MORE: 12
MAX 90 OR ABOVE: 0 0.10 INCH OR MORE: 5
MIN 32 OR BELOW: 0 0.50 INCH OR MORE: 0
MIN 0 OR BELOW: 0 1.00 INCH OR MORE: 0
[HDD (BASE 65) ]
TOTAL THIS MO. 271 CLEAR (SCALE 0-3) 16
DPTR FM NORMAL 1 PTCLDY (SCALE 4-7) 12
TOTAL FM JUL 1 1765 CLOUDY (SCALE 8-10) 3
DPTR FM NORMAL -304
[CDD (BASE 65) ]
TOTAL THIS MO. 0
DPTR FM NORMAL -1 [PRESSURE DATA]
TOTAL FM JAN 1 0 HIGHEST SLP 30.20 ON 13
DPTR FM NORMAL -1 LOWEST SLP 29.60 ON 30
[REMARKS]
#FINAL-03-24#