000
CXUS56 KSTO 050514
CLMSCK
CLIMATE REPORT
NATIONAL WEATHER SERVICE SACRAMENTO
1014 PM PDT THU MAY 04 2023
...................................
...THE STOCKTON AIRPORT CA CLIMATE SUMMARY FOR THE MONTH OF APRIL 2023...
CLIMATE NORMAL PERIOD: 1991 TO 2020
CLIMATE RECORD PERIOD: 1948 TO 2023
WEATHER OBSERVED NORMAL DEPART LAST YEAR`S
VALUE DATE(S) VALUE FROM VALUE
NORMAL
..............................................................
TEMPERATURE (F)
RECORD
HIGH 100 04/30/1981
LOW 32 04/20/2008
04/08/2001
04/17/1976
HIGHEST 92 04/27 MM MM
04/28
LOWEST 38 04/05 MM MM
04/19
AVG. MAXIMUM 73.6
AVG. MINIMUM 45.6
MEAN 59.6
DAYS MAX >= 90 2 1.0 1.0
DAYS MAX <= 32 0 0.0 0.0
DAYS MIN <= 32 0 0.1 -0.1
DAYS MIN <= 0 0 0.0 0.0
PRECIPITATION (INCHES)
RECORD
MAXIMUM 3.55 1958
MINIMUM 0.00 1949
TOTALS 0.14 1.11 -0.97 0.71
DAYS >= .01 1
DAYS >= .10 1
DAYS >= .50 0
DAYS >= 1.00 0
SNOWFALL (INCHES)
RECORDS
TOTAL MM MM
24 HR TOTAL MM
TOTALS MM MM MM
LIQUID EQUIV MM MM MM
SINCE 7/1 MM MM MM
LIQUID 7/1 MM
DAYS >= TRACE MM MM MM
DAYS >= 1.0 MM MM MM
GREATEST
SNOW DEPTH MM
24 HR TOTAL MM
STORM TOTAL MM
(MM/DD(HH))
DEGREE DAYS
HEATING TOTAL 185 146 39
SINCE 7/1 2592 2215 377
COOLING TOTAL 32 24 8
SINCE 1/1 32 25 7
..............................................................
WIND (MPH)
AVERAGE WIND SPEED 8.4
HIGHEST WIND SPEED/DIRECTION 30/310 DATE 04/03
HIGHEST GUST SPEED/DIRECTION 39/310 DATE 04/03
SKY COVER
POSSIBLE SUNSHINE (PERCENT) MM
AVERAGE SKY COVER 0.07
NUMBER OF DAYS FAIR 28
NUMBER OF DAYS PC 1
NUMBER OF DAYS CLOUDY 1
AVERAGE RH (PERCENT) 60
WEATHER CONDITIONS. NUMBER OF DAYS WITH
THUNDERSTORM 0 MIXED PRECIP 0
HEAVY RAIN 0 RAIN 1
LIGHT RAIN 2 FREEZING RAIN 0
LT FREEZING RAIN 0 HAIL 0
HEAVY SNOW 0 SNOW 0
LIGHT SNOW 0 SLEET 0
FOG 1 FOG W/VIS <= 1/4 MILE 0
HAZE 1
- INDICATES NEGATIVE NUMBERS.
R INDICATES RECORD WAS SET OR TIED.
MM INDICATES DATA IS MISSING.
T INDICATES TRACE AMOUNT.
$$