000
CXUS53 KLMK 010800
CF6SDF
PRELIMINARY LOCAL CLIMATOLOGICAL DATA (WS FORM: F-6)
STATION: LOUISVILLE KY
MONTH: JUNE
YEAR: 2020
LATITUDE: 38 10 N
LONGITUDE: 85 44 W
TEMPERATURE IN F: :PCPN: SNOW: WIND :SUNSHINE: SKY :PK WND
================================================================================
1 2 3 4 5 6A 6B 7 8 9 10 11 12 13 14 15 16 17 18
12Z AVG MX 2MIN
DY MAX MIN AVG DEP HDD CDD WTR SNW DPTH SPD SPD DIR MIN PSBL S-S WX SPD DR
================================================================================
1 80 51 66 -6 0 1 0.00 0.0 0 3.9 12 130 M M 4 15 140
2 90 64 77 5 0 12 0.00 0.0 0 8.7 18 230 M M 4 26 230
3 89 71 80 8 0 15 0.00 0.0 0 9.4 17 220 M M 6 27 230
4 86 67 77 4 0 12 2.14 0.0 0 9.0 29 330 M M 9 13 41 320
5 89 68 79 6 0 14 0.00 0.0 0 4.7 14 250 M M 7 1 19 250
6 94 72 83 10 0 18 0.00 0.0 0 4.8 12 320 M M 4 16 310
7 89 69 79 5 0 14 0.00 0.0 0 7.9 15 60 M M 1 20 50
8 89 68 79 5 0 14 0.00 0.0 0 8.7 16 110 M M 6 22 60
9 86 76 81 7 0 16 0.06 0.0 0 13.3 24 180 M M 8 13 34 170
10 92 69 81 7 0 16 T 0.0 0 17.4 32 240 M M 7 8 47 250
11 83 64 74 -1 0 9 0.00 0.0 0 7.8 20 270 M M 2 26 280
12 87 61 74 -1 0 9 0.00 0.0 0 4.9 17 350 M M 3 24 350
13 88 63 76 1 0 11 0.00 0.0 0 5.5 17 30 M M 3 8 23 20
14 78 62 70 -6 0 5 0.06 0.0 0 8.1 16 30 M M 6 1 23 10
15 80 57 69 -7 0 4 0.00 0.0 0 7.1 15 40 M M 3 24 60
16 81 61 71 -5 0 6 0.00 0.0 0 8.6 18 90 M M 5 27 80
17 86 64 75 -1 0 10 0.00 0.0 0 7.5 18 20 M M 8 26 10
18 86 66 76 0 0 11 0.00 0.0 0 4.9 16 150 M M 7 8 22 80
19 89 69 79 2 0 14 0.02 0.0 0 4.6 17 20 M M 5 21 10
20 93 70 82 5 0 17 0.00 0.0 0 5.8 14 240 M M 3 8 27 220
21 85 69 77 0 0 12 0.44 0.0 0 3.9 33 240 M M 7 138 46 230
22 88 69 79 2 0 14 0.98 0.0 0 7.9 30 240 M M 7 13 41 250
23 82 71 77 -1 0 12 0.26 0.0 0 11.0 23 300 M M 8 13 28 290
24 84 68 76 -2 0 11 0.00 0.0 0 6.4 15 260 M M 6 20 270
25 87 64 76 -2 0 11 0.00 0.0 0 5.6 15 220 M M 3 21 240
26 91 68 80 2 0 15 0.00 0.0 0 9.6 20 230 M M 5 8 29 230
27 84 70 77 -1 0 12 1.56 0.0 0 10.4 37 270 M M 9 13 50 280
28 85 71 78 0 0 13 0.02 0.0 0 6.9 15 220 M M 9 20 210
29 93 73 83 4 0 18 0.92 0.0 0 7.0 25 140 M M 8 13 30 140
30 87 71 79 0 0 14 0.06 0.0 0 7.2 21 270 M M 9 1 27 270
================================================================================
SM 2601 2006 0 360 6.52 0.0 228.5 M 172
================================================================================
AV 86.7 66.9 7.6 FASTST M M 6 MAX(MPH)
MISC ----> # 37 270 # 50 280
================================================================================
NOTES:
# LAST OF SEVERAL OCCURRENCES
COLUMN 17 PEAK WIND IN M.P.H.
PRELIMINARY LOCAL CLIMATOLOGICAL DATA (WS FORM: F-6) , PAGE 2
STATION: LOUISVILLE KY
MONTH: JUNE
YEAR: 2020
LATITUDE: 38 10 N
LONGITUDE: 85 44 W
[TEMPERATURE DATA] [PRECIPITATION DATA] SYMBOLS USED IN COLUMN 16
AVERAGE MONTHLY: 76.8 TOTAL FOR MONTH: 6.52 1 = FOG OR MIST
DPTR FM NORMAL: 1.2 DPTR FM NORMAL: 2.73 2 = FOG REDUCING VISIBILITY
HIGHEST: 94 ON 6 GRTST 24HR 2.14 ON 4- 4 TO 1/4 MILE OR LESS
LOWEST: 51 ON 1 3 = THUNDER
SNOW, ICE PELLETS, HAIL 4 = ICE PELLETS
TOTAL MONTH: 0.0 INCH 5 = HAIL
GRTST 24HR 0.0 6 = FREEZING RAIN OR DRIZZLE
GRTST DEPTH: 0 7 = DUSTSTORM OR SANDSTORM:
VSBY 1/2 MILE OR LESS
8 = SMOKE OR HAZE
[NO. OF DAYS WITH] [WEATHER - DAYS WITH] 9 = BLOWING SNOW
X = TORNADO
MAX 32 OR BELOW: 0 0.01 INCH OR MORE: 11
MAX 90 OR ABOVE: 6 0.10 INCH OR MORE: 6
MIN 32 OR BELOW: 0 0.50 INCH OR MORE: 4
MIN 0 OR BELOW: 0 1.00 INCH OR MORE: 2
[HDD (BASE 65) ]
TOTAL THIS MO. 0 CLEAR (SCALE 0-3) 6
DPTR FM NORMAL -5 PTCLDY (SCALE 4-7) 17
TOTAL FM JUL 1 3656 CLOUDY (SCALE 8-10) 7
DPTR FM NORMAL -441
[CDD (BASE 65) ]
TOTAL THIS MO. 360
DPTR FM NORMAL 36 [PRESSURE DATA]
TOTAL FM JAN 1 531 HIGHEST SLP 30.32 ON 1
DPTR FM NORMAL 33 LOWEST SLP 29.65 ON 10
[REMARKS]
#FINAL-06-20#