000
CXUS54 KFWD 010832
CF6SEP
PRELIMINARY LOCAL CLIMATOLOGICAL DATA (WS FORM: F-6)
STATION: STEPHENVILLE
MONTH: NOVEMBER
YEAR: 2023
LATITUDE: 32 13 N
LONGITUDE: 98 11 W
TEMPERATURE IN F: :PCPN: SNOW: WIND :SUNSHINE: SKY :PK WND
================================================================================
1 2 3 4 5 6A 6B 7 8 9 10 11 12 13 14 15 16 17 18
12Z AVG MX 2MIN
DY MAX MIN AVG DEP HDD CDD WTR SNW DPTH SPD SPD DIR MIN PSBL S-S WX SPD DR
================================================================================
1 58 32 45 -15 20 0 0.00 M M 1.9 7 110 M M 0 M M
2 64 36 50 -10 15 0 0.00 M M 5.9 12 160 M M 0 17 140
3 61 43 52 -7 13 0 0.00 M M 4.7 10 210 M M 0 16 210
4 77 53 65 6 0 0 0.00 M M 7.3 13 190 M M 3 23 210
5 77 54 66 8 0 1 0.00 M M 6.2 12 190 M M 0 20 210
6 82 61 72 14 0 7 0.00 M M 8.4 16 200 M M 0 22 200
7 87 59 73 15 0 8 0.00 M M 7.2 13 220 M M 0 17 210
8 85 60 73 16 0 8 0.00 M M 7.1 13 210 M M 0 21 210
9 71 49 60 3 5 0 0.14 M M 9.1 18 360 M M 8 25 360
10 60 48 54 -2 11 0 0.00 M M 8.7 14 360 M M 10 18 360
11 65 52 59 3 6 0 0.00 M M 3.5 8 10 M M 5 M M
12 61 47 54 -2 11 0 0.00 M M 0.4 3 320 M M 3 M M
13 63 52 58 3 7 0 0.00 M M 3.7 8 50 M M 8 M M
14 69 49 59 4 6 0 0.00 M M 1.3 5 340 M M 3 M M
15 73 44 59 5 6 0 0.00 M M 1.0 5 120 M M 0 M M
16 66 45 56 2 9 0 0.00 M M 4.5 9 160 M M 1 M M
17 70 53 62 8 3 0 0.00 M M 6.8 13 350 M M 6 18 340
18 67 53 60 7 5 0 0.00 M M 3.3 8 360 M M 6 M M
19 65 51 58 5 7 0 0.00 M M 6.6 12 180 M M 8 21 170
20 73 54 64 12 1 0 0.00 M M 10.2 20 280 M M 4 26 280
21 56 40 48 -4 17 0 0.00 M M 13.1 20 350 M M 7 31 340
22 62 34 48 -4 17 0 0.00 M M 3.7 9 290 M M 0 M M
23 65 36 51 0 14 0 0.00 M M 2.7 7 150 M M 0 M M
24 65 37 51 0 14 0 0.00 M M 3.3 7 120 M M 1 M M
25 60 40 50 0 15 0 0.01 M M 4.9 14 150 M M 6 17 130
26 51 33 42 -8 23 0 0.00 M M 9.5 17 340 M M 1 22 330
27 53 29 41 -9 24 0 0.00 M M 1.0 6 50 M M 0 M M
28 61 42 52 3 13 0 0.00 M M 1.9 8 180 M M 5 M M
29 65 37 51 2 14 0 0.00 M M 5.2 15 170 M M 4 18 220
30 73 54 64 16 1 0 0.00 M M 8.3 13 230 M M 7 21 230
================================================================================
SM 2005 1377 277 24 0.15 M 161.5 M 96
================================================================================
AV 66.8 45.9 5.4 FASTST M M 3 MAX(MPH)
MISC ----> # 20 280 31 340
================================================================================
NOTES:
# LAST OF SEVERAL OCCURRENCES
COLUMN 17 PEAK WIND IN M.P.H.
PRELIMINARY LOCAL CLIMATOLOGICAL DATA (WS FORM: F-6) , PAGE 2
STATION: STEPHENVILLE
MONTH: NOVEMBER
YEAR: 2023
LATITUDE: 32 13 N
LONGITUDE: 98 11 W
[TEMPERATURE DATA] [PRECIPITATION DATA] SYMBOLS USED IN COLUMN 16
AVERAGE MONTHLY: 56.4 TOTAL FOR MONTH: 0.15 1 = FOG OR MIST
DPTR FM NORMAL: 2.2 DPTR FM NORMAL: -1.94 2 = FOG REDUCING VISIBILITY
HIGHEST: 87 ON 7 GRTST 24HR 0.14 ON 9- 9 TO 1/4 MILE OR LESS
LOWEST: 29 ON 27 3 = THUNDER
SNOW, ICE PELLETS, HAIL 4 = ICE PELLETS
TOTAL MONTH: M 5 = HAIL
GRTST 24HR M ON M 6 = FREEZING RAIN OR DRIZZLE
GRTST DEPTH: M ON M 7 = DUSTSTORM OR SANDSTORM:
VSBY 1/2 MILE OR LESS
8 = SMOKE OR HAZE
[NO. OF DAYS WITH] [WEATHER - DAYS WITH] 9 = BLOWING SNOW
X = TORNADO
MAX 32 OR BELOW: 0 0.01 INCH OR MORE: 2
MAX 90 OR ABOVE: 0 0.10 INCH OR MORE: 1
MIN 32 OR BELOW: 2 0.50 INCH OR MORE: 0
MIN 0 OR BELOW: 0 1.00 INCH OR MORE: 0
[HDD (BASE 65) ]
TOTAL THIS MO. 277 CLEAR (SCALE 0-3) 16
DPTR FM NORMAL -64 PTCLDY (SCALE 4-7) 12
TOTAL FM JUL 1 376 CLOUDY (SCALE 8-10) 2
DPTR FM NORMAL -82
[CDD (BASE 65) ]
TOTAL THIS MO. 24
DPTR FM NORMAL 8 [PRESSURE DATA]
TOTAL FM JAN 1 3137 HIGHEST SLP M ON M
DPTR FM NORMAL 896 LOWEST SLP M ON M
[REMARKS]
#FINAL-11-23#