000
CXUS53 KLSX 011400
CF6SET
PRELIMINARY LOCAL CLIMATOLOGICAL DATA (WS FORM: F-6)
STATION: ST_CHARLES MO
MONTH: JULY
YEAR: 2021
LATITUDE: 38 55 N
LONGITUDE: 90 26 W
TEMPERATURE IN F: :PCPN: SNOW: WIND :SUNSHINE: SKY :PK WND
================================================================================
1 2 3 4 5 6A 6B 7 8 9 10 11 12 13 14 15 16 17 18
12Z AVG MX 2MIN
DY MAX MIN AVG DEP HDD CDD WTR SNW DPTH SPD SPD DIR MIN PSBL S-S WX SPD DR
================================================================================
1 87 68 78 0 0 13 0.57 0.0 0 5.5 13 50 M M 5 1 18 40
2 83 62 73 -5 0 8 0.00 0.0 0 6.2 14 30 M M 0 22 40
3 84 62 73 -5 0 8 0.00 0.0 0 1.5 7 330 M M 0 1 10 130
4 89 64 77 -1 0 12 0.00 0.0 0 2.1 10 240 M M 0 18 14 240
5 90 67 79 1 0 14 0.00 0.0 0 3.4 9 210 M M 0 18 13 160
6 91 69 80 2 0 15 0.00 0.0 0 2.8 10 210 M M 1 18 15 210
7 91 71 81 2 0 16 0.00 0.0 0 3.5 21 230 M M 2 3 26 240
8 87 71 79 0 0 14 0.00 0.0 0 6.4 14 340 M M 3 19 320
9 89 66 78 -1 0 13 0.60 0.0 0 6.2 44 10 M M 2 138 65 360
10 83 69 76 -3 0 11 0.74 0.0 0 5.5 21 170 M M 4 138 31 180
11 83 68 76 -3 0 11 0.75 0.0 0 3.5 14 200 M M 7 138 18 190
12 82 69 76 -3 0 11 0.04 0.0 0 5.2 14 260 M M 6 1 22 340
13 82 70 76 -3 0 11 0.00 0.0 0 4.4 12 290 M M 8 1 15 290
14 91 67 79 0 0 14 0.00 0.0 0 6.4 13 180 M M 1 18 17 190
15 91 71 81 2 0 16 0.35 0.0 0 5.6 36 310 M M 2 3 51 290
16 82 71 77 -2 0 12 0.47 0.0 0 4.1 13 180 M M 7 1 16 180
17 85 70 78 -1 0 13 0.00 0.0 0 4.0 10 20 M M 4 18 14 20
18 86 67 77 -2 0 12 0.00 0.0 0 5.8 12 60 M M 1 1 18 70
19 86 68 77 -2 0 12 0.00 0.0 0 6.6 15 40 M M 1 1 19 40
20 87 68 78 -1 0 13 0.00 0.0 0 3.6 13 50 M M 0 17 40
21 90 66 78 -1 0 13 0.00 0.0 0 1.3 7 60 M M 3 18 10 320
22 90 70 80 1 0 15 0.00 0.0 0 1.9 8 160 M M 2 128 12 170
23 91 71 81 2 0 16 0.00 0.0 0 4.4 12 120 M M 1 18 16 120
24 98 72 85 6 0 20 0.00 0.0 0 4.5 15 270 M M 0 18 20 260
25 91 74 83 4 0 18 0.33 0.0 0 3.3 14 350 M M 4 138 18 350
26 91 72 82 3 0 17 0.00 0.0 0 3.2 9 30 M M 0 12 30
27 91 67 79 0 0 14 0.00 0.0 0 2.0 9 60 M M 0 128 17 100
28 93 68 81 2 0 16 0.00 0.0 0 1.8 7 180 M M 2 128 12 290
29 96 73 85 6 0 20 0.19 0.0 0 4.9 20 340 M M 3 1238 28 340
30 87 71 79 1 0 14 0.00 0.0 0 7.3 14 60 M M 3 18 18 80
31 77 65 71 -7 0 6 0.14 0.0 0 6.3 15 130 M M 9 138 22 120
================================================================================
SM 2724 2127 0 418 4.18 0.0 133.2 M 81
================================================================================
AV 87.9 68.6 4.3 FASTST M M 3 MAX(MPH)
MISC ----> 44 10 65 360
================================================================================
NOTES:
# LAST OF SEVERAL OCCURRENCES
COLUMN 17 PEAK WIND IN M.P.H.
PRELIMINARY LOCAL CLIMATOLOGICAL DATA (WS FORM: F-6) , PAGE 2
STATION: ST_CHARLES MO
MONTH: JULY
YEAR: 2021
LATITUDE: 38 55 N
LONGITUDE: 90 26 W
[TEMPERATURE DATA] [PRECIPITATION DATA] SYMBOLS USED IN COLUMN 16
AVERAGE MONTHLY: 78.2 TOTAL FOR MONTH: 4.18 1 = FOG OR MIST
DPTR FM NORMAL: -0.4 DPTR FM NORMAL: 0.44 2 = FOG REDUCING VISIBILITY
HIGHEST: 98 ON 24 GRTST 24HR 1.34 ON 9-10 TO 1/4 MILE OR LESS
LOWEST: 62 ON 3, 2 3 = THUNDER
SNOW, ICE PELLETS, HAIL 4 = ICE PELLETS
TOTAL MONTH: 0.0 INCH 5 = HAIL
GRTST 24HR 0.0 6 = FREEZING RAIN OR DRIZZLE
GRTST DEPTH: 0 7 = DUSTSTORM OR SANDSTORM:
VSBY 1/2 MILE OR LESS
8 = SMOKE OR HAZE
[NO. OF DAYS WITH] [WEATHER - DAYS WITH] 9 = BLOWING SNOW
X = TORNADO
MAX 32 OR BELOW: 0 0.01 INCH OR MORE: 10
MAX 90 OR ABOVE: 14 0.10 INCH OR MORE: 9
MIN 32 OR BELOW: 0 0.50 INCH OR MORE: 4
MIN 0 OR BELOW: 0 1.00 INCH OR MORE: 0
[HDD (BASE 65) ]
TOTAL THIS MO. 0 CLEAR (SCALE 0-3) 22
DPTR FM NORMAL 0 PTCLDY (SCALE 4-7) 8
TOTAL FM JUL 1 0 CLOUDY (SCALE 8-10) 1
DPTR FM NORMAL 0
[CDD (BASE 65) ]
TOTAL THIS MO. 418
DPTR FM NORMAL -4 [PRESSURE DATA]
TOTAL FM JAN 1 969 HIGHEST SLP 30.17 ON 22
DPTR FM NORMAL 74 LOWEST SLP 29.75 ON 11
[REMARKS]
#FINAL-07-21#