748
CXUS53 KLSX 011500
CF6SET
PRELIMINARY LOCAL CLIMATOLOGICAL DATA (WS FORM: F-6)
STATION: ST_CHARLES MO
MONTH: FEBRUARY
YEAR: 2021
LATITUDE: 38 55 N
LONGITUDE: 90 26 W
TEMPERATURE IN F: :PCPN: SNOW: WIND :SUNSHINE: SKY :PK WND
================================================================================
1 2 3 4 5 6A 6B 7 8 9 10 11 12 13 14 15 16 17 18
12Z AVG MX 2MIN
DY MAX MIN AVG DEP HDD CDD WTR SNW DPTH SPD SPD DIR MIN PSBL S-S WX SPD DR
================================================================================
1 35 32 34 2 31 0 0.00 0.0 M 12.7 20 320 M M 10 28 320
2 40 27 34 2 31 0 0.00 0.0 M 5.2 13 300 M M 4 15 300
3 45 26 36 4 29 0 0.00 0.0 M 7.1 15 130 M M 4 18 18 120
4 44 27 36 4 29 0 0.22 M M 15.4 33 290 M M 7 18 48 300
5 41 26 34 2 31 0 0.00 0.0 0 12.6 23 270 M M 3 35 290
6 30 12 21 -12 44 0 0.01 M 0 8.4 20 10 M M 5 8 25 340
7 15 3 9 -24 56 0 0.00 0.0 M 8.1 17 360 M M 6 24 350
8 23 15 19 -14 46 0 0.02 M M 8.1 15 30 M M 10 8 21 30
9 20 M M M M M M M M 10.3 15 20 M M 6 8 32 10
10 20 14 17 -17 48 0 M M M 11.0 17 10 M M 9 8 25 360
11 21 14 18 -16 47 0 T M M 12.4 20 30 M M 10 8 25 10
12 20 8 14 -20 51 0 T M M 11.2 18 350 M M 6 23 330
13 99 99 99 65 0 34 M M M 99.0 99 99 M M M 99 99
14 M M M M M M M M M M M M M M 0 M M
15 M M M M M M M M M M M M M M 0 M M
16 M M M M M M M M M M M M M M 0 M M
17 M M M M M M M M M M M M M M 0 M M
18 M M M M M M M M M M M M M M M 18 M M
19 29 -4 13 -23 52 0 0.00 0.0 M 3.0 8 200 M M 1 128 10 190
20 36 5 21 -15 44 0 0.00 0.0 M 7.3 13 100 M M 2 18 14 100
21 46 18 32 -5 33 0 T 0.0 M 12.5 25 270 M M 5 18 35 270
22 55 35 45 8 20 0 0.00 0.0 M 11.2 21 290 M M 3 30 290
23 65 38 52 15 13 0 0.00 M M 8.2 16 270 M M 0 21 280
24 57 35 46 8 19 0 0.00 0.0 M 9.4 20 10 M M 1 27 330
25 50 31 41 3 24 0 0.00 0.0 M 3.3 9 10 M M 1 12 330
26 51 29 40 2 25 0 0.00 M M 8.2 18 110 M M 6 1 23 100
27 60 33 47 8 18 0 0.20 M M 6.8 16 100 M M 2 18 19 100
28 59 39 49 10 16 0 0.84 0.0 M 6.8 21 320 M M 8 123 26 320
================================================================================
SM 961 562 707 34 1.29 0.0 298.2 M 109
================================================================================
AV 41.8 25.5 13.0 FASTST M M 4 MAX(MPH)
MISC ----> 99 99 99 99
================================================================================
NOTES:
# LAST OF SEVERAL OCCURRENCES
COLUMN 17 PEAK WIND IN M.P.H.
PRELIMINARY LOCAL CLIMATOLOGICAL DATA (WS FORM: F-6) , PAGE 2
STATION: ST_CHARLES MO
MONTH: FEBRUARY
YEAR: 2021
LATITUDE: 38 55 N
LONGITUDE: 90 26 W
[TEMPERATURE DATA] [PRECIPITATION DATA] SYMBOLS USED IN COLUMN 16
AVERAGE MONTHLY: 33.7 TOTAL FOR MONTH: 1.29 1 = FOG OR MIST
DPTR FM NORMAL: -1.2 DPTR FM NORMAL: -0.94 2 = FOG REDUCING VISIBILITY
HIGHEST: 99 ON 13 GRTST 24HR 1.04 ON 27-28 TO 1/4 MILE OR LESS
LOWEST: -4 ON 19 3 = THUNDER
SNOW, ICE PELLETS, HAIL 4 = ICE PELLETS
TOTAL MONTH: 0.0 INCH 5 = HAIL
GRTST 24HR 0.0 6 = FREEZING RAIN OR DRIZZLE
GRTST DEPTH: 0 7 = DUSTSTORM OR SANDSTORM:
VSBY 1/2 MILE OR LESS
8 = SMOKE OR HAZE
[NO. OF DAYS WITH] [WEATHER - DAYS WITH] 9 = BLOWING SNOW
X = TORNADO
MAX 32 OR BELOW: 8 0.01 INCH OR MORE: 5
MAX 90 OR ABOVE: 1 0.10 INCH OR MORE: 3
MIN 32 OR BELOW: 16 0.50 INCH OR MORE: 1
MIN 0 OR BELOW: 1 1.00 INCH OR MORE: 0
[HDD (BASE 65) ]
TOTAL THIS MO. 707 CLEAR (SCALE 0-3) 11
DPTR FM NORMAL -134 PTCLDY (SCALE 4-7) 11
TOTAL FM JUL 1 3368 CLOUDY (SCALE 8-10) 6
DPTR FM NORMAL -475
[CDD (BASE 65) ]
TOTAL THIS MO. 34
DPTR FM NORMAL 34 [PRESSURE DATA]
TOTAL FM JAN 1 34 HIGHEST SLP 30.50 ON 12
DPTR FM NORMAL 34 LOWEST SLP 29.47 ON 4
[REMARKS]
#FINAL-02-21#