000
CXUS53 KSGF 012256
CF6SGF
PRELIMINARY LOCAL CLIMATOLOGICAL DATA (WS FORM: F-6)
STATION: SPRINGFIELD MO
MONTH: JULY
YEAR: 2020
LATITUDE: 37 13 N
LONGITUDE: 93 23 W
TEMPERATURE IN F: :PCPN: SNOW: WIND :SUNSHINE: SKY :PK WND
================================================================================
1 2 3 4 5 6A 6B 7 8 9 10 11 12 13 14 15 16 17 18
12Z AVG MX 2MIN
DY MAX MIN AVG DEP HDD CDD WTR SNW DPTH SPD SPD DIR MIN PSBL S-S WX SPD DR
================================================================================
1 83 70 77 0 0 12 0.04 0.0 0 8.7 30 30 M M 4 1 38 30
2 94 70 82 5 0 17 T 0.0 0 6.5 21 180 M M 5 12 27 190
3 93 69 81 4 0 16 T 0.0 0 5.8 25 310 M M 2 3 39 310
4 87 68 78 1 0 13 0.07 0.0 0 4.9 25 130 M M 2 13 31 130
5 90 69 80 2 0 15 0.00 0.0 0 5.4 13 120 M M 3 1 18 130
6 92 67 80 2 0 15 0.00 0.0 0 4.5 13 180 M M 1 1 18 100
7 93 70 82 4 0 17 0.00 0.0 0 5.0 13 150 M M 2 17 160
8 92 71 82 4 0 17 0.00 0.0 0 6.8 14 180 M M 1 19 180
9 86 72 79 1 0 14 0.01 0.0 0 8.4 17 150 M M 1 23 320
10 92 67 80 2 0 15 0.00 0.0 0 3.8 10 190 M M 1 17 170
11 96 70 83 5 0 18 0.00 0.0 0 5.3 18 210 M M 0 23 220
12 90 66 78 0 0 13 T 0.0 0 9.4 20 360 M M 2 3 29 20
13 89 63 76 -2 0 11 0.00 0.0 0 8.7 18 140 M M 0 25 180
14 94 72 83 5 0 18 0.00 0.0 0 15.5 23 140 M M 0 30 130
15 94 73 84 6 0 19 T 0.0 0 11.2 20 230 M M 3 27 190
16 91 68 80 2 0 15 0.00 0.0 0 5.6 22 230 M M 1 28 230
17 90 73 82 4 0 17 T 0.0 0 10.3 18 160 M M 2 3 24 180
18 94 75 85 7 0 20 0.00 0.0 0 12.4 21 190 M M 0 29 190
19 93 73 83 5 0 18 T 0.0 0 10.3 22 320 M M 1 3 30 330
20 92 72 82 3 0 17 0.00 0.0 0 6.8 20 360 M M 1 24 240
21 93 72 83 4 0 18 T 0.0 0 8.7 21 210 M M 2 30 210
22 93 70 82 3 0 17 0.81 0.0 0 7.1 18 190 M M 2 13 30 180
23 93 71 82 3 0 17 0.00 0.0 0 6.7 12 160 M M 2 19 120
24 93 73 83 4 0 18 0.00 0.0 0 7.7 16 150 M M 1 21 150
25 92 74 83 4 0 18 0.00 0.0 0 8.0 16 140 M M 1 21 160
26 90 73 82 3 0 17 T 0.0 0 7.4 16 200 M M 1 23 200
27 86 72 79 0 0 14 0.57 0.0 0 6.2 16 240 M M 4 138 22 240
28 86 71 79 0 0 14 0.00 0.0 0 3.5 14 210 M M 4 1 18 200
29 84 72 78 -1 0 13 0.20 0.0 0 8.9 23 210 M M 5 13 28 210
30 86 68 77 -2 0 12 0.86 0.0 0 8.2 28 310 M M 4 13 39 320
31 76 65 71 -8 0 6 0.18 0.0 0 9.6 24 20 M M 9 1 33 20
================================================================================
SM 2797 2179 0 481 2.74 0.0 237.3 M 67
================================================================================
AV 90.2 70.3 7.7 FASTST M M 2 MAX(MPH)
MISC ----> 30 30 # 39 310
================================================================================
NOTES:
# LAST OF SEVERAL OCCURRENCES
COLUMN 17 PEAK WIND IN M.P.H.
PRELIMINARY LOCAL CLIMATOLOGICAL DATA (WS FORM: F-6) , PAGE 2
STATION: SPRINGFIELD MO
MONTH: JULY
YEAR: 2020
LATITUDE: 37 13 N
LONGITUDE: 93 23 W
[TEMPERATURE DATA] [PRECIPITATION DATA] SYMBOLS USED IN COLUMN 16
AVERAGE MONTHLY: 80.3 TOTAL FOR MONTH: 2.74 1 = FOG OR MIST
DPTR FM NORMAL: 2.1 DPTR FM NORMAL: -0.94 2 = FOG REDUCING VISIBILITY
HIGHEST: 96 ON 11 GRTST 24HR 0.87 ON 29-30 TO 1/4 MILE OR LESS
LOWEST: 63 ON 13 3 = THUNDER
SNOW, ICE PELLETS, HAIL 4 = ICE PELLETS
TOTAL MONTH: 0.0 INCH 5 = HAIL
GRTST 24HR 0.0 6 = FREEZING RAIN OR DRIZZLE
GRTST DEPTH: 0 7 = DUSTSTORM OR SANDSTORM:
VSBY 1/2 MILE OR LESS
8 = SMOKE OR HAZE
[NO. OF DAYS WITH] [WEATHER - DAYS WITH] 9 = BLOWING SNOW
X = TORNADO
MAX 32 OR BELOW: 0 0.01 INCH OR MORE: 8
MAX 90 OR ABOVE: 22 0.10 INCH OR MORE: 5
MIN 32 OR BELOW: 0 0.50 INCH OR MORE: 3
MIN 0 OR BELOW: 0 1.00 INCH OR MORE: 0
[HDD (BASE 65) ]
TOTAL THIS MO. 0 CLEAR (SCALE 0-3) 24
DPTR FM NORMAL 0 PTCLDY (SCALE 4-7) 6
TOTAL FM JUL 1 0 CLOUDY (SCALE 8-10) 1
DPTR FM NORMAL 0
[CDD (BASE 65) ]
TOTAL THIS MO. 481
DPTR FM NORMAL 71 [PRESSURE DATA]
TOTAL FM JAN 1 893 HIGHEST SLP 30.12 ON 17
DPTR FM NORMAL 105 LOWEST SLP 29.75 ON 31
[REMARKS]
#FINAL-07-20#