000
CXUS54 KSHV 011400
CF6SHV
PRELIMINARY LOCAL CLIMATOLOGICAL DATA (WS FORM: F-6)
STATION: SHREVEPORT
MONTH: FEBRUARY
YEAR: 2022
LATITUDE: 32 28 N
LONGITUDE: 93 49 W
TEMPERATURE IN F: :PCPN: SNOW: WIND :SUNSHINE: SKY :PK WND
================================================================================
1 2 3 4 5 6A 6B 7 8 9 10 11 12 13 14 15 16 17 18
12Z AVG MX 2MIN
DY MAX MIN AVG DEP HDD CDD WTR SNW DPTH SPD SPD DIR MIN PSBL S-S WX SPD DR
================================================================================
1 71 49 60 11 5 0 0.08 0.0 0 7.1 25 140 M M 7 1 36 150
2 67 52 60 11 5 0 0.25 0.0 0 6.0 18 340 M M 10 1 M M
3 51 33 42 -8 23 0 1.13 T 0 12.3 23 350 M M 10 14 31 20
4 34 29 32 -18 33 0 0.01 0.2 0 10.4 20 330 M M 8 18 24 320
5 51 22 37 -13 28 0 0.00 0.0 0 1.6 8 320 M M 0 9 330
6 57 25 41 -9 24 0 0.00 0.0 0 2.2 10 150 M M 1 14 150
7 61 28 45 -5 20 0 0.00 0.0 0 4.7 15 340 M M 1 19 330
8 67 28 48 -2 17 0 0.00 0.0 0 4.3 14 220 M M 0 8 18 250
9 72 36 54 4 11 0 0.00 0.0 0 3.4 13 250 M M 2 8 15 240
10 74 33 54 3 11 0 0.00 0.0 0 2.0 13 200 M M 2 16 200
11 75 44 60 9 5 0 0.00 0.0 0 9.3 21 250 M M 0 25 220
12 57 33 45 -6 20 0 0.14 0.0 0 10.2 28 360 M M 5 1 34 360
13 59 24 42 -9 23 0 0.00 0.0 0 5.1 15 250 M M 0 19 280
14 72 30 51 -1 14 0 0.00 0.0 0 6.2 15 240 M M 0 22 250
15 72 35 54 2 11 0 0.00 0.0 0 10.6 23 190 M M 2 28 170
16 78 58 68 16 0 3 T 0.0 0 16.1 31 170 M M 9 41 160
17 72 37 55 3 10 0 0.65 0.0 0 16.9 32 290 M M 10 3 40 290
18 53 33 43 -9 22 0 0.00 0.0 0 8.3 18 350 M M 4 23 340
19 65 29 47 -6 18 0 0.00 0.0 0 2.4 12 50 M M 1 14 20
20 68 36 52 -1 13 0 0.00 0.0 0 8.0 22 180 M M 6 27 170
21 82 56 69 16 0 4 0.07 0.0 0 12.8 26 180 M M 8 12 34 210
22 78 52 65 12 0 0 0.04 0.0 0 12.6 25 190 M M 9 34 190
23 52 35 44 -10 21 0 0.03 0.0 0 10.6 17 20 M M 10 18 22 30
24 42 35 39 -15 26 0 T 0.0 0 8.0 18 320 M M 10 18 22 330
25 43 34 39 -15 26 0 0.00 0.0 0 10.8 17 360 M M 10 8 24 30
26 40 33 37 -17 28 0 1.27 0.0 0 8.6 16 40 M M 10 1 21 40
27 57 36 47 -8 18 0 0.01 0.0 0 8.0 16 340 M M 6 1 22 310
28 67 31 49 -6 16 0 0.00 0.0 0 1.9 9 30 M M 2 8 11 300
================================================================================
SM 1737 1006 448 7 3.68 0.2 220.4 M 143
================================================================================
AV 62.0 35.9 7.9 FASTST M M 5 MAX(MPH)
MISC ----> 32 290 41 160
================================================================================
NOTES:
# LAST OF SEVERAL OCCURRENCES
COLUMN 17 PEAK WIND IN M.P.H.
PRELIMINARY LOCAL CLIMATOLOGICAL DATA (WS FORM: F-6) , PAGE 2
STATION: SHREVEPORT
MONTH: FEBRUARY
YEAR: 2022
LATITUDE: 32 28 N
LONGITUDE: 93 49 W
[TEMPERATURE DATA] [PRECIPITATION DATA] SYMBOLS USED IN COLUMN 16
AVERAGE MONTHLY: 49.0 TOTAL FOR MONTH: 3.68 1 = FOG OR MIST
DPTR FM NORMAL: -2.8 DPTR FM NORMAL: -0.62 2 = FOG REDUCING VISIBILITY
HIGHEST: 82 ON 21 GRTST 24HR 1.28 ON 26-27 TO 1/4 MILE OR LESS
LOWEST: 22 ON 5 3 = THUNDER
SNOW, ICE PELLETS, HAIL 4 = ICE PELLETS
TOTAL MONTH: 0.2 INCH 5 = HAIL
GRTST 24HR 0.2 ON 4- 4 6 = FREEZING RAIN OR DRIZZLE
GRTST DEPTH: 0 7 = DUSTSTORM OR SANDSTORM:
VSBY 1/2 MILE OR LESS
8 = SMOKE OR HAZE
[NO. OF DAYS WITH] [WEATHER - DAYS WITH] 9 = BLOWING SNOW
X = TORNADO
MAX 32 OR BELOW: 0 0.01 INCH OR MORE: 11
MAX 90 OR ABOVE: 0 0.10 INCH OR MORE: 5
MIN 32 OR BELOW: 9 0.50 INCH OR MORE: 3
MIN 0 OR BELOW: 0 1.00 INCH OR MORE: 2
[HDD (BASE 65) ]
TOTAL THIS MO. 448 CLEAR (SCALE 0-3) 12
DPTR FM NORMAL 68 PTCLDY (SCALE 4-7) 6
TOTAL FM JUL 1 1434 CLOUDY (SCALE 8-10) 10
DPTR FM NORMAL -324
[CDD (BASE 65) ]
TOTAL THIS MO. 7
DPTR FM NORMAL -4 [PRESSURE DATA]
TOTAL FM JAN 1 8 HIGHEST SLP 30.61 ON 5
DPTR FM NORMAL -1 LOWEST SLP 29.72 ON 17
[REMARKS]
#FINAL-02-22#