000
CXUS56 KMFR 011000
CF6SIY
PRELIMINARY LOCAL CLIMATOLOGICAL DATA (WS FORM: F-6)
STATION: MONTAGUE CA
MONTH: JULY
YEAR: 2020
LATITUDE: 41 46 N
LONGITUDE: 122 28 W
TEMPERATURE IN F: :PCPN: SNOW: WIND :SUNSHINE: SKY :PK WND
================================================================================
1 2 3 4 5 6A 6B 7 8 9 10 11 12 13 14 15 16 17 18
12Z AVG MX 2MIN
DY MAX MIN AVG DEP HDD CDD WTR SNW DPTH SPD SPD DIR MIN PSBL S-S WX SPD DR
================================================================================
1 81 51 66 -3 0 1 0.00 M M 12.0 25 20 M M 0 37 20
2 88 42 65 -5 0 0 0.00 M M 7.1 22 340 M M 0 27 350
3 88 50 69 -1 0 4 0.00 M M 6.9 18 350 M M 0 24 360
4 87 50 69 -1 0 4 0.00 M M 6.7 18 20 M M 0 24 20
5 90 50 70 -1 0 5 0.00 M M 8.6 20 360 M M 0 24 10
6 88 52 70 -1 0 5 0.00 M M 10.1 28 350 M M 0 33 350
7 81 47 64 -7 1 0 0.00 M M 9.4 24 30 M M 0 32 30
8 89 46 68 -4 0 3 0.00 M M 8.1 22 350 M M 0 28 360
9 90 48 69 -3 0 4 0.00 M M 6.7 20 320 M M 0 8 28 320
10 94 53 74 2 0 9 0.00 M M 6.8 17 350 M M 0 22 330
11 97 53 75 3 0 10 0.00 M M 7.5 18 320 M M 0 24 310
12 92 52 72 -1 0 7 0.00 M M 10.1 24 10 M M 0 29 10
13 93 60 77 4 0 12 0.00 M M 9.8 22 10 M M 0 27 10
14 97 52 75 2 0 10 0.00 M M 7.5 20 350 M M 0 24 10
15 100 57 79 6 0 14 0.00 M M 7.5 21 340 M M 0 25 340
16 98 60 79 6 0 14 0.00 M M 9.1 25 10 M M 0 32 10
17 97 60 79 5 0 14 0.00 M M 10.4 23 10 M M 0 31 360
18 101 59 80 6 0 15 0.00 M M 8.6 22 360 M M 0 27 360
19 101 61 81 7 0 16 0.00 M M 7.3 21 10 M M 0 24 340
20 102 61 82 8 0 17 0.00 M M 6.9 21 320 M M 0 25 310
21 103 59 81 7 0 16 0.00 M M 7.0 23 10 M M 0 27 20
22 97 65 81 7 0 16 0.26 M M 6.9 38 290 M M 2 3 48 300
23 91 57 74 0 0 9 0.00 M M 6.7 23 10 M M 1 28 10
24 95 55 75 1 0 10 0.00 M M 7.2 22 360 M M 0 26 360
25 97 56 77 3 0 12 0.00 M M 7.6 21 330 M M 0 25 330
26 102 57 80 6 0 15 T M M 5.8 38 120 M M 1 3 47 120
27 100 65 83 9 0 18 0.11 M M 5.4 26 30 M M 2 38 33 10
28 98 58 78 4 0 13 0.00 M M 4.3 12 270 M M 0 13 270
29 100 58 79 5 0 14 0.00 M M 4.7 16 170 M M 0 22 170
30 98 54 76 2 0 11 0.00 M M 6.0 22 170 M M 0 27 170
31 97 52 75 1 0 10 0.00 M M 5.5 22 350 M M 0 27 350
================================================================================
SM 2932 1700 1 308 0.37 M 234.2 M 6
================================================================================
AV 94.6 54.8 7.6 FASTST M M 0 MAX(MPH)
MISC ----> # 38 290 # 48 300
================================================================================
NOTES:
# LAST OF SEVERAL OCCURRENCES
COLUMN 17 PEAK WIND IN M.P.H.
PRELIMINARY LOCAL CLIMATOLOGICAL DATA (WS FORM: F-6) , PAGE 2
STATION: MONTAGUE CA
MONTH: JULY
YEAR: 2020
LATITUDE: 41 46 N
LONGITUDE: 122 28 W
[TEMPERATURE DATA] [PRECIPITATION DATA] SYMBOLS USED IN COLUMN 16
AVERAGE MONTHLY: 74.7 TOTAL FOR MONTH: 0.37 1 = FOG OR MIST
DPTR FM NORMAL: 2.0 DPTR FM NORMAL: -0.08 2 = FOG REDUCING VISIBILITY
HIGHEST: 103 ON 21 GRTST 24HR 0.26 ON 22-22 TO 1/4 MILE OR LESS
LOWEST: 42 ON 2 3 = THUNDER
SNOW, ICE PELLETS, HAIL 4 = ICE PELLETS
TOTAL MONTH: M 5 = HAIL
GRTST 24HR M ON M 6 = FREEZING RAIN OR DRIZZLE
GRTST DEPTH: M ON M 7 = DUSTSTORM OR SANDSTORM:
VSBY 1/2 MILE OR LESS
8 = SMOKE OR HAZE
[NO. OF DAYS WITH] [WEATHER - DAYS WITH] 9 = BLOWING SNOW
X = TORNADO
MAX 32 OR BELOW: 0 0.01 INCH OR MORE: 2
MAX 90 OR ABOVE: 24 0.10 INCH OR MORE: 2
MIN 32 OR BELOW: 0 0.50 INCH OR MORE: 0
MIN 0 OR BELOW: 0 1.00 INCH OR MORE: 0
[HDD (BASE 65) ]
TOTAL THIS MO. 1 CLEAR (SCALE 0-3) 31
DPTR FM NORMAL -3 PTCLDY (SCALE 4-7) 0
TOTAL FM JUL 1 1 CLOUDY (SCALE 8-10) 0
DPTR FM NORMAL -3
[CDD (BASE 65) ]
TOTAL THIS MO. 308
DPTR FM NORMAL 66 [PRESSURE DATA]
TOTAL FM JAN 1 490 HIGHEST SLP M ON M
DPTR FM NORMAL 177 LOWEST SLP 29.70 ON 22
[REMARKS]
#FINAL-07-20#