000
CXUS56 KFGZ 010910
CF6SJN
PRELIMINARY LOCAL CLIMATOLOGICAL DATA (WS FORM: F-6)
STATION: SAINT JOHNS AZ AIRPORT
MONTH: MAY
YEAR: 2021
LATITUDE: 34 31 N
LONGITUDE: 109 23 W
TEMPERATURE IN F: :PCPN: SNOW: WIND :SUNSHINE: SKY :PK WND
================================================================================
1 2 3 4 5 6A 6B 7 8 9 10 11 12 13 14 15 16 17 18
12Z AVG MX 2MIN
DY MAX MIN AVG DEP HDD CDD WTR SNW DPTH SPD SPD DIR MIN PSBL S-S WX SPD DR
================================================================================
1 85 46 66 10 0 1 0.00 M M 10.0 28 260 M M 0 34 280
2 79 50 65 8 0 0 0.00 M M 14.7 33 250 M M 0 46 250
3 71 43 57 0 8 0 T M M 11.1 36 250 M M 4 43 250
4 78 34 56 -1 9 0 0.00 M M 6.8 20 250 M M 0 25 240
5 83 46 65 7 0 0 0.00 M M 5.8 15 310 M M 0 18 290
6 87 40 64 6 1 0 0.00 M M 5.2 18 200 M M 0 25 180
7 87 45 66 8 0 1 0.00 M M 10.6 29 240 M M 0 39 260
8 79 44 62 3 3 0 0.00 M M 12.0 26 280 M M 1 37 280
9 79 50 65 6 0 0 0.00 M M 14.0 31 270 M M 1 40 280
10 79 49 64 5 1 0 0.00 M M 14.5 31 240 M M 0 37 220
11 79 39 59 -1 6 0 0.00 M M 5.9 21 310 M M 0 29 320
12 83 44 64 4 1 0 0.00 M M 6.6 22 310 M M 0 30 330
13 87 36 62 2 3 0 0.00 M M 6.7 22 270 M M 0 8 31 270
14 86 47 67 6 0 2 0.00 M M 6.6 22 110 M M 0 3 30 170
15 83 47 65 4 0 0 T M M 9.3 30 150 M M 1 3 40 140
16 82 44 63 2 2 0 0.00 M M 11.0 30 260 M M 0 39 240
17 72 44 58 -4 7 0 0.00 M M 9.6 23 240 M M 1 3 29 230
18 76 50 63 1 2 0 0.00 M M 13.6 28 310 M M 2 35 310
19 86 55 71 9 0 6 0.00 M M 12.3 30 250 M M 1 39 270
20 83 49 66 3 0 1 0.00 M M 14.9 36 220 M M 0 46 220
21 75 56 66 3 0 1 0.00 M M 17.5 33 210 M M 2 46 210
22 81 43 62 -1 3 0 0.00 M M 17.8 41 190 M M 0 55 200
23 74 32 53 -11 12 0 0.00 M M 6.2 12 230 M M 0 M M
24 79 34 57 -7 8 0 0.00 M M 7.1 18 310 M M 0 27 290
25 85 35 60 -4 5 0 0.00 M M 6.5 23 230 M M 0 31 210
26 81 46 64 -1 1 0 0.00 M M 6.7 26 260 M M 0 32 250
27 84 42 63 -2 2 0 0.00 M M 5.4 20 330 M M 0 26 320
28 89 45 67 1 0 2 0.00 M M 6.9 20 310 M M 0 25 300
29 89 48 69 3 0 4 0.00 M M 11.0 26 260 M M 0 33 230
30 88 50 69 3 0 4 0.00 M M 8.4 25 260 M M 0 35 240
31 86 60 73 6 0 8 T M M 8.9 28 340 M M 3 35 320
================================================================================
SM 2535 1393 74 30 T M 303.6 M 16
================================================================================
AV 81.8 44.9 9.8 FASTST M M 1 MAX(MPH)
MISC ----> 41 190 55 200
================================================================================
NOTES:
# LAST OF SEVERAL OCCURRENCES
COLUMN 17 PEAK WIND IN M.P.H.
PRELIMINARY LOCAL CLIMATOLOGICAL DATA (WS FORM: F-6) , PAGE 2
STATION: SAINT JOHNS AZ AIRPORT
MONTH: MAY
YEAR: 2021
LATITUDE: 34 31 N
LONGITUDE: 109 23 W
[TEMPERATURE DATA] [PRECIPITATION DATA] SYMBOLS USED IN COLUMN 16
AVERAGE MONTHLY: 63.4 TOTAL FOR MONTH: T 1 = FOG OR MIST
DPTR FM NORMAL: 2.0 DPTR FM NORMAL: -0.43 2 = FOG REDUCING VISIBILITY
HIGHEST: 89 ON 29,28 GRTST 24HR T ON 3- 3 TO 1/4 MILE OR LESS
LOWEST: 32 ON 23 3 = THUNDER
SNOW, ICE PELLETS, HAIL 4 = ICE PELLETS
TOTAL MONTH: M 5 = HAIL
GRTST 24HR M ON M 6 = FREEZING RAIN OR DRIZZLE
GRTST DEPTH: M ON M 7 = DUSTSTORM OR SANDSTORM:
VSBY 1/2 MILE OR LESS
8 = SMOKE OR HAZE
[NO. OF DAYS WITH] [WEATHER - DAYS WITH] 9 = BLOWING SNOW
X = TORNADO
MAX 32 OR BELOW: 0 0.01 INCH OR MORE: 0
MAX 90 OR ABOVE: 0 0.10 INCH OR MORE: 0
MIN 32 OR BELOW: 1 0.50 INCH OR MORE: 0
MIN 0 OR BELOW: 0 1.00 INCH OR MORE: 0
[HDD (BASE 65) ]
TOTAL THIS MO. 74 CLEAR (SCALE 0-3) 30
DPTR FM NORMAL -78 PTCLDY (SCALE 4-7) 1
TOTAL FM JUL 1 4610 CLOUDY (SCALE 8-10) 0
DPTR FM NORMAL -239
[CDD (BASE 65) ]
TOTAL THIS MO. 30
DPTR FM NORMAL -10 [PRESSURE DATA]
TOTAL FM JAN 1 30 HIGHEST SLP M ON M
DPTR FM NORMAL -11 LOWEST SLP 29.41 ON 2
[REMARKS]
#FINAL-05-21#