000
CXUS56 KPQR 011301
CF6SLE
PRELIMINARY LOCAL CLIMATOLOGICAL DATA (WS FORM: F-6)
STATION: SALEM OR
MONTH: FEBRUARY
YEAR: 2023
LATITUDE: 44 55 N
LONGITUDE: 123 0 W
TEMPERATURE IN F: :PCPN: SNOW: WIND :SUNSHINE: SKY :PK WND
================================================================================
1 2 3 4 5 6A 6B 7 8 9 10 11 12 13 14 15 16 17 18
12Z AVG MX 2MIN
DY MAX MIN AVG DEP HDD CDD WTR SNW DPTH SPD SPD DIR MIN PSBL S-S WX SPD DR
================================================================================
1 49 23 36 -7 29 0 0.00 M M 0.6 6 230 M M 0 1 8 240
2 45 23 34 -9 31 0 0.00 M M 1.8 8 350 M M 0 18 10 10
3 53 32 43 0 22 0 0.18 M M 9.6 26 180 M M 8 1 35 180
4 50 40 45 2 20 0 T M M 4.1 17 60 M M 8 19 60
5 49 39 44 1 21 0 0.29 M M 9.7 20 210 M M 9 1 26 210
6 50 38 44 1 21 0 T M M 8.7 18 180 M M 9 23 170
7 51 41 46 3 19 0 0.20 M M 10.6 24 180 M M 7 18 32 180
8 52 34 43 0 22 0 0.00 M M 4.6 10 130 M M 5 1 13 180
9 56 30 43 0 22 0 0.04 M M 4.7 17 190 M M 2 1 24 180
10 55 41 48 4 17 0 0.01 M M 6.8 13 180 M M 7 1 16 190
11 48 30 39 -5 26 0 0.00 M M 5.6 13 360 M M 5 1 17 340
12 46 29 38 -6 27 0 0.00 M M 2.7 12 140 M M 6 12 13 140
13 47 35 41 -3 24 0 0.21 M M 8.9 24 300 M M 8 1 33 270
14 45 31 38 -6 27 0 0.05 M M 4.6 18 190 M M 8 1 23 190
15 46 25 36 -8 29 0 0.00 M M 2.3 10 330 M M 0 1 13 320
16 47 28 38 -6 27 0 0.00 M M 1.8 7 210 M M 3 1 9 210
17 56 33 45 1 20 0 0.00 M M 3.7 12 150 M M 8 12 150
18 54 40 47 3 18 0 T M M 6.2 15 310 M M 10 18 310
19 52 37 45 1 20 0 0.00 M M 4.2 13 190 M M 10 15 210
20 54 42 48 4 17 0 0.01 M M 10.9 21 200 M M 8 1 27 200
21 47 35 41 -3 24 0 0.22 M M 9.3 23 300 M M 8 1 31 290
22 39 33 36 -9 29 0 0.44 M M 12.9 21 170 M M 10 1 29 180
23 36 24 30 -15 35 0 0.16 M M 11.3 18 130 M M 7 18 23 130
24 38 23 31 -14 34 0 0.00 M M 13.1 23 350 M M 0 29 360
25 45 20 33 -12 32 0 T M M 3.5 16 180 M M 1 20 170
26 43 34 39 -6 26 0 0.47 M M 10.1 28 180 M M 10 18 38 190
27 48 34 41 -4 24 0 0.11 M M 11.9 28 180 M M 9 18 37 200
28 44 32 38 -8 27 0 0.45 M M 7.0 18 200 M M 9 18 23 210
================================================================================
SM 1345 906 690 0 2.84 M 191.2 M 175
================================================================================
AV 48.0 32.4 6.8 FASTST M M 6 MAX(MPH)
MISC ----> # 28 180 38 190
================================================================================
NOTES:
# LAST OF SEVERAL OCCURRENCES
COLUMN 17 PEAK WIND IN M.P.H.
PRELIMINARY LOCAL CLIMATOLOGICAL DATA (WS FORM: F-6) , PAGE 2
STATION: SALEM OR
MONTH: FEBRUARY
YEAR: 2023
LATITUDE: 44 55 N
LONGITUDE: 123 0 W
[TEMPERATURE DATA] [PRECIPITATION DATA] SYMBOLS USED IN COLUMN 16
AVERAGE MONTHLY: 40.2 TOTAL FOR MONTH: 2.84 1 = FOG OR MIST
DPTR FM NORMAL: -3.8 DPTR FM NORMAL: -1.70 2 = FOG REDUCING VISIBILITY
HIGHEST: 56 ON 17, 9 GRTST 24HR 0.59 ON 22-23 TO 1/4 MILE OR LESS
LOWEST: 20 ON 25 3 = THUNDER
SNOW, ICE PELLETS, HAIL 4 = ICE PELLETS
TOTAL MONTH: M 5 = HAIL
GRTST 24HR M ON M 6 = FREEZING RAIN OR DRIZZLE
GRTST DEPTH: M ON M 7 = DUSTSTORM OR SANDSTORM:
VSBY 1/2 MILE OR LESS
8 = SMOKE OR HAZE
[NO. OF DAYS WITH] [WEATHER - DAYS WITH] 9 = BLOWING SNOW
X = TORNADO
MAX 32 OR BELOW: 0 0.01 INCH OR MORE: 14
MAX 90 OR ABOVE: 0 0.10 INCH OR MORE: 10
MIN 32 OR BELOW: 13 0.50 INCH OR MORE: 0
MIN 0 OR BELOW: 0 1.00 INCH OR MORE: 0
[HDD (BASE 65) ]
TOTAL THIS MO. 690 CLEAR (SCALE 0-3) 6
DPTR FM NORMAL 102 PTCLDY (SCALE 4-7) 11
TOTAL FM JUL 1 3028 CLOUDY (SCALE 8-10) 11
DPTR FM NORMAL -14
[CDD (BASE 65) ]
TOTAL THIS MO. 0
DPTR FM NORMAL 0 [PRESSURE DATA]
TOTAL FM JAN 1 0 HIGHEST SLP 30.54 ON 6
DPTR FM NORMAL 0 LOWEST SLP 29.39 ON 27
[REMARKS]
#FINAL-02-23#