000
CXUS56 KPQR 011201
CF6SLE
PRELIMINARY LOCAL CLIMATOLOGICAL DATA (WS FORM: F-6)
STATION: SALEM OR
MONTH: FEBRUARY
YEAR: 2024
LATITUDE: 44 55 N
LONGITUDE: 123 0 W
TEMPERATURE IN F: :PCPN: SNOW: WIND :SUNSHINE: SKY :PK WND
================================================================================
1 2 3 4 5 6A 6B 7 8 9 10 11 12 13 14 15 16 17 18
12Z AVG MX 2MIN
DY MAX MIN AVG DEP HDD CDD WTR SNW DPTH SPD SPD DIR MIN PSBL S-S WX SPD DR
================================================================================
1 60 46 53 10 12 0 T M M 8.1 23 170 M M 7 28 190
2 55 36 46 3 19 0 0.04 M M 8.8 20 200 M M 6 25 220
3 55 30 43 0 22 0 0.00 M M 1.9 7 30 M M 1 1 10 100
4 54 28 41 -2 24 0 T M M 5.3 15 360 M M 5 12 19 350
5 49 43 46 3 19 0 0.35 M M 4.4 9 280 M M 10 1 11 180
6 52 43 48 5 17 0 T M M 3.6 9 300 M M 10 11 280
7 51 40 46 3 19 0 0.02 M M 3.5 9 280 M M 10 1 11 60
8 51 38 45 2 20 0 T M M 3.6 14 290 M M 8 19 280
9 46 40 43 0 22 0 0.15 M M 5.2 10 170 M M 10 1 12 170
10 54 35 45 1 20 0 T M M 0.9 7 170 M M 5 1 8 190
11 55 40 48 4 17 0 0.07 M M 9.7 20 180 M M 8 1 26 180
12 53 35 44 0 21 0 0.00 M M 5.0 14 190 M M 6 1 18 190
13 44 33 39 -5 26 0 0.00 M M 2.6 9 120 M M 9 12 11 120
14 50 35 43 -1 22 0 0.40 M M 5.1 24 170 M M 10 1 32 180
15 51 40 46 2 19 0 0.29 M M 10.0 30 170 M M 10 1 39 180
16 47 37 42 -2 23 0 0.01 M M 8.6 16 360 M M 4 20 350
17 45 39 42 -2 23 0 0.16 M M 8.3 15 340 M M 10 1 19 340
18 50 39 45 1 20 0 0.09 M M 4.1 12 340 M M 9 1 13 340
19 53 42 48 4 17 0 0.10 M M 4.9 15 360 M M 9 17 360
20 53 39 46 2 19 0 0.37 M M 2.6 14 220 M M 8 1 15 270
21 52 46 49 5 16 0 0.27 M M 10.6 18 180 M M 10 1 25 190
22 60 42 51 6 14 0 0.01 M M 2.9 9 360 M M 5 1 11 360
23 60 35 48 3 17 0 0.00 M M 1.9 9 350 M M 0 1 13 40
24 57 35 46 1 19 0 0.00 M M 2.2 9 20 M M 3 12 13 20
25 53 42 48 3 17 0 0.33 M M 8.8 21 210 M M 10 18 26 210
26 47 35 41 -4 24 0 0.16 M M 8.2 26 270 M M 8 18 40 280
27 47 35 41 -4 24 0 0.03 M M 12.6 24 180 M M 8 1 32 180
28 53 47 50 4 15 0 0.61 M M 18.9 26 170 M M 10 1 38 170
29 51 34 43 -3 22 0 1.36 M M 12.4 26 180 M M 10 1 36 170
================================================================================
SM 1508 1109 569 0 4.82 M 184.7 M 219
================================================================================
AV 52.0 38.2 6.4 FASTST M M 8 MAX(MPH)
MISC ----> 30 170 40 280
================================================================================
NOTES:
# LAST OF SEVERAL OCCURRENCES
COLUMN 17 PEAK WIND IN M.P.H.
PRELIMINARY LOCAL CLIMATOLOGICAL DATA (WS FORM: F-6) , PAGE 2
STATION: SALEM OR
MONTH: FEBRUARY
YEAR: 2024
LATITUDE: 44 55 N
LONGITUDE: 123 0 W
[TEMPERATURE DATA] [PRECIPITATION DATA] SYMBOLS USED IN COLUMN 16
AVERAGE MONTHLY: 45.1 TOTAL FOR MONTH: 4.82 1 = FOG OR MIST
DPTR FM NORMAL: 1.1 DPTR FM NORMAL: 0.28 2 = FOG REDUCING VISIBILITY
HIGHEST: 60 ON 23,22 GRTST 24HR 1.67 ON 28-29 TO 1/4 MILE OR LESS
LOWEST: 28 ON 4 3 = THUNDER
SNOW, ICE PELLETS, HAIL 4 = ICE PELLETS
TOTAL MONTH: M 5 = HAIL
GRTST 24HR M ON M 6 = FREEZING RAIN OR DRIZZLE
GRTST DEPTH: M ON M 7 = DUSTSTORM OR SANDSTORM:
VSBY 1/2 MILE OR LESS
8 = SMOKE OR HAZE
[NO. OF DAYS WITH] [WEATHER - DAYS WITH] 9 = BLOWING SNOW
X = TORNADO
MAX 32 OR BELOW: 0 0.01 INCH OR MORE: 19
MAX 90 OR ABOVE: 0 0.10 INCH OR MORE: 12
MIN 32 OR BELOW: 2 0.50 INCH OR MORE: 2
MIN 0 OR BELOW: 0 1.00 INCH OR MORE: 1
[HDD (BASE 65) ]
TOTAL THIS MO. 569 CLEAR (SCALE 0-3) 3
DPTR FM NORMAL -19 PTCLDY (SCALE 4-7) 9
TOTAL FM JUL 1 2860 CLOUDY (SCALE 8-10) 17
DPTR FM NORMAL -220
[CDD (BASE 65) ]
TOTAL THIS MO. 0
DPTR FM NORMAL 0 [PRESSURE DATA]
TOTAL FM JAN 1 0 HIGHEST SLP 30.33 ON 23
DPTR FM NORMAL 0 LOWEST SLP 29.38 ON 5
[REMARKS]
#FINAL-02-24#