000
CXUS56 KPQR 011155
CF6SLE
PRELIMINARY LOCAL CLIMATOLOGICAL DATA (WS FORM: F-6)
STATION: SALEM OR
MONTH: MAY
YEAR: 2021
LATITUDE: 44 55 N
LONGITUDE: 123 0 W
TEMPERATURE IN F: :PCPN: SNOW: WIND :SUNSHINE: SKY :PK WND
================================================================================
1 2 3 4 5 6A 6B 7 8 9 10 11 12 13 14 15 16 17 18
12Z AVG MX 2MIN
DY MAX MIN AVG DEP HDD CDD WTR SNW DPTH SPD SPD DIR MIN PSBL S-S WX SPD DR
================================================================================
1 60 50 55 1 10 0 0.22 M M 7.2 16 360 M M 10 1 22 360
2 68 47 58 3 7 0 T M M 4.6 15 310 M M 7 20 290
3 69 46 58 3 7 0 0.03 M M 4.1 14 310 M M 8 17 320
4 70 51 61 6 4 0 0.00 M M 5.5 14 30 M M 5 20 360
5 80 47 64 8 1 0 0.00 M M 3.7 10 30 M M 0 13 40
6 64 48 56 0 9 0 0.02 M M 8.9 18 250 M M 6 8 26 210
7 61 41 51 -5 14 0 0.08 M M 9.0 18 290 M M 4 8 24 280
8 63 36 50 -6 15 0 0.00 M M 4.6 15 310 M M 6 19 310
9 68 47 58 2 7 0 0.00 M M 5.3 13 320 M M 8 17 320
10 72 47 60 3 5 0 0.00 M M 7.4 17 10 M M 3 20 10
11 77 44 61 4 4 0 0.00 M M 7.0 16 10 M M 0 20 20
12 81 45 63 6 2 0 0.00 M M 5.5 14 310 M M 0 17 20
13 82 49 66 9 0 1 0.00 M M 7.1 16 360 M M 0 20 360
14 83 54 69 11 0 4 0.00 M M 6.8 20 340 M M 0 25 340
15 82 45 64 6 1 0 0.00 M M 5.9 17 360 M M 0 23 280
16 84 47 66 8 0 1 0.00 M M 4.9 18 290 M M 0 23 280
17 69 47 58 0 7 0 T M M 7.4 24 250 M M 7 30 250
18 65 48 57 -1 8 0 0.00 M M 9.1 18 250 M M 4 25 240
19 60 43 52 -6 13 0 0.09 M M 4.9 24 340 M M 6 28 10
20 61 44 53 -6 12 0 0.14 M M 6.9 21 280 M M 7 29 270
21 66 41 54 -5 11 0 0.00 M M 3.9 13 310 M M 6 17 310
22 72 45 59 0 6 0 0.00 M M 4.9 17 280 M M 6 22 280
23 66 49 58 -1 7 0 0.01 M M 7.6 17 230 M M 9 21 240
24 65 52 59 0 6 0 0.16 M M 6.8 18 180 M M 10 18 23 180
25 64 54 59 0 6 0 0.06 M M 6.4 17 290 M M 10 18 20 290
26 75 45 60 0 5 0 0.00 M M 4.8 15 180 M M 2 22 250
27 65 50 58 -2 7 0 0.13 M M 12.8 25 250 M M 8 18 34 230
28 71 48 60 0 5 0 0.00 M M 7.8 20 350 M M 4 26 30
29 82 47 65 5 0 0 0.00 M M 5.7 15 310 M M 0 17 310
30 86 51 69 9 0 4 0.00 M M 4.4 13 320 M M 0 17 340
31 90 52 71 11 0 6 0.00 M M 5.1 14 20 M M 0 20 50
================================================================================
SM 2221 1460 179 16 0.94 M 196.0 M 136
================================================================================
AV 71.6 47.1 6.3 FASTST M M 4 MAX(MPH)
MISC ----> 25 250 34 230
================================================================================
NOTES:
# LAST OF SEVERAL OCCURRENCES
COLUMN 17 PEAK WIND IN M.P.H.
PRELIMINARY LOCAL CLIMATOLOGICAL DATA (WS FORM: F-6) , PAGE 2
STATION: SALEM OR
MONTH: MAY
YEAR: 2021
LATITUDE: 44 55 N
LONGITUDE: 123 0 W
[TEMPERATURE DATA] [PRECIPITATION DATA] SYMBOLS USED IN COLUMN 16
AVERAGE MONTHLY: 59.4 TOTAL FOR MONTH: 0.94 1 = FOG OR MIST
DPTR FM NORMAL: 1.7 DPTR FM NORMAL: -1.31 2 = FOG REDUCING VISIBILITY
HIGHEST: 90 ON 31 GRTST 24HR 0.70 ON 30- 1 TO 1/4 MILE OR LESS
LOWEST: 36 ON 8 3 = THUNDER
SNOW, ICE PELLETS, HAIL 4 = ICE PELLETS
TOTAL MONTH: M 5 = HAIL
GRTST 24HR M ON M 6 = FREEZING RAIN OR DRIZZLE
GRTST DEPTH: M ON M 7 = DUSTSTORM OR SANDSTORM:
VSBY 1/2 MILE OR LESS
8 = SMOKE OR HAZE
[NO. OF DAYS WITH] [WEATHER - DAYS WITH] 9 = BLOWING SNOW
X = TORNADO
MAX 32 OR BELOW: 0 0.01 INCH OR MORE: 10
MAX 90 OR ABOVE: 1 0.10 INCH OR MORE: 4
MIN 32 OR BELOW: 0 0.50 INCH OR MORE: 0
MIN 0 OR BELOW: 0 1.00 INCH OR MORE: 0
[HDD (BASE 65) ]
TOTAL THIS MO. 179 CLEAR (SCALE 0-3) 11
DPTR FM NORMAL -60 PTCLDY (SCALE 4-7) 15
TOTAL FM JUL 1 4172 CLOUDY (SCALE 8-10) 5
DPTR FM NORMAL -61
[CDD (BASE 65) ]
TOTAL THIS MO. 16
DPTR FM NORMAL 5 [PRESSURE DATA]
TOTAL FM JAN 1 16 HIGHEST SLP 30.43 ON 8
DPTR FM NORMAL 4 LOWEST SLP 29.80 ON 5
[REMARKS]
#FINAL-05-21#